{"id":9578,"date":"2026-03-08T16:00:47","date_gmt":"2026-03-08T16:00:47","guid":{"rendered":"https:\/\/rockkofertas.com.es\/index.php\/producto\/b0d734yw7n\/"},"modified":"2026-03-08T16:00:47","modified_gmt":"2026-03-08T16:00:47","slug":"b0d734yw7n","status":"publish","type":"product","link":"https:\/\/rockkofertas.com.es\/index.php\/producto\/b0d734yw7n\/","title":{"rendered":"B0D734YW7N"},"content":{"rendered":"<p>&#8211; CUCHILLO UTILITARIO DAMASCO PROFESIONAL: Este cuchillo ultra afilado y de tama\u00f1o manejable es un cuchillo de cocina multiusos, perfecto para rebanar queso y picar frutas y verduras, que es el todoterreno para la cocina dom\u00e9stica.<br \/>\n&#8211; ACERO SUPER DAMASCO: El elegante cuchillo multiusos est\u00e1 fabricado con acero inoxidable de alto carbono Damasco profesional de 67 capas y n\u00facleo de acero VG 10 con una dureza de 61 HRC para una mayor resistencia a la corrosi\u00f3n y una notable durabilidad.<br \/>\n&#8211; RETENCI\u00d3N ULTRA AFILADA DEL filo: El filo de doble cara est\u00e1 afilado a mano por artesanos experimentados hasta el \u00e1ngulo de 12\u00b0-15\u00b0 por lado, no s\u00f3lo puede controlar con precisi\u00f3n los detalles de corte como los cuchillos de trinchar, sino que tambi\u00e9n puede conseguir un afilado duradero.<br \/>\n&#8211; MANGO ERGON\u00d3MICO DE MADERA DE OLIVA: Este elegante mango de madera est\u00e1 hecho de preciosa madera natural de olivo, un material reutilizable. El mango ergon\u00f3mico de olivo es antideslizante y se adapta al agarre de la mayor\u00eda de las personas. Tambi\u00e9n mejora la precisi\u00f3n y minimiza la fatiga, el entumecimiento de los dedos o el dolor durante la preparaci\u00f3n de los alimentos.<br \/>\n&#8211; ACABADO LAVADO A LA PIEDRA Y PROCEDIMIENTO DE \u00d3XIDO NEGRO: Un cuchillo tradicional con un toque moderno, cuenta con un acabado stonewashed y hoja de \u00f3xido negro que es resistente a los ara\u00f1azos, extremadamente resistente a la corrosi\u00f3n y el \u00f3xido, y nunca pierde su color anterior. Con un equilibrio preciso, excelente peso y un dise\u00f1o imponente, nuestro cuchillo ser\u00e1 su mejor elecci\u00f3n.<\/p>\n","protected":false},"excerpt":{"rendered":"<p>hecef Cuchillo Cocina Damaco 12.7 CM, Cuchillo Utilidad Profesional para cortar carne, jamonero, rutas y verduras &#8211; 67 Capas de Acero Damasco con Mango de Madera de Olivo<br \/>\n#Publicidad <span class=\"read-more\"><a class=\"more-link btn btn-transparent\" href=\"https:\/\/rockkofertas.com.es\/index.php\/producto\/b0d734yw7n\/\">Leer m\u00e1s&#8230;<\/a><\/span><\/p>\n","protected":false},"featured_media":9577,"comment_status":"open","ping_status":"closed","template":"","meta":[],"product_cat":[15],"product_tag":[],"class_list":{"0":"post-9578","1":"product","2":"type-product","3":"status-publish","4":"has-post-thumbnail","6":"product_cat-sin-categorizar","8":"first","9":"instock","10":"shipping-taxable","11":"product-type-external"},"_links":{"self":[{"href":"https:\/\/rockkofertas.com.es\/index.php\/wp-json\/wp\/v2\/product\/9578","targetHints":{"allow":["GET"]}}],"collection":[{"href":"https:\/\/rockkofertas.com.es\/index.php\/wp-json\/wp\/v2\/product"}],"about":[{"href":"https:\/\/rockkofertas.com.es\/index.php\/wp-json\/wp\/v2\/types\/product"}],"replies":[{"embeddable":true,"href":"https:\/\/rockkofertas.com.es\/index.php\/wp-json\/wp\/v2\/comments?post=9578"}],"wp:featuredmedia":[{"embeddable":true,"href":"https:\/\/rockkofertas.com.es\/index.php\/wp-json\/wp\/v2\/media\/9577"}],"wp:attachment":[{"href":"https:\/\/rockkofertas.com.es\/index.php\/wp-json\/wp\/v2\/media?parent=9578"}],"wp:term":[{"taxonomy":"product_cat","embeddable":true,"href":"https:\/\/rockkofertas.com.es\/index.php\/wp-json\/wp\/v2\/product_cat?post=9578"},{"taxonomy":"product_tag","embeddable":true,"href":"https:\/\/rockkofertas.com.es\/index.php\/wp-json\/wp\/v2\/product_tag?post=9578"}],"curies":[{"name":"wp","href":"https:\/\/api.w.org\/{rel}","templated":true}]}}