{"id":9440,"date":"2026-03-03T16:00:46","date_gmt":"2026-03-03T16:00:46","guid":{"rendered":"https:\/\/rockkofertas.com.es\/index.php\/producto\/b09pqtmsts-3\/"},"modified":"2026-03-03T16:00:46","modified_gmt":"2026-03-03T16:00:46","slug":"b09pqtmsts-3","status":"publish","type":"product","link":"https:\/\/rockkofertas.com.es\/index.php\/producto\/b09pqtmsts-3\/","title":{"rendered":"B09PQTMSTS"},"content":{"rendered":"<p>&#8211; Gran capacidad de 45 litros: mochila militar t\u00e1ctica que mide 45 cm x 30 cm x 20 cm y una capacidad razonable de 45 litros puede acomodar todo su equipo esencial. Los compartimentos de almacenamiento internos de m\u00faltiples capas grandes pueden acomodar una gran cantidad de equipos para actividades al aire libre y tambi\u00e9n satisfacer sus necesidades diarias de viaje. Gran \u00e1rea de velcro, puede pegar cualquier parche que desee. 1 parche de bandera americana (se puede quitar).<br \/>\n&#8211; Materiales de alta calidad: la mochila militar est\u00e1 hecha de poli\u00e9ster 900D, la mochila t\u00e1ctica de asalto est\u00e1 reforzada y con doble costura en todos los puntos de tensi\u00f3n. Es duradero y robusto y nuestro revestimiento especial hace que nuestra mochila de entrenamiento sea impermeable y resistente a los ara\u00f1azos.<br \/>\n&#8211; Sistema Molle: el dise\u00f1o de las correas Molle cortadas con l\u00e1ser hace que esta mochila t\u00e1ctica sea especial. Utiliza un sistema de suspensi\u00f3n MOLLE de corte l\u00e1ser de doble capa que puede acomodar todo tipo de bolsas t\u00e1cticas. Est\u00e1 dise\u00f1ado para ser utilizado en combinaci\u00f3n con otros equipos, como hervidor de agua, bolsa de walkie-talkie, bolsa de primeros auxilios y bolsillo para linterna.<br \/>\n&#8211; M\u00faltiples compartimentos: dise\u00f1ado con 5 compartimentos para guardar varias cosas: dos bolsillos delanteros para art\u00edculos peque\u00f1os, dos compartimentos grandes con bolsillo integrado con cremallera y bolsillo de malla para suministros grandes e importantes, compartimento exclusivo para port\u00e1til o dispositivo (17 pulgadas), ej\u00e9rcito militar. La mochila se abre y se coloca plana a 180 grados para facilitar el embalaje o desembalaje.<br \/>\n&#8211; Comodidad y funci\u00f3n: esta mochila deportiva para ejercicios cuenta con correas acolchadas con doble costura y un panel trasero de malla para mayor comodidad, ventilaci\u00f3n y resistencia durante el viaje. Cremallera bidireccional de marca de alta calidad, todos los compartimentos tienen aberturas bidireccionales para un f\u00e1cil acceso. Correas de cadera f\u00e1cilmente ajustables para que el cintur\u00f3n abdominal no se deslice a trav\u00e9s de las hebillas. Cientos de usos, incluyendo como mochila de asalto, mochila de supervivencia, mochila militar y mochila de caza.<\/p>\n","protected":false},"excerpt":{"rendered":"<p>Delgeo Mochila Tactica 45L Militar,Gran Capacidad 45 * 30 * 20cm Mochila,Plegable Impermeable Mochila Para Monta\u00f1ismo,Senderismo,Camping y Viajes<br \/>\n#Publicidad <span class=\"read-more\"><a class=\"more-link btn btn-transparent\" href=\"https:\/\/rockkofertas.com.es\/index.php\/producto\/b09pqtmsts-3\/\">Leer m\u00e1s&#8230;<\/a><\/span><\/p>\n","protected":false},"featured_media":9439,"comment_status":"open","ping_status":"closed","template":"","meta":[],"product_cat":[15],"product_tag":[],"class_list":{"0":"post-9440","1":"product","2":"type-product","3":"status-publish","4":"has-post-thumbnail","6":"product_cat-sin-categorizar","8":"first","9":"instock","10":"shipping-taxable","11":"product-type-external"},"_links":{"self":[{"href":"https:\/\/rockkofertas.com.es\/index.php\/wp-json\/wp\/v2\/product\/9440","targetHints":{"allow":["GET"]}}],"collection":[{"href":"https:\/\/rockkofertas.com.es\/index.php\/wp-json\/wp\/v2\/product"}],"about":[{"href":"https:\/\/rockkofertas.com.es\/index.php\/wp-json\/wp\/v2\/types\/product"}],"replies":[{"embeddable":true,"href":"https:\/\/rockkofertas.com.es\/index.php\/wp-json\/wp\/v2\/comments?post=9440"}],"wp:featuredmedia":[{"embeddable":true,"href":"https:\/\/rockkofertas.com.es\/index.php\/wp-json\/wp\/v2\/media\/9439"}],"wp:attachment":[{"href":"https:\/\/rockkofertas.com.es\/index.php\/wp-json\/wp\/v2\/media?parent=9440"}],"wp:term":[{"taxonomy":"product_cat","embeddable":true,"href":"https:\/\/rockkofertas.com.es\/index.php\/wp-json\/wp\/v2\/product_cat?post=9440"},{"taxonomy":"product_tag","embeddable":true,"href":"https:\/\/rockkofertas.com.es\/index.php\/wp-json\/wp\/v2\/product_tag?post=9440"}],"curies":[{"name":"wp","href":"https:\/\/api.w.org\/{rel}","templated":true}]}}