{"id":8651,"date":"2026-01-25T16:00:44","date_gmt":"2026-01-25T16:00:44","guid":{"rendered":"https:\/\/rockkofertas.com.es\/index.php\/producto\/b0d9y2jp3p\/"},"modified":"2026-01-25T16:00:44","modified_gmt":"2026-01-25T16:00:44","slug":"b0d9y2jp3p","status":"publish","type":"product","link":"https:\/\/rockkofertas.com.es\/index.php\/producto\/b0d9y2jp3p\/","title":{"rendered":"B0D9Y2JP3P"},"content":{"rendered":"<p>&#8211; \u3010Radio DAB\/DAB+\/FM\u3011: Radio DAB dispone de funciones de b\u00fasqueda de emisoras totalmente autom\u00e1ticas y manuales para buscar r\u00e1pidamente sus emisoras favoritas, con una recepci\u00f3n de se\u00f1al estable para garantizarle el mejor rendimiento de la radio digital.<br \/>\n&#8211; \u3010Pantalla LCD y 60 emisoras presintonizadas\u3011: Esta radio FM portatil es f\u00e1cil de manejar, puede almacenar hasta 60 emisoras (30 DAB\/30 FM) y la pantalla LCD de 2,4\u00bb le permite saber exactamente lo que est\u00e1 escuchando.<br \/>\n&#8211; \u3010Temporizador de apagado y despertador dual\u3011: Puedes elegir tus emisoras DAB y FM favoritas como tonos de llamada, programados para los d\u00edas laborables y los fines de semana respectivamente. Puedes programar un temporizador para dormir de 15 a 120 minutos, y cuando se acabe el tiempo, la radio se apagar\u00e1 autom\u00e1ticamente.<br \/>\n&#8211; \u3010Bluetooth y calidad de sonido HiFi\u3011: Esta radio digital soporta la funci\u00f3n Bluetooth, puede conectar su tel\u00e9fono m\u00f3vil, tableta u otros dispositivos Bluetooth. Puede reproducir sus canciones favoritas despu\u00e9s de conectar con \u00e9xito a Bluetooth, y con una toma de auriculares de 3,5 mm, se puede disfrutar de calidad de sonido HiFi por s\u00ed mismo.<br \/>\n&#8211; \u3010Gran bater\u00eda recargable\u3011: Radio DAB portatil tiene una bater\u00eda incorporada que dura hasta 8 horas. Ya sea en la cocina, en el jard\u00edn, de picnic o de viaje, radio portatil peque\u00f1a recargable es el compa\u00f1ero perfecto y hace un gran regalo para amigos y familiares.<br \/>\n&#8211; Nota: \u00a1no admite conexi\u00f3n de auriculares Bluetooth!<\/p>\n","protected":false},"excerpt":{"rendered":"<p>Arafuna Radio Dab, Radio Port\u00e1til Peque\u00f1a con 60 Presinton\u00edas, Radio Port\u00e1til Peque\u00f1a Recargable con Pantalla LCD De 2,4, Conexi\u00f3n MicroSD\/TF\/AUX, Despertador Doble, Temporizador De Apagado<br \/>\n#Publicidad <span class=\"read-more\"><a class=\"more-link btn btn-transparent\" href=\"https:\/\/rockkofertas.com.es\/index.php\/producto\/b0d9y2jp3p\/\">Leer m\u00e1s&#8230;<\/a><\/span><\/p>\n","protected":false},"featured_media":8650,"comment_status":"open","ping_status":"closed","template":"","meta":[],"product_cat":[15],"product_tag":[],"class_list":{"0":"post-8651","1":"product","2":"type-product","3":"status-publish","4":"has-post-thumbnail","6":"product_cat-sin-categorizar","8":"first","9":"instock","10":"shipping-taxable","11":"product-type-external"},"_links":{"self":[{"href":"https:\/\/rockkofertas.com.es\/index.php\/wp-json\/wp\/v2\/product\/8651","targetHints":{"allow":["GET"]}}],"collection":[{"href":"https:\/\/rockkofertas.com.es\/index.php\/wp-json\/wp\/v2\/product"}],"about":[{"href":"https:\/\/rockkofertas.com.es\/index.php\/wp-json\/wp\/v2\/types\/product"}],"replies":[{"embeddable":true,"href":"https:\/\/rockkofertas.com.es\/index.php\/wp-json\/wp\/v2\/comments?post=8651"}],"wp:featuredmedia":[{"embeddable":true,"href":"https:\/\/rockkofertas.com.es\/index.php\/wp-json\/wp\/v2\/media\/8650"}],"wp:attachment":[{"href":"https:\/\/rockkofertas.com.es\/index.php\/wp-json\/wp\/v2\/media?parent=8651"}],"wp:term":[{"taxonomy":"product_cat","embeddable":true,"href":"https:\/\/rockkofertas.com.es\/index.php\/wp-json\/wp\/v2\/product_cat?post=8651"},{"taxonomy":"product_tag","embeddable":true,"href":"https:\/\/rockkofertas.com.es\/index.php\/wp-json\/wp\/v2\/product_tag?post=8651"}],"curies":[{"name":"wp","href":"https:\/\/api.w.org\/{rel}","templated":true}]}}