{"id":8481,"date":"2026-01-16T08:00:38","date_gmt":"2026-01-16T08:00:38","guid":{"rendered":"https:\/\/rockkofertas.com.es\/index.php\/producto\/b08wkcd19k\/"},"modified":"2026-01-16T08:00:38","modified_gmt":"2026-01-16T08:00:38","slug":"b08wkcd19k","status":"publish","type":"product","link":"https:\/\/rockkofertas.com.es\/index.php\/producto\/b08wkcd19k\/","title":{"rendered":"B08WKCD19K"},"content":{"rendered":"<p>&#8211; Peluche musical personalizable con m\u00fasica, luces y movimientos relajantes<br \/>\n&#8211; La barriguita del Koala se mueve hacia arriba y hacia abajo en un movimiento r\u00edtmico, como si respirase de verdad, para ayudar a calmar y reconfortar al beb\u00e9<br \/>\n&#8211; Elige entre 15, 30 o 45 minutos de relajaci\u00f3n, m\u00e1s 3 opciones de color de luz, m\u00fasica o sonidos calmantes, y control de volumen<br \/>\n&#8211; Peluche extramullido lavable a m\u00e1quina (debe retirarse antes la unidad electr\u00f3nica) con orejas satinadas y detalles bordados<br \/>\n&#8211; Para beb\u00e9s a partir del nacimiento<\/p>\n","protected":false},"excerpt":{"rendered":"<p>Fisher-Price Koala Hora de Dormir, juguete de cuna y peluche para beb\u00e9 reci\u00e9n nacido (Mattel HBP87)<br \/>\n#Publicidad <span class=\"read-more\"><a class=\"more-link btn btn-transparent\" href=\"https:\/\/rockkofertas.com.es\/index.php\/producto\/b08wkcd19k\/\">Leer m\u00e1s&#8230;<\/a><\/span><\/p>\n","protected":false},"featured_media":8480,"comment_status":"open","ping_status":"closed","template":"","meta":[],"product_cat":[15],"product_tag":[],"class_list":{"0":"post-8481","1":"product","2":"type-product","3":"status-publish","4":"has-post-thumbnail","6":"product_cat-sin-categorizar","8":"first","9":"instock","10":"shipping-taxable","11":"product-type-external"},"_links":{"self":[{"href":"https:\/\/rockkofertas.com.es\/index.php\/wp-json\/wp\/v2\/product\/8481","targetHints":{"allow":["GET"]}}],"collection":[{"href":"https:\/\/rockkofertas.com.es\/index.php\/wp-json\/wp\/v2\/product"}],"about":[{"href":"https:\/\/rockkofertas.com.es\/index.php\/wp-json\/wp\/v2\/types\/product"}],"replies":[{"embeddable":true,"href":"https:\/\/rockkofertas.com.es\/index.php\/wp-json\/wp\/v2\/comments?post=8481"}],"wp:featuredmedia":[{"embeddable":true,"href":"https:\/\/rockkofertas.com.es\/index.php\/wp-json\/wp\/v2\/media\/8480"}],"wp:attachment":[{"href":"https:\/\/rockkofertas.com.es\/index.php\/wp-json\/wp\/v2\/media?parent=8481"}],"wp:term":[{"taxonomy":"product_cat","embeddable":true,"href":"https:\/\/rockkofertas.com.es\/index.php\/wp-json\/wp\/v2\/product_cat?post=8481"},{"taxonomy":"product_tag","embeddable":true,"href":"https:\/\/rockkofertas.com.es\/index.php\/wp-json\/wp\/v2\/product_tag?post=8481"}],"curies":[{"name":"wp","href":"https:\/\/api.w.org\/{rel}","templated":true}]}}