{"id":8413,"date":"2026-01-13T11:16:51","date_gmt":"2026-01-13T11:16:51","guid":{"rendered":"https:\/\/rockkofertas.com.es\/index.php\/producto\/b0dln8f5ch-2\/"},"modified":"2026-01-13T11:16:51","modified_gmt":"2026-01-13T11:16:51","slug":"b0dln8f5ch-2","status":"publish","type":"product","link":"https:\/\/rockkofertas.com.es\/index.php\/producto\/b0dln8f5ch-2\/","title":{"rendered":"B0DLN8F5CH"},"content":{"rendered":"<p>&#8211; \u2764\ufe0f Alta Precisi\u00f3n y Monitoreo de la Frecuencia Card\u00edaca &#8211; El tensiometro de brazo utiliza un nuevo chip y un algoritmo de promedio m\u00e1s cient\u00edfico para calcular los datos promedio midiendo m\u00faltiples conjuntos de datos para finalmente obtener el valor de la presi\u00f3n arterial para evitar desviaciones. Un tensiometro de mu\u00f1eca tambi\u00e9n puede reflejar la salud del cuerpo de manera m\u00e1s cient\u00edfica al combinar los valores de frecuencia card\u00edaca y los valores de presi\u00f3n arterial<br \/>\n&#8211; \u2764\ufe0f Gran Pantalla Retroiluminada &#8211; El medidor tension arterial utiliza una gran pantalla LCD en blanco y negro, y la delicada capa de protecci\u00f3n ocular en blanco y negro hace que los n\u00fameros sean claros, brillantes y sin deslumbramiento, lo que es m\u00e1s amigable para las personas mayores.De d\u00eda o de noche, el tensi\u00f3metro proporciona lecturas claras y precisas para su salud<br \/>\n&#8211; \u2764\ufe0f Modo de Doble Usuario y 198 Registros &#8211; El tensi\u00f3metro de brazo puede registrar los datos de medici\u00f3n de dos usuarios por separado y admite la visualizaci\u00f3n de hasta 198 registros (99 registros por persona), lo que favorece el seguimiento de los cambios en la presi\u00f3n arterial del cuerpo y proporciona una referencia m\u00e1s completa para la salud f\u00edsica mediante la comparaci\u00f3n de registros hist\u00f3ricos<br \/>\n&#8211; \u2764\ufe0f Dise\u00f1o de Manguito Ajustable &#8211; Este manguito de presi\u00f3n arterial suave y de amplio rango est\u00e1 dise\u00f1ado para proporcionar una experiencia de medici\u00f3n m\u00e1s c\u00f3moda. El brazalete se ajusta a la parte superior del brazo con una circunferencia de 22-42 cm\/8,7-16,5 pulgadas, lo que lo hace perfecto para personas con diferentes niveles de obesidad. La tecnolog\u00eda de presurizaci\u00f3n inteligente puede reducir la incomodidad y la tensi\u00f3n causadas por el inflado excesivo<br \/>\n&#8211; \u2764\ufe0f Dos Modos de Carga &#8211; El medidor de tension arterial brazo puede funcionar con 4 pilas AA o un cable de carga tipo C (incluido), por lo que puede cargarlo incluso mientras viaja con una toma de computadora, un cargador de autom\u00f3vil y m\u00e1s. El juego de tensiometro de brazo digital contiene 1 * monitor de presi\u00f3n arterial, 1 * manguito de presi\u00f3n arterial, 1 * cable de carga tipo C, 1 * manual del usuario (instrucciones de uso incluidas)<\/p>\n","protected":false},"excerpt":{"rendered":"<p>Tensiometro de Brazo Digital, Medidor Tension Arterial Profesional, Aparato Tension Arterial con Pantalla LCD HD, Se Pueden Registrar 2 x 99 Datos de Usuario,Cable de Carga de Bater\u00eda AA\/Tipo-C<br \/>#Publicidad <span class=\"read-more\"><a class=\"more-link btn btn-transparent\" href=\"https:\/\/rockkofertas.com.es\/index.php\/producto\/b0dln8f5ch-2\/\">Leer m\u00e1s&#8230;<\/a><\/span><\/p>\n","protected":false},"featured_media":8412,"comment_status":"open","ping_status":"closed","template":"","meta":[],"product_cat":[15],"product_tag":[],"class_list":{"0":"post-8413","1":"product","2":"type-product","3":"status-publish","4":"has-post-thumbnail","6":"product_cat-sin-categorizar","8":"first","9":"instock","10":"shipping-taxable","11":"product-type-external"},"_links":{"self":[{"href":"https:\/\/rockkofertas.com.es\/index.php\/wp-json\/wp\/v2\/product\/8413","targetHints":{"allow":["GET"]}}],"collection":[{"href":"https:\/\/rockkofertas.com.es\/index.php\/wp-json\/wp\/v2\/product"}],"about":[{"href":"https:\/\/rockkofertas.com.es\/index.php\/wp-json\/wp\/v2\/types\/product"}],"replies":[{"embeddable":true,"href":"https:\/\/rockkofertas.com.es\/index.php\/wp-json\/wp\/v2\/comments?post=8413"}],"wp:featuredmedia":[{"embeddable":true,"href":"https:\/\/rockkofertas.com.es\/index.php\/wp-json\/wp\/v2\/media\/8412"}],"wp:attachment":[{"href":"https:\/\/rockkofertas.com.es\/index.php\/wp-json\/wp\/v2\/media?parent=8413"}],"wp:term":[{"taxonomy":"product_cat","embeddable":true,"href":"https:\/\/rockkofertas.com.es\/index.php\/wp-json\/wp\/v2\/product_cat?post=8413"},{"taxonomy":"product_tag","embeddable":true,"href":"https:\/\/rockkofertas.com.es\/index.php\/wp-json\/wp\/v2\/product_tag?post=8413"}],"curies":[{"name":"wp","href":"https:\/\/api.w.org\/{rel}","templated":true}]}}