{"id":8397,"date":"2026-01-12T18:34:25","date_gmt":"2026-01-12T18:34:25","guid":{"rendered":"https:\/\/rockkofertas.com.es\/index.php\/producto\/b0gdqjgzjp\/"},"modified":"2026-01-12T18:34:25","modified_gmt":"2026-01-12T18:34:25","slug":"b0gdqjgzjp","status":"publish","type":"product","link":"https:\/\/rockkofertas.com.es\/index.php\/producto\/b0gdqjgzjp\/","title":{"rendered":"B0GDQJGZJP"},"content":{"rendered":"<p>&#8211; \u3010Ecol\u00f3gico y de larga duraci\u00f3n\u3011 Nos preocupamos por su seguridad y el medio ambiente. Nuestro repelente ultras\u00f3nico para ratones es no t\u00f3xico, inodoro y no emite radiaci\u00f3n, lo que lo hace seguro para su familia. Equipado con sensores inteligentes, nuestro repelente de ratones detecta roedores y se activa autom\u00e1ticamente, as\u00ed que aseg\u00farese de mantener conectado el repelente ultras\u00f3nico para ratones durante m\u00e1s de 4 semanas para garantizar que los ratones se mantengan alejados d\u00eda y noche.<br \/>\n&#8211; \u3010Amplia \u00e1rea de cobertura\u3011Este sistema de microchip repelente de insectos ultras\u00f3nico es adecuado para un \u00e1rea de 20-600 metros cuadrados. Dado que el ultrasonido no puede penetrar paredes y objetos s\u00f3lidos, se recomienda colocar uno en una habitaci\u00f3n. En \u00e1reas donde las plagas graves son graves, se requieren unidades adicionales.Adecuado para sala de estar, dormitorio, cocina, tienda, hogar, almac\u00e9n, garaje, apartamento, cobertizo, inquilino, etc.<br \/>\n&#8211; \u3010\u00daltima tecnolog\u00eda de chip ultras\u00f3nico\u3011 utiliza el \u00faltimo chip ultras\u00f3nico para atacar el sistema auditivo y nervioso de ratones, insectos, mosquitos, cucarachas, ratones, hormigas, ara\u00f1as, grillos, zorros, pulgas, moscas, insectos y mantenerlos alejados de tu casa, para que no se atrevieran a acercarse a tu casa.<br \/>\n&#8211; \u3010Bueno y barato\u3011 Los desviadores son demasiado caros, las trampas para ratones o los dispositivos de pegamento son demasiado crueles y peligrosos para nuestros ni\u00f1os y mascotas. Este repelente de insectos electr\u00f3nico es amigable tanto para los humanos como para nuestras adorables mascotas, como perros y gatos. Use ultrasonido para repeler plagas y ratones en lugar de matarlos.<br \/>\n&#8211; \u3010Servicio excelente\u3011Trabajamos incansablemente para mejorar nuestro repelente de insectos ultras\u00f3nico para asegurarnos de que ofrecemos productos de mejor calidad, duraderos y c\u00f3modos. Ofrecemos un servicio en l\u00ednea las 24 horas y una vida \u00fatil de 6 meses. Si tiene alguna pregunta, p\u00f3ngase en contacto con nosotros. \u00a1Ven a probarlo!<\/p>\n","protected":false},"excerpt":{"rendered":"<p>Ultrasonido para Ratones, 2025 Repelente para murci\u00e9lago, ultrasonidos Ardilla y cucarachas, 360 \u00b0 con luz LED, Repelente ultras\u00f3nico para Ratones Plug-in cucarachas Anti par\u00e1sitos para jard\u00edn<br \/>#Publicidad <span class=\"read-more\"><a class=\"more-link btn btn-transparent\" href=\"https:\/\/rockkofertas.com.es\/index.php\/producto\/b0gdqjgzjp\/\">Leer m\u00e1s&#8230;<\/a><\/span><\/p>\n","protected":false},"featured_media":8396,"comment_status":"open","ping_status":"closed","template":"","meta":[],"product_cat":[15],"product_tag":[],"class_list":{"0":"post-8397","1":"product","2":"type-product","3":"status-publish","4":"has-post-thumbnail","6":"product_cat-sin-categorizar","8":"first","9":"instock","10":"shipping-taxable","11":"product-type-external"},"_links":{"self":[{"href":"https:\/\/rockkofertas.com.es\/index.php\/wp-json\/wp\/v2\/product\/8397","targetHints":{"allow":["GET"]}}],"collection":[{"href":"https:\/\/rockkofertas.com.es\/index.php\/wp-json\/wp\/v2\/product"}],"about":[{"href":"https:\/\/rockkofertas.com.es\/index.php\/wp-json\/wp\/v2\/types\/product"}],"replies":[{"embeddable":true,"href":"https:\/\/rockkofertas.com.es\/index.php\/wp-json\/wp\/v2\/comments?post=8397"}],"wp:featuredmedia":[{"embeddable":true,"href":"https:\/\/rockkofertas.com.es\/index.php\/wp-json\/wp\/v2\/media\/8396"}],"wp:attachment":[{"href":"https:\/\/rockkofertas.com.es\/index.php\/wp-json\/wp\/v2\/media?parent=8397"}],"wp:term":[{"taxonomy":"product_cat","embeddable":true,"href":"https:\/\/rockkofertas.com.es\/index.php\/wp-json\/wp\/v2\/product_cat?post=8397"},{"taxonomy":"product_tag","embeddable":true,"href":"https:\/\/rockkofertas.com.es\/index.php\/wp-json\/wp\/v2\/product_tag?post=8397"}],"curies":[{"name":"wp","href":"https:\/\/api.w.org\/{rel}","templated":true}]}}