{"id":8229,"date":"2026-01-04T16:00:39","date_gmt":"2026-01-04T16:00:39","guid":{"rendered":"https:\/\/rockkofertas.com.es\/index.php\/producto\/b09b8m6898\/"},"modified":"2026-01-04T16:00:39","modified_gmt":"2026-01-04T16:00:39","slug":"b09b8m6898","status":"publish","type":"product","link":"https:\/\/rockkofertas.com.es\/index.php\/producto\/b09b8m6898\/","title":{"rendered":"B09B8M6898"},"content":{"rendered":"<p>&#8211; M\u00f3vil motorizado que puede colocarse en una cuna o convertirse en una m\u00e1quina de sobremesa con sonidos y luz nocturna para acompa\u00f1ar al beb\u00e9 mientras crece<br \/>\n&#8211; La lista de reproducci\u00f3n de 20 minutos de m\u00fasica y sonidos Ready, Settle, Sleep, el motor silencioso y las luces tenues ayudan a que el beb\u00e9 se duerma<br \/>\n&#8211; \u00a1Se reinicia sin molestar al beb\u00e9! Cuando el beb\u00e9 hace alg\u00fan ruido, el sensor activa autom\u00e1ticamente el m\u00f3vil sobre su cabeza<br \/>\n&#8211; Elegante m\u00f3vil con nubes de peluche que tienen gotas de lluvia de colores para estimular la habilidad de seguimiento visual<br \/>\n&#8211; Pensado para cunas de beb\u00e9s de 0 a 5 meses. El dispositivo de sobremesa se recomienda para beb\u00e9s de m\u00e1s de 5 meses (el m\u00f3vil no es apto para usarlo en parques ni en cunas con dosel o cubierta).<\/p>\n","protected":false},"excerpt":{"rendered":"<p>Fisher-price<br \/>\n#Publicidad <span class=\"read-more\"><a class=\"more-link btn btn-transparent\" href=\"https:\/\/rockkofertas.com.es\/index.php\/producto\/b09b8m6898\/\">Leer m\u00e1s&#8230;<\/a><\/span><\/p>\n","protected":false},"featured_media":8228,"comment_status":"open","ping_status":"closed","template":"","meta":[],"product_cat":[15],"product_tag":[],"class_list":{"0":"post-8229","1":"product","2":"type-product","3":"status-publish","4":"has-post-thumbnail","6":"product_cat-sin-categorizar","8":"first","9":"instock","10":"shipping-taxable","11":"product-type-external"},"_links":{"self":[{"href":"https:\/\/rockkofertas.com.es\/index.php\/wp-json\/wp\/v2\/product\/8229","targetHints":{"allow":["GET"]}}],"collection":[{"href":"https:\/\/rockkofertas.com.es\/index.php\/wp-json\/wp\/v2\/product"}],"about":[{"href":"https:\/\/rockkofertas.com.es\/index.php\/wp-json\/wp\/v2\/types\/product"}],"replies":[{"embeddable":true,"href":"https:\/\/rockkofertas.com.es\/index.php\/wp-json\/wp\/v2\/comments?post=8229"}],"wp:featuredmedia":[{"embeddable":true,"href":"https:\/\/rockkofertas.com.es\/index.php\/wp-json\/wp\/v2\/media\/8228"}],"wp:attachment":[{"href":"https:\/\/rockkofertas.com.es\/index.php\/wp-json\/wp\/v2\/media?parent=8229"}],"wp:term":[{"taxonomy":"product_cat","embeddable":true,"href":"https:\/\/rockkofertas.com.es\/index.php\/wp-json\/wp\/v2\/product_cat?post=8229"},{"taxonomy":"product_tag","embeddable":true,"href":"https:\/\/rockkofertas.com.es\/index.php\/wp-json\/wp\/v2\/product_tag?post=8229"}],"curies":[{"name":"wp","href":"https:\/\/api.w.org\/{rel}","templated":true}]}}