{"id":8225,"date":"2026-01-04T08:07:13","date_gmt":"2026-01-04T08:07:13","guid":{"rendered":"https:\/\/rockkofertas.com.es\/index.php\/producto\/b0fj52pmvc\/"},"modified":"2026-01-04T08:07:13","modified_gmt":"2026-01-04T08:07:13","slug":"b0fj52pmvc","status":"publish","type":"product","link":"https:\/\/rockkofertas.com.es\/index.php\/producto\/b0fj52pmvc\/","title":{"rendered":"B0FJ52PMVC"},"content":{"rendered":"<p>&#8211; Dise\u00f1o ligero y compacto: El mini altavoz Bluetooth es compacto y adecuado para su uso durante el trabajo y los deportes.<br \/>\n&#8211; Tiempo de reproducci\u00f3n de 12 horas: el altavoz Bluetooth port\u00e1til ofrece 12 horas de reproducci\u00f3n durante todo el d\u00eda y carga r\u00e1pida tipo C.<br \/>\n&#8211; Excelente calidad de sonido: este altavoz Bluetooth ofrece un audio potente que llena sin esfuerzo toda la habitaci\u00f3n, proporcionando una experiencia auditiva excepcional.<br \/>\n&#8211; Bluetooth 5.4 avanzado con amplia compatibilidad: este altavoz Bluetooth compacto cuenta con el \u00faltimo chip Bluetooth 5.4, que ofrece un mayor alcance de transmisi\u00f3n y una mayor resistencia a las interferencias.<br \/>\n&#8211; IPX7 a prueba de agua: el altavoz Bluetooth para exteriores utiliza la \u00faltima tecnolog\u00eda de nano-recubrimiento para proteger los componentes internos de los l\u00edquidos.<\/p>\n","protected":false},"excerpt":{"rendered":"<p>Tiksounds Altavoz Bluetooth Port\u00e1til Peque\u00f1o, Mini Altavoz Bluetooth 5.4, Bueno para M\u00fasica y Llamadas Manos Libres, Estanqueidad IPX7, 12 Horas de Bajo Est\u00e9reo, Bueno para Trabajar, Caminar, Correr<br \/>#Publicidad <span class=\"read-more\"><a class=\"more-link btn btn-transparent\" href=\"https:\/\/rockkofertas.com.es\/index.php\/producto\/b0fj52pmvc\/\">Leer m\u00e1s&#8230;<\/a><\/span><\/p>\n","protected":false},"featured_media":8224,"comment_status":"open","ping_status":"closed","template":"","meta":[],"product_cat":[15],"product_tag":[],"class_list":{"0":"post-8225","1":"product","2":"type-product","3":"status-publish","4":"has-post-thumbnail","6":"product_cat-sin-categorizar","8":"first","9":"instock","10":"shipping-taxable","11":"product-type-external"},"_links":{"self":[{"href":"https:\/\/rockkofertas.com.es\/index.php\/wp-json\/wp\/v2\/product\/8225","targetHints":{"allow":["GET"]}}],"collection":[{"href":"https:\/\/rockkofertas.com.es\/index.php\/wp-json\/wp\/v2\/product"}],"about":[{"href":"https:\/\/rockkofertas.com.es\/index.php\/wp-json\/wp\/v2\/types\/product"}],"replies":[{"embeddable":true,"href":"https:\/\/rockkofertas.com.es\/index.php\/wp-json\/wp\/v2\/comments?post=8225"}],"wp:featuredmedia":[{"embeddable":true,"href":"https:\/\/rockkofertas.com.es\/index.php\/wp-json\/wp\/v2\/media\/8224"}],"wp:attachment":[{"href":"https:\/\/rockkofertas.com.es\/index.php\/wp-json\/wp\/v2\/media?parent=8225"}],"wp:term":[{"taxonomy":"product_cat","embeddable":true,"href":"https:\/\/rockkofertas.com.es\/index.php\/wp-json\/wp\/v2\/product_cat?post=8225"},{"taxonomy":"product_tag","embeddable":true,"href":"https:\/\/rockkofertas.com.es\/index.php\/wp-json\/wp\/v2\/product_tag?post=8225"}],"curies":[{"name":"wp","href":"https:\/\/api.w.org\/{rel}","templated":true}]}}