{"id":8179,"date":"2025-12-30T20:00:43","date_gmt":"2025-12-30T20:00:43","guid":{"rendered":"https:\/\/rockkofertas.com.es\/index.php\/producto\/b0d8tf5ptf\/"},"modified":"2025-12-30T20:00:43","modified_gmt":"2025-12-30T20:00:43","slug":"b0d8tf5ptf","status":"publish","type":"product","link":"https:\/\/rockkofertas.com.es\/index.php\/producto\/b0d8tf5ptf\/","title":{"rendered":"B0D8TF5PTF"},"content":{"rendered":"<p>&#8211; Estructura de capas atadas: el soporte de guitarra de la serie GS-L cuenta con una innovadora estructura escalonada, lo que permite una visualizaci\u00f3n segura y estable de 3 guitarras simult\u00e1neamente. Las capas escalonadas muestran tus guitarras tanto en la parte delantera como en la trasera, asegurando la seguridad. La amortiguaci\u00f3n suave e inerte de EVA en las superficies de contacto evita ara\u00f1azos, y la base antideslizante mantiene la estabilidad en las alfombras<br \/>\n&#8211; Soporte de guitarra: en la versi\u00f3n m\u00e1s reciente, se utiliza tablero de madera contrachapada, lo que hace que el soporte sea m\u00e1s resistente. El soporte de guitarra de la serie GS-L sigue ofreciendo una mayor durabilidad y m\u00e1xima estabilidad. El grano de madera natural a\u00f1ade atractivo est\u00e9tico. Una vez instalado correctamente, no tienes que preocuparte por el \u00f3xido o el tambaleo como los soportes de metal.<br \/>\n&#8211; Ahorro de espacio: el innovador dise\u00f1o en capas optimiza el uso del espacio y ofrece una excelente exhibici\u00f3n para colecciones de guitarras. Di adi\u00f3s a los suelos desordenados, convirtiendo tu hogar o estudio en una exhibici\u00f3n de m\u00fasica ordenada y visualmente llamativa. Dise\u00f1ado para artistas y coleccionistas, este soporte de guitarra es tu eficiente organizador de instrumentos<br \/>\n&#8211; Dise\u00f1ado para m\u00faltiples guitarras: L-3EW dise\u00f1ado para usuarios de guitarra el\u00e9ctrica, adecuado para la mayor\u00eda de guitarras el\u00e9ctricas regulares o bajos como ST, LP, SG, etc. (*Nota: algunas guitarras el\u00e9ctricas irregulares pueden no encajar)<br \/>\n&#8211; F\u00e1cil de instalar, regalo ideal: viene con un simple destornillador y accesorios, cada parte preperforada para una f\u00e1cil instalaci\u00f3n. Ya sea para amigos o uso personal, es un regalo significativo para accesorios de guitarra<\/p>\n","protected":false},"excerpt":{"rendered":"<p>STRICH Soporte de guitarra de madera para m\u00faltiples guitarras, 3 soportes, pantalla frontal que ahorra espacio, soporte para guitarra de piso para el hogar, estudio, escenario, color nogal, L-3EW<br \/>\n#Publicidad <span class=\"read-more\"><a class=\"more-link btn btn-transparent\" href=\"https:\/\/rockkofertas.com.es\/index.php\/producto\/b0d8tf5ptf\/\">Leer m\u00e1s&#8230;<\/a><\/span><\/p>\n","protected":false},"featured_media":8178,"comment_status":"open","ping_status":"closed","template":"","meta":[],"product_cat":[15],"product_tag":[],"class_list":{"0":"post-8179","1":"product","2":"type-product","3":"status-publish","4":"has-post-thumbnail","6":"product_cat-sin-categorizar","8":"first","9":"instock","10":"shipping-taxable","11":"product-type-external"},"_links":{"self":[{"href":"https:\/\/rockkofertas.com.es\/index.php\/wp-json\/wp\/v2\/product\/8179","targetHints":{"allow":["GET"]}}],"collection":[{"href":"https:\/\/rockkofertas.com.es\/index.php\/wp-json\/wp\/v2\/product"}],"about":[{"href":"https:\/\/rockkofertas.com.es\/index.php\/wp-json\/wp\/v2\/types\/product"}],"replies":[{"embeddable":true,"href":"https:\/\/rockkofertas.com.es\/index.php\/wp-json\/wp\/v2\/comments?post=8179"}],"wp:featuredmedia":[{"embeddable":true,"href":"https:\/\/rockkofertas.com.es\/index.php\/wp-json\/wp\/v2\/media\/8178"}],"wp:attachment":[{"href":"https:\/\/rockkofertas.com.es\/index.php\/wp-json\/wp\/v2\/media?parent=8179"}],"wp:term":[{"taxonomy":"product_cat","embeddable":true,"href":"https:\/\/rockkofertas.com.es\/index.php\/wp-json\/wp\/v2\/product_cat?post=8179"},{"taxonomy":"product_tag","embeddable":true,"href":"https:\/\/rockkofertas.com.es\/index.php\/wp-json\/wp\/v2\/product_tag?post=8179"}],"curies":[{"name":"wp","href":"https:\/\/api.w.org\/{rel}","templated":true}]}}