{"id":8177,"date":"2025-12-30T16:47:17","date_gmt":"2025-12-30T16:47:17","guid":{"rendered":"https:\/\/rockkofertas.com.es\/index.php\/producto\/b0dr8pz3fv\/"},"modified":"2025-12-30T16:47:17","modified_gmt":"2025-12-30T16:47:17","slug":"b0dr8pz3fv","status":"publish","type":"product","link":"https:\/\/rockkofertas.com.es\/index.php\/producto\/b0dr8pz3fv\/","title":{"rendered":"B0DR8PZ3FV"},"content":{"rendered":"<p>&#8211; Regalo D\u00eda de la Madre \u2013 Bolso de mano de gamuza sint\u00e9tica para mujer, elegante y espacioso: Este bolso grande para mujer (38 x 36 x 12 cm) es perfecto para quienes buscan un bolso vers\u00e1til y de alta calidad. Con un dise\u00f1o moderno en gamuza sint\u00e9tica (imitaci\u00f3n de ante), es ideal para llevar al hombro o como bolso tote, ofreciendo un amplio espacio para tus pertenencias diarias<br \/>\n&#8211; Bolso grande mujer con compartimentos organizados: Este bolso shopper cuenta con un dise\u00f1o pr\u00e1ctico con cierre superior de cremallera que mantiene tus objetos seguros. En el interior incluye un bolsillo con cremallera y un bolsillo abierto, perfectos para mantener tus art\u00edculos personales bien organizados y accesibles tanto en tus viajes como en el d\u00eda a d\u00eda<br \/>\n&#8211; Bolso tote mujer de gran capacidad: Este bolso tote es perfecto para el trabajo, las compras o el uso diario. Su tama\u00f1o amplio y estructura resistente permiten llevar todos tus esenciales \u2014desde el port\u00e1til hasta documentos o productos de belleza\u2014 sin renunciar al estilo<br \/>\n&#8211; Bolso personalizado mujer, ideal para todas las ocasiones: Con su dise\u00f1o elegante y funcional, este bolso es ideal para cualquier ocasi\u00f3n, desde el trabajo hasta una salida de fin de semana. Su material en gamuza sint\u00e9tica le da un toque sofisticado y moderno, convirti\u00e9ndolo en una opci\u00f3n perfecta para quienes buscan un bolso con estilo propio<br \/>\n&#8211; Pr\u00e1ctico y c\u00f3modo bolso shopper para mujer: Gracias a su correa de 62 cm, puedes llevar este bolso grande de forma c\u00f3moda sobre el hombro o cruzado. Su dise\u00f1o suave pero resistente lo convierte en el compa\u00f1ero perfecto para todas tus actividades cotidianas, desde el trabajo hasta las compras<\/p>\n","protected":false},"excerpt":{"rendered":"<p>Gluckstar Bolso Shopper Mujer, Bolso Mujer Grande Tote Bag Bolsos para Universitarias, Bolso de Mano de Gamuza para el Trabajo, el D\u00eda a D\u00eda y las Compras, Marr\u00f3n<br \/>#Publicidad <span class=\"read-more\"><a class=\"more-link btn btn-transparent\" href=\"https:\/\/rockkofertas.com.es\/index.php\/producto\/b0dr8pz3fv\/\">Leer m\u00e1s&#8230;<\/a><\/span><\/p>\n","protected":false},"featured_media":8176,"comment_status":"open","ping_status":"closed","template":"","meta":[],"product_cat":[15],"product_tag":[],"class_list":{"0":"post-8177","1":"product","2":"type-product","3":"status-publish","4":"has-post-thumbnail","6":"product_cat-sin-categorizar","8":"first","9":"instock","10":"shipping-taxable","11":"product-type-external"},"_links":{"self":[{"href":"https:\/\/rockkofertas.com.es\/index.php\/wp-json\/wp\/v2\/product\/8177","targetHints":{"allow":["GET"]}}],"collection":[{"href":"https:\/\/rockkofertas.com.es\/index.php\/wp-json\/wp\/v2\/product"}],"about":[{"href":"https:\/\/rockkofertas.com.es\/index.php\/wp-json\/wp\/v2\/types\/product"}],"replies":[{"embeddable":true,"href":"https:\/\/rockkofertas.com.es\/index.php\/wp-json\/wp\/v2\/comments?post=8177"}],"wp:featuredmedia":[{"embeddable":true,"href":"https:\/\/rockkofertas.com.es\/index.php\/wp-json\/wp\/v2\/media\/8176"}],"wp:attachment":[{"href":"https:\/\/rockkofertas.com.es\/index.php\/wp-json\/wp\/v2\/media?parent=8177"}],"wp:term":[{"taxonomy":"product_cat","embeddable":true,"href":"https:\/\/rockkofertas.com.es\/index.php\/wp-json\/wp\/v2\/product_cat?post=8177"},{"taxonomy":"product_tag","embeddable":true,"href":"https:\/\/rockkofertas.com.es\/index.php\/wp-json\/wp\/v2\/product_tag?post=8177"}],"curies":[{"name":"wp","href":"https:\/\/api.w.org\/{rel}","templated":true}]}}