{"id":8175,"date":"2025-12-30T16:38:10","date_gmt":"2025-12-30T16:38:10","guid":{"rendered":"https:\/\/rockkofertas.com.es\/index.php\/producto\/b0gbmgwyxm\/"},"modified":"2025-12-30T16:38:10","modified_gmt":"2025-12-30T16:38:10","slug":"b0gbmgwyxm","status":"publish","type":"product","link":"https:\/\/rockkofertas.com.es\/index.php\/producto\/b0gbmgwyxm\/","title":{"rendered":"B0GBMGWYXM"},"content":{"rendered":"<p>&#8211; Tecnolog\u00eda ultras\u00f3nica avanzada: el repelente de ratones para interiores utiliza ondas ultras\u00f3nicas avanzadas que act\u00faan sobre el sistema nervioso auditivo y cerebral de los par\u00e1sitos, repeliendo eficazmente pulgas, cucarachas, ratones, insectos, mosquitos, hormigas, ara\u00f1as, chinches y otras plagas. El sistema inteligente multifrecuencia (10 kHz-65 kHz) impide que los animales se adapten a las ondas sonoras.<br \/>\n&#8211; 3 Modos de Uso &amp; Instalaci\u00f3n Instant\u00e1nea: Conectar a cualquier enchufe est\u00e1ndar, Seleccionar modo seg\u00fan tipo de plaga: Baja frecuencia (25-35kHz): Roedores, Frecuencia media (35-50kHz): Insectos rastreros, Alta frecuencia (50-65kHz): Insectos voladores, Luz nocturna azul indicadora de funcionamiento.<br \/>\n&#8211; Cobertura Amplia 150m\u00b2: Eficacia comprobada en dormitorios, cocinas, garajes y espacios hasta 150m\u00b2 (1600ft\u00b2), Posicionamiento ideal: 30-120cm del suelo en \u00e1rea central, Para infestaciones graves, Sugerimos instalar m\u00e1s repelentes para zonas con alima\u00f1as graves. En 2-3 semanas, notar\u00e1 una disminuci\u00f3n significativa de la actividad de las plagas.<br \/>\n&#8211; Seguro para ni\u00f1os y mascotas: Las ondas ultras\u00f3nicas s\u00f3lo tienen efecto sobre las plagas. El plug in ultras\u00f3nico repelente de roedores es seguro y amigable para ni\u00f1os, mujeres embarazadas y mascotas. No interfiere con los electrodom\u00e9sticos. El dispositivo electr\u00f3nico repelente de ratones protege a su familia y mantiene las plagas alejadas de su hogar de una forma sana y pac\u00edfica consiguiendo una defensa contra las plagas.<br \/>\n&#8211; Eficiencia Energ\u00e9tica: Consumo m\u00ednimo: 3.5W (\u22481\u20ac\/a\u00f1o), Nivel sonoro &lt;25dB (imperceptible), Modo nocturno con reducci\u00f3n autom\u00e1tica de frecuencia.<\/p>\n","protected":false},"excerpt":{"rendered":"<p>Tres Modos Repelente Ultras\u00f3nico Mosquitos, Control de Plagas para Moscas, Cucarachas, Ara\u00f1as, Hormigas, Ratas, Ratones e Insectos Dispositivo Antimosquitos Interior de Alta Potencia (2 Pack)<br \/>#Publicidad <span class=\"read-more\"><a class=\"more-link btn btn-transparent\" href=\"https:\/\/rockkofertas.com.es\/index.php\/producto\/b0gbmgwyxm\/\">Leer m\u00e1s&#8230;<\/a><\/span><\/p>\n","protected":false},"featured_media":8174,"comment_status":"open","ping_status":"closed","template":"","meta":[],"product_cat":[15],"product_tag":[],"class_list":{"0":"post-8175","1":"product","2":"type-product","3":"status-publish","4":"has-post-thumbnail","6":"product_cat-sin-categorizar","8":"first","9":"instock","10":"shipping-taxable","11":"product-type-external"},"_links":{"self":[{"href":"https:\/\/rockkofertas.com.es\/index.php\/wp-json\/wp\/v2\/product\/8175","targetHints":{"allow":["GET"]}}],"collection":[{"href":"https:\/\/rockkofertas.com.es\/index.php\/wp-json\/wp\/v2\/product"}],"about":[{"href":"https:\/\/rockkofertas.com.es\/index.php\/wp-json\/wp\/v2\/types\/product"}],"replies":[{"embeddable":true,"href":"https:\/\/rockkofertas.com.es\/index.php\/wp-json\/wp\/v2\/comments?post=8175"}],"wp:featuredmedia":[{"embeddable":true,"href":"https:\/\/rockkofertas.com.es\/index.php\/wp-json\/wp\/v2\/media\/8174"}],"wp:attachment":[{"href":"https:\/\/rockkofertas.com.es\/index.php\/wp-json\/wp\/v2\/media?parent=8175"}],"wp:term":[{"taxonomy":"product_cat","embeddable":true,"href":"https:\/\/rockkofertas.com.es\/index.php\/wp-json\/wp\/v2\/product_cat?post=8175"},{"taxonomy":"product_tag","embeddable":true,"href":"https:\/\/rockkofertas.com.es\/index.php\/wp-json\/wp\/v2\/product_tag?post=8175"}],"curies":[{"name":"wp","href":"https:\/\/api.w.org\/{rel}","templated":true}]}}