{"id":8131,"date":"2025-12-29T09:47:27","date_gmt":"2025-12-29T09:47:27","guid":{"rendered":"https:\/\/rockkofertas.com.es\/index.php\/producto\/b0fydlmrwd\/"},"modified":"2025-12-29T09:47:27","modified_gmt":"2025-12-29T09:47:27","slug":"b0fydlmrwd","status":"publish","type":"product","link":"https:\/\/rockkofertas.com.es\/index.php\/producto\/b0fydlmrwd\/","title":{"rendered":"B0FYDLMRWD"},"content":{"rendered":"<p>&#8211; \u3010Tr\u00edpode Estable Mejorado\u3011Con estructura tipo paraguas y base ancha para una estabilidad superior. Se convierte en un tr\u00edpode para m\u00f3vil de mesa o suelo en 1 segundo. \u00a1Olv\u00eddate de las fotos movidas en selfies de grupo!<br \/>\n&#8211; \u3010Gran Angular con 170 cm de Alcance\u3011Este palo selfie tripode para movil tiene 8 secciones que se extienden hasta 170 cm. Con 270\u00b0 de inclinaci\u00f3n y 360\u00b0 de rotaci\u00f3n, es ideal para capturar paisajes y grupos grandes.<br \/>\n&#8211; \u3010Compacto y Ultra Ligero\u3011\u00a1Solo 29 cm plegado y 282 g! Este pr\u00e1ctico tripe telemovel cabe en cualquier mochila. El tripode movil perfecto para viajes y d\u00eda a d\u00eda.<br \/>\n&#8211; \u3010Mando a Distancia Anti-P\u00e9rdida\u3011El palo selfie incluye un mando Bluetooth extra\u00edble con clip de seguridad. Controla la c\u00e1mara hasta 10 metros y ahorra energ\u00eda con el modo eficiente.<br \/>\n&#8211; \u30103 en 1 para Uso Multiusos\u3011Combina palo selfie, tr\u00edpode para m\u00f3vil y soporte. La pinza sujeta m\u00f3viles de 6-9 cm (pantallas 5.5-7.9&#8243;). Perfecto para crear v\u00eddeos, streams y viajes.<\/p>\n","protected":false},"excerpt":{"rendered":"<p>Palo Selfie y Tr\u00edpode para M\u00f3vil, 170cm Tripe Telemovel Port\u00e1til con Mando a Distancia, Compatible con iPhone\/Android<br \/>#Publicidad <span class=\"read-more\"><a class=\"more-link btn btn-transparent\" href=\"https:\/\/rockkofertas.com.es\/index.php\/producto\/b0fydlmrwd\/\">Leer m\u00e1s&#8230;<\/a><\/span><\/p>\n","protected":false},"featured_media":8130,"comment_status":"open","ping_status":"closed","template":"","meta":[],"product_cat":[15],"product_tag":[],"class_list":{"0":"post-8131","1":"product","2":"type-product","3":"status-publish","4":"has-post-thumbnail","6":"product_cat-sin-categorizar","8":"first","9":"instock","10":"shipping-taxable","11":"product-type-external"},"_links":{"self":[{"href":"https:\/\/rockkofertas.com.es\/index.php\/wp-json\/wp\/v2\/product\/8131","targetHints":{"allow":["GET"]}}],"collection":[{"href":"https:\/\/rockkofertas.com.es\/index.php\/wp-json\/wp\/v2\/product"}],"about":[{"href":"https:\/\/rockkofertas.com.es\/index.php\/wp-json\/wp\/v2\/types\/product"}],"replies":[{"embeddable":true,"href":"https:\/\/rockkofertas.com.es\/index.php\/wp-json\/wp\/v2\/comments?post=8131"}],"wp:featuredmedia":[{"embeddable":true,"href":"https:\/\/rockkofertas.com.es\/index.php\/wp-json\/wp\/v2\/media\/8130"}],"wp:attachment":[{"href":"https:\/\/rockkofertas.com.es\/index.php\/wp-json\/wp\/v2\/media?parent=8131"}],"wp:term":[{"taxonomy":"product_cat","embeddable":true,"href":"https:\/\/rockkofertas.com.es\/index.php\/wp-json\/wp\/v2\/product_cat?post=8131"},{"taxonomy":"product_tag","embeddable":true,"href":"https:\/\/rockkofertas.com.es\/index.php\/wp-json\/wp\/v2\/product_tag?post=8131"}],"curies":[{"name":"wp","href":"https:\/\/api.w.org\/{rel}","templated":true}]}}