{"id":8109,"date":"2025-12-28T17:05:08","date_gmt":"2025-12-28T17:05:08","guid":{"rendered":"https:\/\/rockkofertas.com.es\/index.php\/producto\/b0dp4rsc7y-8\/"},"modified":"2025-12-28T17:05:08","modified_gmt":"2025-12-28T17:05:08","slug":"b0dp4rsc7y-8","status":"publish","type":"product","link":"https:\/\/rockkofertas.com.es\/index.php\/producto\/b0dp4rsc7y-8\/","title":{"rendered":"B0DP4RSC7Y"},"content":{"rendered":"<p>&#8211; \u2705[vibradorador mujer juguetes er\u00f3ticos 3 en 1 controlado por aplicaci\u00f3n]: este vers\u00e1til juguete sexual femenino combina lamido de cl\u00edtoris, estimulaci\u00f3n del punto G y masaje vaginal en uno, brindando sensaciones intensas para un m\u00e1ximo placer. Con un simple control de la aplicaci\u00f3n, puede personalizar su experiencia eligiendo entre una variedad de modos de vibraci\u00f3n y modos de palmadas directamente en su tel\u00e9fono.<br \/>\n&#8211; \u2705[10 modos de lamido y palmada que estimulan el punto G]:Este vibrador te permite experimentar un placer \u00fanico en diferentes situaciones y satisface tus necesidades de estimulaci\u00f3n. Ya sea que prefieras vibraciones fuertes o lamidos delicados, este juguete para adultos te brindar\u00e1 la experiencia de placer definitiva. La funci\u00f3n dual de estimulaci\u00f3n del punto G y del cl\u00edtoris est\u00e1 especialmente dise\u00f1ada para mujeres, con puntos de estimulaci\u00f3n precisos y una forma elegante que localiza y estimula con precisi\u00f3n tus partes sensibles, ayud\u00e1ndote a alcanzar el orgasmo m\u00e1s f\u00e1cilmente y a mejorar tu calidad de vida sexual.<br \/>\n&#8211; \u2705[Vibraci\u00f3n dual para placer de cl\u00edtoris y cuerpo completo]:juguetes er\u00f3ticos para pareja\u2002sexuales de punto G para mujeres! \u00a1Estos vibradores orales redefinen las sensaciones y establecen est\u00e1ndares inigualables! 10 vibraciones oscilantes tentadoras te transportar\u00e1n a un mundo de orgasmos de \u00e9xtasis, mientras que la succi\u00f3n del cl\u00edtoris elevar\u00e1 tu placer a niveles sin precedentes. Explora 10 modos de provocaci\u00f3n que no solo despiertan tu punto G, sino que tambi\u00e9n acent\u00faan tu cl\u00edtoris, pezones y todas esas zonas er\u00f3genas sensibles. Mejora tu experiencia sexual y te acerca a un orgasmo intenso y satisfactorio.<br \/>\n&#8211; \u2705[Material de silicona l\u00edquida seguro para el cuerpo]: Experimenta el lujoso placer de nuestro vibrador con ventosa cuidadosamente elaborado, los juguetes sexuales para adultos est\u00e1n hechos de silicona l\u00edquida. A diferencia de los vibradores con ventosa para el punto G del cl\u00edtoris habituales, este juguete sexual para adultos proporciona una sensaci\u00f3n de sexo oral realista y una comodidad incomparable. Dise\u00f1ados espec\u00edficamente para mujeres, estos juguetes sexuales con consolador de empuje mejoran el realismo de la sensaci\u00f3n de cada lamido y succi\u00f3n del cl\u00edtoris. Lleva tus momentos \u00edntimos a nuevos niveles de placer y satisfacci\u00f3n con nuestras herramientas de placer sexual para mujeres<br \/>\n&#8211; \u2705[Impermeable, recargable por USB magn\u00e9tico]: Disfruta del lujo de nuestros juguetes sexuales para adultos de alta gama con certificaci\u00f3n IPX6 a prueba de agua, perfectos para un placer sin l\u00edmites en el ba\u00f1o. A diferencia de los vibradores convencionales, este juguete sexual femenino para adultos es muy f\u00e1cil de limpiar: solo enju\u00e1galo con agua. Nuestros juguetes para adultos cuentan con una pr\u00e1ctica funci\u00f3n de carga magn\u00e9tica. Con sus funciones de vibraci\u00f3n, lamido y oscilaci\u00f3n, te ayudan a obtener placer y disfrutar de una variedad de estimulaci\u00f3n sexual.<br \/>\n&#8211; \u2705[Embalaje discreto, protege la privacidad]: con un embalaje sencillo y discreto, aseg\u00farate de que tu privacidad est\u00e9 siempre protegida. Si tienes alguna pregunta o necesitas ayuda, nuestro amable equipo de atenci\u00f3n al cliente siempre est\u00e1 aqu\u00ed para ayudarte.<\/p>\n","protected":false},"excerpt":{"rendered":"<p>Vibradorador Mujer Juguetes Er\u00f3ticos Pareja Sexuales Estimulador de cl\u00edtoris y punto G con 10 modos de lamido y vibraci\u00f3n Consoladores.. para Mujer con Vibraci\u00f3n, juguetes er\u00f3ticos(Rosa Roja-1)<br \/>#Publicidad <span class=\"read-more\"><a class=\"more-link btn btn-transparent\" href=\"https:\/\/rockkofertas.com.es\/index.php\/producto\/b0dp4rsc7y-8\/\">Leer m\u00e1s&#8230;<\/a><\/span><\/p>\n","protected":false},"featured_media":8108,"comment_status":"open","ping_status":"closed","template":"","meta":[],"product_cat":[15],"product_tag":[],"class_list":{"0":"post-8109","1":"product","2":"type-product","3":"status-publish","4":"has-post-thumbnail","6":"product_cat-sin-categorizar","8":"first","9":"instock","10":"shipping-taxable","11":"product-type-external"},"_links":{"self":[{"href":"https:\/\/rockkofertas.com.es\/index.php\/wp-json\/wp\/v2\/product\/8109","targetHints":{"allow":["GET"]}}],"collection":[{"href":"https:\/\/rockkofertas.com.es\/index.php\/wp-json\/wp\/v2\/product"}],"about":[{"href":"https:\/\/rockkofertas.com.es\/index.php\/wp-json\/wp\/v2\/types\/product"}],"replies":[{"embeddable":true,"href":"https:\/\/rockkofertas.com.es\/index.php\/wp-json\/wp\/v2\/comments?post=8109"}],"wp:featuredmedia":[{"embeddable":true,"href":"https:\/\/rockkofertas.com.es\/index.php\/wp-json\/wp\/v2\/media\/8108"}],"wp:attachment":[{"href":"https:\/\/rockkofertas.com.es\/index.php\/wp-json\/wp\/v2\/media?parent=8109"}],"wp:term":[{"taxonomy":"product_cat","embeddable":true,"href":"https:\/\/rockkofertas.com.es\/index.php\/wp-json\/wp\/v2\/product_cat?post=8109"},{"taxonomy":"product_tag","embeddable":true,"href":"https:\/\/rockkofertas.com.es\/index.php\/wp-json\/wp\/v2\/product_tag?post=8109"}],"curies":[{"name":"wp","href":"https:\/\/api.w.org\/{rel}","templated":true}]}}