{"id":8107,"date":"2025-12-28T16:01:23","date_gmt":"2025-12-28T16:01:23","guid":{"rendered":"https:\/\/rockkofertas.com.es\/index.php\/producto\/b0ff43cjgh\/"},"modified":"2025-12-28T16:01:23","modified_gmt":"2025-12-28T16:01:23","slug":"b0ff43cjgh","status":"publish","type":"product","link":"https:\/\/rockkofertas.com.es\/index.php\/producto\/b0ff43cjgh\/","title":{"rendered":"B0FF43CJGH"},"content":{"rendered":"<p>&#8211; [Sistema de resistencia magn\u00e9tica mejorado]: Experimente una combinaci\u00f3n inigualable de suavidad y funcionamiento silencioso con la bicicleta est\u00e1tica plegable, que cuenta con 16 niveles de resistencia magn\u00e9tica. Ajuste la intensidad de su entrenamiento sin esfuerzo, permiti\u00e9ndole concentrarse en su viaje de fitness sin interrupciones.<br \/>\n&#8211; [Asientos y artesan\u00eda mejorados]: El producto ofrece una mejora significativa en la comodidad del asiento, ya que los usuarios informan de un ancho adecuado y una comodidad excepcional en comparaci\u00f3n con las bicicletas tradicionales. Adem\u00e1s, las mejoras en los materiales y el acabado contribuyen a una mayor durabilidad, evitando el desgaste y manteniendo un acabado vibrante y resistente a la decoloraci\u00f3n.<br \/>\n&#8211; [Monitor LCD interactivo]: Mantenga un seguimiento de su progreso con el monitor LCD de la bicicletas fitness magn\u00e9ticas MERACH. La pantalla electr\u00f3nica muestra m\u00e9tricas clave como tiempo, distancia, velocidad, calor\u00edas y frecuencia card\u00edaca. Con el soporte adicional para tablet, puede transmitir sus videos de fitness favoritos o acceder a gu\u00edas de entrenamiento adicionales. La bicicleta de ejercicio plegable MERACH es el complemento perfecto para su gimnasio en casa.<br \/>\n&#8211; [Bicicleta de entrenamiento corporal completo 4-en-1]: Transforme sus entrenamientos en casa con la bicicleta de indoor cycling plegable MERACH 4-en-1. Este dise\u00f1o innovador ofrece modos para ciclismo en posici\u00f3n vertical y reclinada, as\u00ed como ejercicios para los brazos y la espalda. Descubra varios modos de fitness para un entrenamiento personalizado que trabaja cada grupo muscular importante en su cuerpo.<br \/>\n&#8211; [Dimensiones y peso]: Fabricada en acero de alta calidad, nuestro erg\u00f3metro plegable soporta hasta 136 kg. Con un asiento ajustable en altura, es adecuado para personas de 132 cm a 180 cm. Dimensiones del producto: 95 L x 53 A x 116 H cm | Dimensiones del coj\u00edn del asiento: 23 L x 28 A x 6 H cm | Peso del producto: 18 kg.<br \/>\n&#8211; [Soporte de botella personalizado]: \u00a1No permita que la sed interrumpa su entrenamiento! La bicicleta de ejercicio MERACH est\u00e1 equipada con un pr\u00e1ctico soporte para botellas situado detr\u00e1s del asiento, para que tenga f\u00e1cil acceso a su botella de agua durante el entrenamiento. Mant\u00e9ngase fresco y con energ\u00eda mientras supera sus l\u00edmites y alcanza sus objetivos de fitness.<\/p>\n","protected":false},"excerpt":{"rendered":"<p>MERACH Bicicleta Est\u00e1tica Plegable 4 en 1, Bicicleta de Ejercicio con Monitor LCD y Medici\u00f3n de Pulso Manual, Bicicletas Fitness Magn\u00e9ticas con 16 Niveles, C\u00f3modo Coj\u00edn de Asiento, Ahorro de Espaci<br \/>\n#Publicidad <span class=\"read-more\"><a class=\"more-link btn btn-transparent\" href=\"https:\/\/rockkofertas.com.es\/index.php\/producto\/b0ff43cjgh\/\">Leer m\u00e1s&#8230;<\/a><\/span><\/p>\n","protected":false},"featured_media":8106,"comment_status":"open","ping_status":"closed","template":"","meta":[],"product_cat":[15],"product_tag":[],"class_list":{"0":"post-8107","1":"product","2":"type-product","3":"status-publish","4":"has-post-thumbnail","6":"product_cat-sin-categorizar","8":"first","9":"instock","10":"shipping-taxable","11":"product-type-external"},"_links":{"self":[{"href":"https:\/\/rockkofertas.com.es\/index.php\/wp-json\/wp\/v2\/product\/8107","targetHints":{"allow":["GET"]}}],"collection":[{"href":"https:\/\/rockkofertas.com.es\/index.php\/wp-json\/wp\/v2\/product"}],"about":[{"href":"https:\/\/rockkofertas.com.es\/index.php\/wp-json\/wp\/v2\/types\/product"}],"replies":[{"embeddable":true,"href":"https:\/\/rockkofertas.com.es\/index.php\/wp-json\/wp\/v2\/comments?post=8107"}],"wp:featuredmedia":[{"embeddable":true,"href":"https:\/\/rockkofertas.com.es\/index.php\/wp-json\/wp\/v2\/media\/8106"}],"wp:attachment":[{"href":"https:\/\/rockkofertas.com.es\/index.php\/wp-json\/wp\/v2\/media?parent=8107"}],"wp:term":[{"taxonomy":"product_cat","embeddable":true,"href":"https:\/\/rockkofertas.com.es\/index.php\/wp-json\/wp\/v2\/product_cat?post=8107"},{"taxonomy":"product_tag","embeddable":true,"href":"https:\/\/rockkofertas.com.es\/index.php\/wp-json\/wp\/v2\/product_tag?post=8107"}],"curies":[{"name":"wp","href":"https:\/\/api.w.org\/{rel}","templated":true}]}}