{"id":8105,"date":"2025-12-28T12:00:50","date_gmt":"2025-12-28T12:00:50","guid":{"rendered":"https:\/\/rockkofertas.com.es\/index.php\/producto\/b0btpprlv6\/"},"modified":"2025-12-28T12:00:50","modified_gmt":"2025-12-28T12:00:50","slug":"b0btpprlv6","status":"publish","type":"product","link":"https:\/\/rockkofertas.com.es\/index.php\/producto\/b0btpprlv6\/","title":{"rendered":"B0BTPPRLV6"},"content":{"rendered":"<p>&#8211; \u3010Conexi\u00f3n Inal\u00e1mbrica Estable de 2,4 GHz\u3011La tecnolog\u00eda inal\u00e1mbrica de 2,4 G garantiza una conexi\u00f3n estable y potente de hasta 15 M, lo que reduce el desorden de cables en el escritorio. Solo 1 receptor USB puede conectar f\u00e1cilmente el mouse y el teclado, sin ocupar m\u00faltiples puertos USB (el receptor USB se encuentra en la parte inferior del inal\u00e1mbrico raton)<br \/>\n&#8211; \u3010Dise\u00f1o Ergon\u00f3mico\u3011El teclado wireless ultrafino adopta la estructura de teclas de tijera, proporciona una escritura flexible, una sensaci\u00f3n c\u00f3moda y un control preciso. El teclado inal\u00e1mbrico mini con cancelaci\u00f3n de ruido y el mouse silencioso est\u00e1n dise\u00f1ados ergon\u00f3micamente para garantizar un entorno silencioso y reducir la fatiga y el dolor de las manos<br \/>\n&#8211; \u3010Compacto y Ahorro de Energ\u00eda\u3011 El conjunto de pack teclado y mouse usb es peque\u00f1o y compacto, ahorra espacio y tambi\u00e9n es f\u00e1cil de transportar, perfecto para el hogar, la oficina y los viajes. Cuando el mini teclado y raton inal\u00e1mbrico espa\u00f1ol y el mouse no est\u00e1n en uso, ingresan al modo de suspensi\u00f3n para ahorrar energ\u00eda (presione cualquier tecla para activarse)<br \/>\n&#8211; \u30103 DPI Ajustables\u3011 El rat\u00f3n silencioso tiene 3 niveles de DPI ajustables (1600\/1200\/800). Eres libre de cambiar la velocidad del mouse y adaptarla a tus necesidades diarias. Los botones del teclado y raton portatil han resistido m\u00e1s de 8 millones de pruebas repetidas y son duraderos<br \/>\n&#8211; \u301012 Accesos Directos Eficientes\u3011El teclado ordenador est\u00e1 equipado con 12 teclas de acceso r\u00e1pido para mayor comodidad, lo que le permite acceder r\u00e1pidamente a m\u00fasica, pel\u00edculas, correo electr\u00f3nico, calculadora, volumen, reproducci\u00f3n\/pausa y m\u00e1s<br \/>\n&#8211; \u3010Amplia Compatibilidad y Servicio Confiable\u3011El combo de mouse y teclado inal\u00e1mbrico de TECKNET es compatible con Windows 11\/10\/8\/7\/2000\/XP, funciona con computadoras port\u00e1tiles, computadoras de escritorio, Chrome Books\uff08No recomendado para tabletas\uff09. Tanto el teclado silencioso inalambrico &amp; rat\u00f3n requieren 2 pilas AAA (no incluidas). Junto con el teclado y raton, obtendr\u00e1 una soporte de 36 MESES (solo registro) y un servicio al cliente amigable<\/p>\n","protected":false},"excerpt":{"rendered":"<p>Mini Teclado y Raton Inal\u00e1mbrico Ultra Delgado, TECKNET 2.4G Ergon\u00f3mico Teclado, Toque Silencioso, Distancia de Rrabajo de 15 M, Port\u00e1til Teclado y Mouse per PC\/Smart TV\/Ordenador (Espa\u00f1ol,con la \u00d1)<br \/>\n#Publicidad <span class=\"read-more\"><a class=\"more-link btn btn-transparent\" href=\"https:\/\/rockkofertas.com.es\/index.php\/producto\/b0btpprlv6\/\">Leer m\u00e1s&#8230;<\/a><\/span><\/p>\n","protected":false},"featured_media":8104,"comment_status":"open","ping_status":"closed","template":"","meta":[],"product_cat":[15],"product_tag":[],"class_list":{"0":"post-8105","1":"product","2":"type-product","3":"status-publish","4":"has-post-thumbnail","6":"product_cat-sin-categorizar","8":"first","9":"instock","10":"shipping-taxable","11":"product-type-external"},"_links":{"self":[{"href":"https:\/\/rockkofertas.com.es\/index.php\/wp-json\/wp\/v2\/product\/8105","targetHints":{"allow":["GET"]}}],"collection":[{"href":"https:\/\/rockkofertas.com.es\/index.php\/wp-json\/wp\/v2\/product"}],"about":[{"href":"https:\/\/rockkofertas.com.es\/index.php\/wp-json\/wp\/v2\/types\/product"}],"replies":[{"embeddable":true,"href":"https:\/\/rockkofertas.com.es\/index.php\/wp-json\/wp\/v2\/comments?post=8105"}],"wp:featuredmedia":[{"embeddable":true,"href":"https:\/\/rockkofertas.com.es\/index.php\/wp-json\/wp\/v2\/media\/8104"}],"wp:attachment":[{"href":"https:\/\/rockkofertas.com.es\/index.php\/wp-json\/wp\/v2\/media?parent=8105"}],"wp:term":[{"taxonomy":"product_cat","embeddable":true,"href":"https:\/\/rockkofertas.com.es\/index.php\/wp-json\/wp\/v2\/product_cat?post=8105"},{"taxonomy":"product_tag","embeddable":true,"href":"https:\/\/rockkofertas.com.es\/index.php\/wp-json\/wp\/v2\/product_tag?post=8105"}],"curies":[{"name":"wp","href":"https:\/\/api.w.org\/{rel}","templated":true}]}}