{"id":8103,"date":"2025-12-28T09:09:17","date_gmt":"2025-12-28T09:09:17","guid":{"rendered":"https:\/\/rockkofertas.com.es\/index.php\/producto\/b0f2gm6fyz\/"},"modified":"2025-12-28T09:09:17","modified_gmt":"2025-12-28T09:09:17","slug":"b0f2gm6fyz","status":"publish","type":"product","link":"https:\/\/rockkofertas.com.es\/index.php\/producto\/b0f2gm6fyz\/","title":{"rendered":"B0F2GM6FYZ"},"content":{"rendered":"<p>&#8211; UHD Ultimate, el Smart TV m\u00e1s inteligente que evoluciona a mejor cada a\u00f1o, para disfrutar de tus contenidos favoritos en 4K. Mayor contraste y brillo en la imagen, gracias al an\u00e1lisis inteligente de Dynamic Tone Mapping en 2.040 zonas independientes.<br \/>\n&#8211; Smart TV webOS 25 que evoluciona a mejor cada a\u00f1o renov\u00e1ndose en tu TV e incorporando las nuevas funciones de la IA y que est\u00e1 preparado para pr\u00f3ximos apagones TDT. M\u00e1s inteligente para una personalizaci\u00f3n y un control del hogar avanzados: reconocimiento de voz, recomendaci\u00f3n de contenidos, configuraci\u00f3n de imagen y sonido, asistente virtual y mando Magic Remote con puntero inal\u00e1mbrico.<br \/>\n&#8211; El procesador potente e inteligente (4K \u03b17 Gen8), preparado para incorporar las novedades de la IA. Maximiza la calidad de imagen y sonido, analizando la imagen en 2.040 zonas independientes.<br \/>\n&#8211; El Smart TV perfecto para gaming e ideal para cualquier contenido: disfruta la experiencia gaming con fluidez VRR (60 Hz) y Cloud Gaming; vive la pel\u00edcula tal y como la imagin\u00f3 el director con el modo Filmmaker y con la calidad de imagen HDR10 Pro y sonido Dolby Digital Plus; y no te pierdas nada con las alertas deportivas.<br \/>\n&#8211; Tecnolog\u00eda eficiente que cuida de ti y del planeta: es accesible para m\u00faltiples tipos de necesidades y permite ahorrar en la factura de la luz.<\/p>\n","protected":false},"excerpt":{"rendered":"<p>LG 55UA73006LA &#8211; TV 55&#8243;, UHD 4K, WebOS 25, Ultimate IA, HDR10 Pro, Super Upscaling, Dolby Digital Plus, Google Assistant, Negro<br \/>#Publicidad <span class=\"read-more\"><a class=\"more-link btn btn-transparent\" href=\"https:\/\/rockkofertas.com.es\/index.php\/producto\/b0f2gm6fyz\/\">Leer m\u00e1s&#8230;<\/a><\/span><\/p>\n","protected":false},"featured_media":8102,"comment_status":"open","ping_status":"closed","template":"","meta":[],"product_cat":[15],"product_tag":[],"class_list":{"0":"post-8103","1":"product","2":"type-product","3":"status-publish","4":"has-post-thumbnail","6":"product_cat-sin-categorizar","8":"first","9":"instock","10":"shipping-taxable","11":"product-type-external"},"_links":{"self":[{"href":"https:\/\/rockkofertas.com.es\/index.php\/wp-json\/wp\/v2\/product\/8103","targetHints":{"allow":["GET"]}}],"collection":[{"href":"https:\/\/rockkofertas.com.es\/index.php\/wp-json\/wp\/v2\/product"}],"about":[{"href":"https:\/\/rockkofertas.com.es\/index.php\/wp-json\/wp\/v2\/types\/product"}],"replies":[{"embeddable":true,"href":"https:\/\/rockkofertas.com.es\/index.php\/wp-json\/wp\/v2\/comments?post=8103"}],"wp:featuredmedia":[{"embeddable":true,"href":"https:\/\/rockkofertas.com.es\/index.php\/wp-json\/wp\/v2\/media\/8102"}],"wp:attachment":[{"href":"https:\/\/rockkofertas.com.es\/index.php\/wp-json\/wp\/v2\/media?parent=8103"}],"wp:term":[{"taxonomy":"product_cat","embeddable":true,"href":"https:\/\/rockkofertas.com.es\/index.php\/wp-json\/wp\/v2\/product_cat?post=8103"},{"taxonomy":"product_tag","embeddable":true,"href":"https:\/\/rockkofertas.com.es\/index.php\/wp-json\/wp\/v2\/product_tag?post=8103"}],"curies":[{"name":"wp","href":"https:\/\/api.w.org\/{rel}","templated":true}]}}