{"id":8077,"date":"2025-12-26T20:01:36","date_gmt":"2025-12-26T20:01:36","guid":{"rendered":"https:\/\/rockkofertas.com.es\/index.php\/producto\/b01m34bqe7\/"},"modified":"2025-12-26T20:01:36","modified_gmt":"2025-12-26T20:01:36","slug":"b01m34bqe7","status":"publish","type":"product","link":"https:\/\/rockkofertas.com.es\/index.php\/producto\/b01m34bqe7\/","title":{"rendered":"B01M34BQE7"},"content":{"rendered":"<p>&#8211; Con lana merino suave y c\u00e1lida en el exterior y algod\u00f3n agradable a la piel en el interior, estas medias para hombre en pack m\u00faltiple regulan la humedad, son transpirables y no ara\u00f1an la piel de forma molesta<br \/>\n&#8211; Su costura plana en puntera evita la formaci\u00f3n de ampollas y las zonas de tensi\u00f3n reforzadas ofrecen gran confort, por lo que estos calcetines de hombre son buenos para la vida diaria y el trabajo<br \/>\n&#8211; Estos calcetines para hombre de alta calidad complementan su atuendo y son para zapatos de traje, zapatos de diario y botines, y le acompa\u00f1ar\u00e1n a lo largo del d\u00eda con estilo y comodidad<br \/>\n&#8211; Las t\u00e9cnicas de tricotado, con proporciones espec\u00edficas para cada sexo de la anatom\u00eda del pie, garantizan un ajuste antideslizante, protecci\u00f3n contra los puntos de presi\u00f3n y larga durabilidad<br \/>\n&#8211; La lana merino que inhibe el olor mantiene sus pies frescos durante m\u00e1s tiempo; este producto ha sido sometido a pruebas de sustancias nocivas y certificado conforme a la norma Standard 100 OEKO-TEX 96.0.9647 HOHENSTEIN HTTI<br \/>\n&#8211; FALKE, empresa familiar fundada en 1895, se asienta sobre una firme base de valores: calidad incondicional, la m\u00e1s alta artesan\u00eda, productos modernos e innovadores para generaciones<\/p>\n","protected":false},"excerpt":{"rendered":"<p>FALKE Airport Multipack M So lana algod\u00f3n lisos 3 pares, Calcetines Hombre, Negro Black 3000, 43-44<br \/>\n#Publicidad <span class=\"read-more\"><a class=\"more-link btn btn-transparent\" href=\"https:\/\/rockkofertas.com.es\/index.php\/producto\/b01m34bqe7\/\">Leer m\u00e1s&#8230;<\/a><\/span><\/p>\n","protected":false},"featured_media":8076,"comment_status":"open","ping_status":"closed","template":"","meta":[],"product_cat":[15],"product_tag":[],"class_list":{"0":"post-8077","1":"product","2":"type-product","3":"status-publish","4":"has-post-thumbnail","6":"product_cat-sin-categorizar","8":"first","9":"instock","10":"shipping-taxable","11":"product-type-external"},"_links":{"self":[{"href":"https:\/\/rockkofertas.com.es\/index.php\/wp-json\/wp\/v2\/product\/8077","targetHints":{"allow":["GET"]}}],"collection":[{"href":"https:\/\/rockkofertas.com.es\/index.php\/wp-json\/wp\/v2\/product"}],"about":[{"href":"https:\/\/rockkofertas.com.es\/index.php\/wp-json\/wp\/v2\/types\/product"}],"replies":[{"embeddable":true,"href":"https:\/\/rockkofertas.com.es\/index.php\/wp-json\/wp\/v2\/comments?post=8077"}],"wp:featuredmedia":[{"embeddable":true,"href":"https:\/\/rockkofertas.com.es\/index.php\/wp-json\/wp\/v2\/media\/8076"}],"wp:attachment":[{"href":"https:\/\/rockkofertas.com.es\/index.php\/wp-json\/wp\/v2\/media?parent=8077"}],"wp:term":[{"taxonomy":"product_cat","embeddable":true,"href":"https:\/\/rockkofertas.com.es\/index.php\/wp-json\/wp\/v2\/product_cat?post=8077"},{"taxonomy":"product_tag","embeddable":true,"href":"https:\/\/rockkofertas.com.es\/index.php\/wp-json\/wp\/v2\/product_tag?post=8077"}],"curies":[{"name":"wp","href":"https:\/\/api.w.org\/{rel}","templated":true}]}}