{"id":8045,"date":"2025-12-25T00:00:46","date_gmt":"2025-12-25T00:00:46","guid":{"rendered":"https:\/\/rockkofertas.com.es\/index.php\/producto\/b07bp6cj89\/"},"modified":"2025-12-25T00:00:46","modified_gmt":"2025-12-25T00:00:46","slug":"b07bp6cj89","status":"publish","type":"product","link":"https:\/\/rockkofertas.com.es\/index.php\/producto\/b07bp6cj89\/","title":{"rendered":"B07BP6CJ89"},"content":{"rendered":"<p>&#8211; L\u00e1piz 3 en 1: l\u00e1piz de color, cera y l\u00e1piz acuarelable<br \/>\n&#8211; L\u00e1piz de color extra grueso, ideal para guarder\u00edas y ciclo infantil<br \/>\n&#8211; L\u00e1pices ecol\u00f3gicos, con madera con certificaci\u00f3n PEFC, procedente de bosques de gesti\u00f3n sostenible<br \/>\n&#8211; Perfecto para papel, cart\u00f3n, vidrio, etc., as\u00ed como para superficies oscuras<br \/>\n&#8211; Mina extremadamente resistente a la rotura<\/p>\n","protected":false},"excerpt":{"rendered":"<p>STAEDTLER Noris Junior 140 C12 L\u00e1piz de color extra grueso 3 en 1: l\u00e1piz de color, cera y l\u00e1piz acuarelable. Estuche con 12 l\u00e1pices de colores surtidos + afilal\u00e1pices<br \/>\n#Publicidad <span class=\"read-more\"><a class=\"more-link btn btn-transparent\" href=\"https:\/\/rockkofertas.com.es\/index.php\/producto\/b07bp6cj89\/\">Leer m\u00e1s&#8230;<\/a><\/span><\/p>\n","protected":false},"featured_media":8044,"comment_status":"open","ping_status":"closed","template":"","meta":[],"product_cat":[15],"product_tag":[],"class_list":{"0":"post-8045","1":"product","2":"type-product","3":"status-publish","4":"has-post-thumbnail","6":"product_cat-sin-categorizar","8":"first","9":"instock","10":"shipping-taxable","11":"product-type-external"},"_links":{"self":[{"href":"https:\/\/rockkofertas.com.es\/index.php\/wp-json\/wp\/v2\/product\/8045","targetHints":{"allow":["GET"]}}],"collection":[{"href":"https:\/\/rockkofertas.com.es\/index.php\/wp-json\/wp\/v2\/product"}],"about":[{"href":"https:\/\/rockkofertas.com.es\/index.php\/wp-json\/wp\/v2\/types\/product"}],"replies":[{"embeddable":true,"href":"https:\/\/rockkofertas.com.es\/index.php\/wp-json\/wp\/v2\/comments?post=8045"}],"wp:featuredmedia":[{"embeddable":true,"href":"https:\/\/rockkofertas.com.es\/index.php\/wp-json\/wp\/v2\/media\/8044"}],"wp:attachment":[{"href":"https:\/\/rockkofertas.com.es\/index.php\/wp-json\/wp\/v2\/media?parent=8045"}],"wp:term":[{"taxonomy":"product_cat","embeddable":true,"href":"https:\/\/rockkofertas.com.es\/index.php\/wp-json\/wp\/v2\/product_cat?post=8045"},{"taxonomy":"product_tag","embeddable":true,"href":"https:\/\/rockkofertas.com.es\/index.php\/wp-json\/wp\/v2\/product_tag?post=8045"}],"curies":[{"name":"wp","href":"https:\/\/api.w.org\/{rel}","templated":true}]}}