{"id":8031,"date":"2025-12-24T09:11:44","date_gmt":"2025-12-24T09:11:44","guid":{"rendered":"https:\/\/rockkofertas.com.es\/index.php\/producto\/b0frghn2x1-2\/"},"modified":"2025-12-24T09:11:44","modified_gmt":"2025-12-24T09:11:44","slug":"b0frghn2x1-2","status":"publish","type":"product","link":"https:\/\/rockkofertas.com.es\/index.php\/producto\/b0frghn2x1-2\/","title":{"rendered":"B0FRGHN2X1"},"content":{"rendered":"<p>&#8211; Mecanismo de molienda ajustable de 40 niveles: equipado con un c\u00f3modo control de precisi\u00f3n externo con 40 niveles para ajustar sin esfuerzo el tama\u00f1o ideal de molienda y una experiencia personalizada incomparable. Totalmente compatible con varios m\u00e9todos de preparaci\u00f3n como Espresso, Pour-Over y French Press. Disfrute de perfiles de sabor de caf\u00e9 personalizados y evite las salpicaduras de caf\u00e9 en polvo. Garantiza una extracci\u00f3n \u00f3ptima del aroma en cada aplicaci\u00f3n.<br \/>\n&#8211; Dise\u00f1o port\u00e1til: pesa solo 325 gramos y mide 17 x 5,8 x 18,8 cm. F\u00e1cil de usar y f\u00e1cil de transportar, incluye manual de usuario para una configuraci\u00f3n r\u00e1pida. Ideal para acampar, viajar y uso en la oficina, le permite disfrutar en cualquier momento y lugar del aroma del caf\u00e9 reci\u00e9n molido y una experiencia de molienda satisfactoria.<br \/>\n&#8211; Molino c\u00f3nico de cer\u00e1mica &#8211; El cuerpo de molienda de cer\u00e1mica genera menos calor en comparaci\u00f3n con los molinos de acero inoxidable o de percusi\u00f3n, lo que permite una molienda m\u00e1s uniforme que conserva el aroma natural del caf\u00e9. Logre resultados de molienda consistentes para una extracci\u00f3n equilibrada y cada vez un caf\u00e9 extraordinariamente suave y con cuerpo. Deje que los amantes del caf\u00e9 disfruten cada taza de caf\u00e9 de alta calidad.<br \/>\n&#8211; Capacidad de 30g de frijoles &#8211; \u00a1Perfecto para 1\u20132 tazas! Muela hasta 30 g de granos de caf\u00e9 frescos a la vez \u2013 ideal para Pour-Over, Aeropress o prensa francesa. Simplifique su rutina matutina y disfrute de caf\u00e9 reci\u00e9n molido sin desperdiciar. \u00bfConsejo: \u00bfEst\u00e1 preparando comida para varias personas? Para grandes cantidades, recomendamos un molinillo el\u00e9ctrico est\u00e1ndar.<br \/>\n&#8211; Duradero y f\u00e1cil de limpiar &#8211; Fabricado con pl\u00e1stico ABS, acero inoxidable y un n\u00facleo de molienda de cer\u00e1mica. Las piezas desmontables facilitan el mantenimiento y la limpieza diaria. Nota: Para obtener el aroma \u00f3ptimo del caf\u00e9, recomendamos limpiar los componentes en lugar de enjuagarlos con agua.<\/p>\n","protected":false},"excerpt":{"rendered":"<p>Molinillo de caf\u00e9 manual, molinillo de caf\u00e9 manual port\u00e1til con capacidad de 30g, 40 ajustes ajustables, muela c\u00f3nica con mango ergon\u00f3mico para Espresso, Pour Over y m\u00e1s<br \/>#Publicidad <span class=\"read-more\"><a class=\"more-link btn btn-transparent\" href=\"https:\/\/rockkofertas.com.es\/index.php\/producto\/b0frghn2x1-2\/\">Leer m\u00e1s&#8230;<\/a><\/span><\/p>\n","protected":false},"featured_media":8030,"comment_status":"open","ping_status":"closed","template":"","meta":[],"product_cat":[15],"product_tag":[],"class_list":{"0":"post-8031","1":"product","2":"type-product","3":"status-publish","4":"has-post-thumbnail","6":"product_cat-sin-categorizar","8":"first","9":"instock","10":"shipping-taxable","11":"product-type-external"},"_links":{"self":[{"href":"https:\/\/rockkofertas.com.es\/index.php\/wp-json\/wp\/v2\/product\/8031","targetHints":{"allow":["GET"]}}],"collection":[{"href":"https:\/\/rockkofertas.com.es\/index.php\/wp-json\/wp\/v2\/product"}],"about":[{"href":"https:\/\/rockkofertas.com.es\/index.php\/wp-json\/wp\/v2\/types\/product"}],"replies":[{"embeddable":true,"href":"https:\/\/rockkofertas.com.es\/index.php\/wp-json\/wp\/v2\/comments?post=8031"}],"wp:featuredmedia":[{"embeddable":true,"href":"https:\/\/rockkofertas.com.es\/index.php\/wp-json\/wp\/v2\/media\/8030"}],"wp:attachment":[{"href":"https:\/\/rockkofertas.com.es\/index.php\/wp-json\/wp\/v2\/media?parent=8031"}],"wp:term":[{"taxonomy":"product_cat","embeddable":true,"href":"https:\/\/rockkofertas.com.es\/index.php\/wp-json\/wp\/v2\/product_cat?post=8031"},{"taxonomy":"product_tag","embeddable":true,"href":"https:\/\/rockkofertas.com.es\/index.php\/wp-json\/wp\/v2\/product_tag?post=8031"}],"curies":[{"name":"wp","href":"https:\/\/api.w.org\/{rel}","templated":true}]}}