{"id":7967,"date":"2025-12-20T00:00:41","date_gmt":"2025-12-20T00:00:41","guid":{"rendered":"https:\/\/rockkofertas.com.es\/index.php\/producto\/b0clsst4rj\/"},"modified":"2025-12-20T00:00:41","modified_gmt":"2025-12-20T00:00:41","slug":"b0clsst4rj","status":"publish","type":"product","link":"https:\/\/rockkofertas.com.es\/index.php\/producto\/b0clsst4rj\/","title":{"rendered":"B0CLSST4RJ"},"content":{"rendered":"<p>&#8211; MATERIAL DE ALTA CALIDAD: el delantal para mujer est\u00e1 hecho de 100% algod\u00f3n puro, con tejido de calidad firme y aut\u00e9ntica estructura de lino. Duradero, agradable al tacto, ideal para el uso diario, as\u00ed como ocasiones hist\u00f3ricas y creativas.<br \/>\n&#8211; Dise\u00f1o cl\u00e1sico: vestido medieval de media longitud en talla \u00fanica que se puede combinar de muchas maneras, perfecto con vestidos de mujer, vestidos o faldas.<br \/>\n&#8211; DETALLES ELEGANTES: el discreto fruncido en la cintura crea burbujas decorativas que le dan al delantal un aspecto aut\u00e9ntico y lo convierten en un accesorio elegante para mujer.<br \/>\n&#8211; Vers\u00e1til: ideal para mujeres en eventos medievales, LARP, cosplay, trajes vikingos, recreaci\u00f3n o como complemento decorativo para trajes hist\u00f3ricos. Se env\u00eda solo el delantal sin accesorios.<br \/>\n&#8211; Operaci\u00f3n familiar con tradici\u00f3n: HEMAD \u2013 desarrollado en Baviera desde hace m\u00e1s de 30 a\u00f1os, fabricado en su propia confecci\u00f3n en Nepal en condiciones justas y valorado en todo el mundo por su calidad y sostenibilidad.<\/p>\n","protected":false},"excerpt":{"rendered":"<p>HEMAD Delantal medieval algod\u00f3n modelo: Repanse, Negro , Talla \u00fanica<br \/>\n#Publicidad <span class=\"read-more\"><a class=\"more-link btn btn-transparent\" href=\"https:\/\/rockkofertas.com.es\/index.php\/producto\/b0clsst4rj\/\">Leer m\u00e1s&#8230;<\/a><\/span><\/p>\n","protected":false},"featured_media":7966,"comment_status":"open","ping_status":"closed","template":"","meta":[],"product_cat":[15],"product_tag":[],"class_list":{"0":"post-7967","1":"product","2":"type-product","3":"status-publish","4":"has-post-thumbnail","6":"product_cat-sin-categorizar","8":"first","9":"instock","10":"shipping-taxable","11":"product-type-external"},"_links":{"self":[{"href":"https:\/\/rockkofertas.com.es\/index.php\/wp-json\/wp\/v2\/product\/7967","targetHints":{"allow":["GET"]}}],"collection":[{"href":"https:\/\/rockkofertas.com.es\/index.php\/wp-json\/wp\/v2\/product"}],"about":[{"href":"https:\/\/rockkofertas.com.es\/index.php\/wp-json\/wp\/v2\/types\/product"}],"replies":[{"embeddable":true,"href":"https:\/\/rockkofertas.com.es\/index.php\/wp-json\/wp\/v2\/comments?post=7967"}],"wp:featuredmedia":[{"embeddable":true,"href":"https:\/\/rockkofertas.com.es\/index.php\/wp-json\/wp\/v2\/media\/7966"}],"wp:attachment":[{"href":"https:\/\/rockkofertas.com.es\/index.php\/wp-json\/wp\/v2\/media?parent=7967"}],"wp:term":[{"taxonomy":"product_cat","embeddable":true,"href":"https:\/\/rockkofertas.com.es\/index.php\/wp-json\/wp\/v2\/product_cat?post=7967"},{"taxonomy":"product_tag","embeddable":true,"href":"https:\/\/rockkofertas.com.es\/index.php\/wp-json\/wp\/v2\/product_tag?post=7967"}],"curies":[{"name":"wp","href":"https:\/\/api.w.org\/{rel}","templated":true}]}}