{"id":7895,"date":"2025-12-17T04:00:40","date_gmt":"2025-12-17T04:00:40","guid":{"rendered":"https:\/\/rockkofertas.com.es\/index.php\/producto\/b08gbtm2gt\/"},"modified":"2025-12-17T04:00:40","modified_gmt":"2025-12-17T04:00:40","slug":"b08gbtm2gt","status":"publish","type":"product","link":"https:\/\/rockkofertas.com.es\/index.php\/producto\/b08gbtm2gt\/","title":{"rendered":"B08GBTM2GT"},"content":{"rendered":"<p>&#8211; Resistente al agua y al polvo con grado de protecci\u00f3n IP54 que protege las herramientas y accesorios dentro del estuche<br \/>\n&#8211; Fijaciones laterales con bisagras de metal &#8211; permiten que los m\u00f3dulos TSTAK se conecten entre s\u00ed. El dise\u00f1o de la clavija de metal proporciona una vida \u00fatil m\u00e1s larga.<br \/>\n&#8211; Fijaciones frontales met\u00e1licas m\u00e1s anchas &#8211; m\u00e1s resistentes, aumentando la resistencia, la durabilidad y la longevidad.<br \/>\n&#8211; Bandeja para herramientas &#8211; para un f\u00e1cil acceso a herramientas manuales, llaves, sujetadores y accesorios de herramientas el\u00e9ctricas.<br \/>\n&#8211; TAG TOOL CONNECT ranura para instalar el DEWALT TAG y rastrear el estuche a trav\u00e9s de la aplicaci\u00f3n.<\/p>\n","protected":false},"excerpt":{"rendered":"<p>DEWALT DWST83346-1 &#8211; Caja de herramientas profunda VI TSTAK, Volumen de 44 litros, Combinable con otras cajas TSTAK, IP54<br \/>\n#Publicidad <span class=\"read-more\"><a class=\"more-link btn btn-transparent\" href=\"https:\/\/rockkofertas.com.es\/index.php\/producto\/b08gbtm2gt\/\">Leer m\u00e1s&#8230;<\/a><\/span><\/p>\n","protected":false},"featured_media":7894,"comment_status":"open","ping_status":"closed","template":"","meta":[],"product_cat":[15],"product_tag":[],"class_list":{"0":"post-7895","1":"product","2":"type-product","3":"status-publish","4":"has-post-thumbnail","6":"product_cat-sin-categorizar","8":"first","9":"instock","10":"shipping-taxable","11":"product-type-external"},"_links":{"self":[{"href":"https:\/\/rockkofertas.com.es\/index.php\/wp-json\/wp\/v2\/product\/7895","targetHints":{"allow":["GET"]}}],"collection":[{"href":"https:\/\/rockkofertas.com.es\/index.php\/wp-json\/wp\/v2\/product"}],"about":[{"href":"https:\/\/rockkofertas.com.es\/index.php\/wp-json\/wp\/v2\/types\/product"}],"replies":[{"embeddable":true,"href":"https:\/\/rockkofertas.com.es\/index.php\/wp-json\/wp\/v2\/comments?post=7895"}],"wp:featuredmedia":[{"embeddable":true,"href":"https:\/\/rockkofertas.com.es\/index.php\/wp-json\/wp\/v2\/media\/7894"}],"wp:attachment":[{"href":"https:\/\/rockkofertas.com.es\/index.php\/wp-json\/wp\/v2\/media?parent=7895"}],"wp:term":[{"taxonomy":"product_cat","embeddable":true,"href":"https:\/\/rockkofertas.com.es\/index.php\/wp-json\/wp\/v2\/product_cat?post=7895"},{"taxonomy":"product_tag","embeddable":true,"href":"https:\/\/rockkofertas.com.es\/index.php\/wp-json\/wp\/v2\/product_tag?post=7895"}],"curies":[{"name":"wp","href":"https:\/\/api.w.org\/{rel}","templated":true}]}}