{"id":7875,"date":"2025-12-16T12:38:43","date_gmt":"2025-12-16T12:38:43","guid":{"rendered":"https:\/\/rockkofertas.com.es\/index.php\/producto\/b0fvxyv68r\/"},"modified":"2025-12-16T12:38:43","modified_gmt":"2025-12-16T12:38:43","slug":"b0fvxyv68r","status":"publish","type":"product","link":"https:\/\/rockkofertas.com.es\/index.php\/producto\/b0fvxyv68r\/","title":{"rendered":"B0FVXYV68R"},"content":{"rendered":"<p>&#8211; Alto Rendimiento + Refrigeraci\u00f3n Ultrarr\u00e1pida: Ordenador portatil cuenta con un potente procesador Celeron N5095 (hasta 2.9GHz), 8GB de memoria DDR4 + 256GB SSD, ampliable hasta 1TB, y permite realizar m\u00faltiples tareas, disfrutar del entretenimiento diario y trabajar en la oficina. El ventilador integrado proporciona un sistema de refrigeraci\u00f3n ultrarr\u00e1pida para mejorar a\u00fan m\u00e1s el rendimiento del equipo.<br \/>\n&#8211; Eficiente, estable y con bater\u00eda de larga duraci\u00f3n: Esta laptop cuenta con memoria LPDDR4 de hasta 2000 MHz, lo que garantiza un rendimiento eficiente y estable. Tambi\u00e9n cuenta con una bater\u00eda de iones de litio de 5000 mAh integrada y un dise\u00f1o de bajo consumo.<br \/>\n&#8211; Conexi\u00f3n de Alta Velocidad + Ligero y Port\u00e1til: Ordenador port\u00e1til 14 pulgadas, peso 1.38kg, grosor 15mm, dise\u00f1o port\u00e1til. Compatible con Wi-Fi 5G de doble banda (2.4G\/5G) y BT 4.2, lo que proporciona una conexi\u00f3n de red estable. La pantalla se puede girar 180 grados para facilitar el intercambio de contenido y el ajuste del \u00e1ngulo de visi\u00f3n, adem\u00e1s de mejorar la flexibilidad de uso.<br \/>\n&#8211; Pantalla HD de 1920 x 1080 para un deleite visual: Este port\u00e1til asequible cuenta con una pantalla IPS HD de 1920 x 1080 que ofrece im\u00e1genes n\u00edtidas y detalladas con una reproducci\u00f3n fiel del color. La pantalla IPS ofrece \u00e1ngulos de visi\u00f3n m\u00e1s amplios, lo que garantiza im\u00e1genes n\u00edtidas incluso desde un lateral. Disfruta de una visualizaci\u00f3n m\u00e1s c\u00f3moda y realista, ya sea viendo pel\u00edculas en HD, navegando por internet o editando fotos y v\u00eddeos.<br \/>\n&#8211; Interfaz Avanzada + Seguridad de Privacidad: Portatiles est\u00e1 equipada con 3 interfaces USB 3.0, Tipo-C, puerto de proyecci\u00f3n HDMI, conector para auriculares de 3,5 mm, ranura para tarjeta Micro SD y orificio de bloqueo de seguridad para garantizar la velocidad de transmisi\u00f3n de datos y la compatibilidad con una amplia gama de dispositivos, a la vez que mejora la seguridad de la computadora.<br \/>\n&#8211; El teclado utiliza la distribuci\u00f3n QWERTY est\u00e1ndar internacional. Si necesita escribir en espa\u00f1ol, puede colocar la plantilla de teclado espa\u00f1ol incluida en el embalaje sobre el teclado QWERTY. Solo tiene que configurar el idioma de entrada en espa\u00f1ol para utilizar el teclado espa\u00f1ol.<\/p>\n","protected":false},"excerpt":{"rendered":"<p>Ordenador Port\u00e1til 14 Pulgadas Celeron N5095 Upto 2,9 GHz Portatiles 8GB RAM 256GB SSD TF 1TB LPDDR4 Win11 5G WiFi 1920*1080 FHD Widevine L1 Laptop Pel\u00edcula Protectora Espa\u00f1ol &#8211; Morado Cuerpo Met\u00e1lico<br \/>#Publicidad <span class=\"read-more\"><a class=\"more-link btn btn-transparent\" href=\"https:\/\/rockkofertas.com.es\/index.php\/producto\/b0fvxyv68r\/\">Leer m\u00e1s&#8230;<\/a><\/span><\/p>\n","protected":false},"featured_media":7874,"comment_status":"open","ping_status":"closed","template":"","meta":[],"product_cat":[15],"product_tag":[],"class_list":{"0":"post-7875","1":"product","2":"type-product","3":"status-publish","4":"has-post-thumbnail","6":"product_cat-sin-categorizar","8":"first","9":"instock","10":"shipping-taxable","11":"product-type-external"},"_links":{"self":[{"href":"https:\/\/rockkofertas.com.es\/index.php\/wp-json\/wp\/v2\/product\/7875","targetHints":{"allow":["GET"]}}],"collection":[{"href":"https:\/\/rockkofertas.com.es\/index.php\/wp-json\/wp\/v2\/product"}],"about":[{"href":"https:\/\/rockkofertas.com.es\/index.php\/wp-json\/wp\/v2\/types\/product"}],"replies":[{"embeddable":true,"href":"https:\/\/rockkofertas.com.es\/index.php\/wp-json\/wp\/v2\/comments?post=7875"}],"wp:featuredmedia":[{"embeddable":true,"href":"https:\/\/rockkofertas.com.es\/index.php\/wp-json\/wp\/v2\/media\/7874"}],"wp:attachment":[{"href":"https:\/\/rockkofertas.com.es\/index.php\/wp-json\/wp\/v2\/media?parent=7875"}],"wp:term":[{"taxonomy":"product_cat","embeddable":true,"href":"https:\/\/rockkofertas.com.es\/index.php\/wp-json\/wp\/v2\/product_cat?post=7875"},{"taxonomy":"product_tag","embeddable":true,"href":"https:\/\/rockkofertas.com.es\/index.php\/wp-json\/wp\/v2\/product_tag?post=7875"}],"curies":[{"name":"wp","href":"https:\/\/api.w.org\/{rel}","templated":true}]}}