{"id":7785,"date":"2025-12-13T00:00:53","date_gmt":"2025-12-13T00:00:53","guid":{"rendered":"https:\/\/rockkofertas.com.es\/index.php\/producto\/b0cglytf9k\/"},"modified":"2025-12-13T00:00:53","modified_gmt":"2025-12-13T00:00:53","slug":"b0cglytf9k","status":"publish","type":"product","link":"https:\/\/rockkofertas.com.es\/index.php\/producto\/b0cglytf9k\/","title":{"rendered":"B0CGLYTF9K"},"content":{"rendered":"<p>&#8211; Set 3 sartenes 16\/20\/24 aluminio prensado<br \/>\n&#8211; Sartenes fabricadas en aluminio prensado con exterior revestido en un elegante color negro, resistente a altas temperaturas, e interior antiadherente en negro.<br \/>\n&#8211; El aluminio prensado presenta altas capacidades para captar y distribuir el calor eficientemente, con el consiguiente ahorro de energ\u00eda.<br \/>\n&#8211; Dispone de mangos que permanecen siempre fr\u00edos, para garantizar seguridad mientras cocinas, de forma ergon\u00f3mica, c\u00f3modos y manejables.<br \/>\n&#8211; Fondos aptos para todo tipo de fuegos, incluso inducci\u00f3n. Dimensiones: 16&#215;3,5 \/ 20&#215;4,5 \/ 24&#215;4,5 cm.<\/p>\n","protected":false},"excerpt":{"rendered":"<p>WELL HOME MOBILIARIO &amp; DECORACI\u00d3N Set 3 sartenes 16\/20\/24 aluminio prensado<br \/>\n#Publicidad <span class=\"read-more\"><a class=\"more-link btn btn-transparent\" href=\"https:\/\/rockkofertas.com.es\/index.php\/producto\/b0cglytf9k\/\">Leer m\u00e1s&#8230;<\/a><\/span><\/p>\n","protected":false},"featured_media":7784,"comment_status":"open","ping_status":"closed","template":"","meta":[],"product_cat":[15],"product_tag":[],"class_list":{"0":"post-7785","1":"product","2":"type-product","3":"status-publish","4":"has-post-thumbnail","6":"product_cat-sin-categorizar","8":"first","9":"instock","10":"shipping-taxable","11":"product-type-external"},"_links":{"self":[{"href":"https:\/\/rockkofertas.com.es\/index.php\/wp-json\/wp\/v2\/product\/7785","targetHints":{"allow":["GET"]}}],"collection":[{"href":"https:\/\/rockkofertas.com.es\/index.php\/wp-json\/wp\/v2\/product"}],"about":[{"href":"https:\/\/rockkofertas.com.es\/index.php\/wp-json\/wp\/v2\/types\/product"}],"replies":[{"embeddable":true,"href":"https:\/\/rockkofertas.com.es\/index.php\/wp-json\/wp\/v2\/comments?post=7785"}],"wp:featuredmedia":[{"embeddable":true,"href":"https:\/\/rockkofertas.com.es\/index.php\/wp-json\/wp\/v2\/media\/7784"}],"wp:attachment":[{"href":"https:\/\/rockkofertas.com.es\/index.php\/wp-json\/wp\/v2\/media?parent=7785"}],"wp:term":[{"taxonomy":"product_cat","embeddable":true,"href":"https:\/\/rockkofertas.com.es\/index.php\/wp-json\/wp\/v2\/product_cat?post=7785"},{"taxonomy":"product_tag","embeddable":true,"href":"https:\/\/rockkofertas.com.es\/index.php\/wp-json\/wp\/v2\/product_tag?post=7785"}],"curies":[{"name":"wp","href":"https:\/\/api.w.org\/{rel}","templated":true}]}}