{"id":7775,"date":"2025-12-12T16:00:47","date_gmt":"2025-12-12T16:00:47","guid":{"rendered":"https:\/\/rockkofertas.com.es\/index.php\/producto\/b08tmh8m2z\/"},"modified":"2025-12-12T16:00:47","modified_gmt":"2025-12-12T16:00:47","slug":"b08tmh8m2z","status":"publish","type":"product","link":"https:\/\/rockkofertas.com.es\/index.php\/producto\/b08tmh8m2z\/","title":{"rendered":"B08TMH8M2Z"},"content":{"rendered":"<p>&#8211; Mini Arcade: Una selecci\u00f3n de cl\u00e1sicos 156 juegos en uno, se convierte en tu aliado perfecto para una sesi\u00f3n intensa de entretenimiento.Disparos, plataformas, deportes o puzzles. No te aburrir\u00e1s jugando diferentes juegos.<br \/>\n&#8211; La consola Mini Arcade es perfecta para llevar a d\u00f3nde tu quieras, gracias a su c\u00f3modo tama\u00f1o. La bater\u00eda integrada de 700 mAh puede garantizar muchas horas de diversi\u00f3n de juego.<br \/>\n&#8211; Consola port\u00e1til: La consola Mini Arcade tiene una pantalla de 2,8\u00bb y volumen ajustable para una experiencia insuperable.<br \/>\n&#8211; Conexi\u00f3n de TV disponible: Disponible mediante cable de v\u00eddeo 3 RCA esta consola se puede conectar con tu televisor, por lo que puedes disfrutar de una mayor diversi\u00f3n de juego.<br \/>\n&#8211; Consejo: no dudes en ponerte en contacto con nosotros y estaremos muy agradecidos si puedes ponerte en contacto con nosotros primero cuando encuentres cualquier problema. Aqu\u00ed te ofrecemos el mejor servicio de atenci\u00f3n al cliente para resolver tus problemas. Nota: esta m\u00e1quina de juego solo es compatible con ingl\u00e9s.<\/p>\n","protected":false},"excerpt":{"rendered":"<p>Consola Retro Portatil con 156 Juegos, M\u00e1quina Recreativa con Pantalla de 2.8&#8243; y conexion a TV, Mini acrade Machine con dise\u00f1o Retro, Perfecta para Regalo de ni\u00f1os y Adultos (Azul)<br \/>\n#Publicidad <span class=\"read-more\"><a class=\"more-link btn btn-transparent\" href=\"https:\/\/rockkofertas.com.es\/index.php\/producto\/b08tmh8m2z\/\">Leer m\u00e1s&#8230;<\/a><\/span><\/p>\n","protected":false},"featured_media":7774,"comment_status":"open","ping_status":"closed","template":"","meta":[],"product_cat":[15],"product_tag":[],"class_list":{"0":"post-7775","1":"product","2":"type-product","3":"status-publish","4":"has-post-thumbnail","6":"product_cat-sin-categorizar","8":"first","9":"instock","10":"shipping-taxable","11":"product-type-external"},"_links":{"self":[{"href":"https:\/\/rockkofertas.com.es\/index.php\/wp-json\/wp\/v2\/product\/7775","targetHints":{"allow":["GET"]}}],"collection":[{"href":"https:\/\/rockkofertas.com.es\/index.php\/wp-json\/wp\/v2\/product"}],"about":[{"href":"https:\/\/rockkofertas.com.es\/index.php\/wp-json\/wp\/v2\/types\/product"}],"replies":[{"embeddable":true,"href":"https:\/\/rockkofertas.com.es\/index.php\/wp-json\/wp\/v2\/comments?post=7775"}],"wp:featuredmedia":[{"embeddable":true,"href":"https:\/\/rockkofertas.com.es\/index.php\/wp-json\/wp\/v2\/media\/7774"}],"wp:attachment":[{"href":"https:\/\/rockkofertas.com.es\/index.php\/wp-json\/wp\/v2\/media?parent=7775"}],"wp:term":[{"taxonomy":"product_cat","embeddable":true,"href":"https:\/\/rockkofertas.com.es\/index.php\/wp-json\/wp\/v2\/product_cat?post=7775"},{"taxonomy":"product_tag","embeddable":true,"href":"https:\/\/rockkofertas.com.es\/index.php\/wp-json\/wp\/v2\/product_tag?post=7775"}],"curies":[{"name":"wp","href":"https:\/\/api.w.org\/{rel}","templated":true}]}}