{"id":7761,"date":"2025-12-11T20:00:50","date_gmt":"2025-12-11T20:00:50","guid":{"rendered":"https:\/\/rockkofertas.com.es\/index.php\/producto\/b01ea3e46s-3\/"},"modified":"2025-12-11T20:00:50","modified_gmt":"2025-12-11T20:00:50","slug":"b01ea3e46s-3","status":"publish","type":"product","link":"https:\/\/rockkofertas.com.es\/index.php\/producto\/b01ea3e46s-3\/","title":{"rendered":"B01EA3E46S"},"content":{"rendered":"<p>&#8211; AJUSTES PERSONALIZABLES DE VELOCIDAD Y TEMPERATURA \u2014 Elige entre 3 niveles de velocidad y temperatura para un control preciso del peinado, adecuado para todo tipo de cabello.<br \/>\n&#8211; TECNOLOG\u00cdA I\u00d3NICA PARA UN PEINADO BRILLANTE Y SUAVE \u2014 Con este cepillo de aire consigues reducir el encrespamiento y potenciar el brillo natural, dejando el cabello suave y brillante despu\u00e9s de cada uso.<br \/>\n&#8211; 1200 W DE POTENCIA PARA UN SECADO Y PEINADO R\u00c1PIDO \u2014 El cepillo secador de pelo AS121E ofrece un secado r\u00e1pido y eficiente, logrando resultados profesionales en poco tiempo.<br \/>\n&#8211; ACCESORIOS VERS\u00c1TILES INCLUIDOS \u2014 El moldeadore de pelo incluye un cepillo t\u00e9rmico cer\u00e1mico de 38 mm, un accesorio para alisar, un cepillo de 20 mm y un cepillo de nylon de 25 mm para opciones de peinado vers\u00e1tiles.<br \/>\n&#8211; DISE\u00d1O SEGURO Y DURADERO \u2014 Este cepillo secador de pelo cuenta con un cable giratorio y funci\u00f3n de apagado autom\u00e1tico para garantizar la seguridad y un rendimiento duradero.<\/p>\n","protected":false},"excerpt":{"rendered":"<p>BaByliss Cepillo de Aire Multistyle &#8211; Cepillo Secador de pelo, Tecnolog\u00eda i\u00f3nica antiencrespamiento, Sistema cer\u00e1mico, 4 accesorios, Vers\u00e1til, Seca, Alisa, Moldea, Agrega Volumen, negro, AS121E<br \/>\n#Publicidad <span class=\"read-more\"><a class=\"more-link btn btn-transparent\" href=\"https:\/\/rockkofertas.com.es\/index.php\/producto\/b01ea3e46s-3\/\">Leer m\u00e1s&#8230;<\/a><\/span><\/p>\n","protected":false},"featured_media":7760,"comment_status":"open","ping_status":"closed","template":"","meta":[],"product_cat":[15],"product_tag":[],"class_list":{"0":"post-7761","1":"product","2":"type-product","3":"status-publish","4":"has-post-thumbnail","6":"product_cat-sin-categorizar","8":"first","9":"instock","10":"shipping-taxable","11":"product-type-external"},"_links":{"self":[{"href":"https:\/\/rockkofertas.com.es\/index.php\/wp-json\/wp\/v2\/product\/7761","targetHints":{"allow":["GET"]}}],"collection":[{"href":"https:\/\/rockkofertas.com.es\/index.php\/wp-json\/wp\/v2\/product"}],"about":[{"href":"https:\/\/rockkofertas.com.es\/index.php\/wp-json\/wp\/v2\/types\/product"}],"replies":[{"embeddable":true,"href":"https:\/\/rockkofertas.com.es\/index.php\/wp-json\/wp\/v2\/comments?post=7761"}],"wp:featuredmedia":[{"embeddable":true,"href":"https:\/\/rockkofertas.com.es\/index.php\/wp-json\/wp\/v2\/media\/7760"}],"wp:attachment":[{"href":"https:\/\/rockkofertas.com.es\/index.php\/wp-json\/wp\/v2\/media?parent=7761"}],"wp:term":[{"taxonomy":"product_cat","embeddable":true,"href":"https:\/\/rockkofertas.com.es\/index.php\/wp-json\/wp\/v2\/product_cat?post=7761"},{"taxonomy":"product_tag","embeddable":true,"href":"https:\/\/rockkofertas.com.es\/index.php\/wp-json\/wp\/v2\/product_tag?post=7761"}],"curies":[{"name":"wp","href":"https:\/\/api.w.org\/{rel}","templated":true}]}}