{"id":7729,"date":"2025-12-10T23:46:39","date_gmt":"2025-12-10T23:46:39","guid":{"rendered":"https:\/\/rockkofertas.com.es\/index.php\/producto\/b0fq2r6fhk\/"},"modified":"2025-12-10T23:46:39","modified_gmt":"2025-12-10T23:46:39","slug":"b0fq2r6fhk","status":"publish","type":"product","link":"https:\/\/rockkofertas.com.es\/index.php\/producto\/b0fq2r6fhk\/","title":{"rendered":"B0FQ2R6FHK"},"content":{"rendered":"<p>&#8211; \ud83c\udfa8 APRENDIZAJE CREATIVO ESTILO MONTESSORI Una herramienta educativa que combina diversi\u00f3n y desarrollo. Tus hijos pueden practicar letras, n\u00fameros o dejar volar su imaginaci\u00f3n dibujando, todo con un enfoque Montessori.<br \/>\n&#8211; \u2601\ufe0f DISE\u00d1O \u00daNICO EN FORMA DE NUBE Su original forma de nube y el suave tono azul pastel decoran el cuarto infantil y lo convierten en un entorno creativo e inspirador.<br \/>\n&#8211; \ud83e\uddf2 SUPERFICIE MAGN\u00c9TICA CON ACCESORIOS Compatible con letras, figuras y n\u00fameros magn\u00e9ticos. Incluye tizas al agua, borrador y portaobjetos magn\u00e9tico. Todo listo para usar desde el primer momento.<br \/>\n&#8211; \ud83d\udcaa DURADERA Y F\u00c1CIL DE LIMPIAR Hecha con materiales resistentes, es perfecta para el uso diario. F\u00e1cil de mantener limpia, se mantiene impecable con cada uso.<br \/>\n&#8211; \ud83d\ude80 INSTALACI\u00d3N R\u00c1PIDA SIN TALADROS NI HERRAMIENTAS Adhesiva y sencilla de colocar. Basta con despegar y pegar sobre superficies lisas. Sin perforaciones, sin complicaciones.<\/p>\n","protected":false},"excerpt":{"rendered":"<p>Mithreel Pizarra Magn\u00e9tica Infantil \u2013 Pizarra Ni\u00f1os, Adhesiva, Forma Nube y de Color con Tizas \u2013 Pizarra Magnetica Adhesiva \u2013 Ideal Regalos para Ni\u00f1as y Ni\u00f1os (Azul Pastel, 120 x 60cm)<br \/>#Publicidad <span class=\"read-more\"><a class=\"more-link btn btn-transparent\" href=\"https:\/\/rockkofertas.com.es\/index.php\/producto\/b0fq2r6fhk\/\">Leer m\u00e1s&#8230;<\/a><\/span><\/p>\n","protected":false},"featured_media":7728,"comment_status":"open","ping_status":"closed","template":"","meta":[],"product_cat":[15],"product_tag":[],"class_list":{"0":"post-7729","1":"product","2":"type-product","3":"status-publish","4":"has-post-thumbnail","6":"product_cat-sin-categorizar","8":"first","9":"instock","10":"shipping-taxable","11":"product-type-external"},"_links":{"self":[{"href":"https:\/\/rockkofertas.com.es\/index.php\/wp-json\/wp\/v2\/product\/7729","targetHints":{"allow":["GET"]}}],"collection":[{"href":"https:\/\/rockkofertas.com.es\/index.php\/wp-json\/wp\/v2\/product"}],"about":[{"href":"https:\/\/rockkofertas.com.es\/index.php\/wp-json\/wp\/v2\/types\/product"}],"replies":[{"embeddable":true,"href":"https:\/\/rockkofertas.com.es\/index.php\/wp-json\/wp\/v2\/comments?post=7729"}],"wp:featuredmedia":[{"embeddable":true,"href":"https:\/\/rockkofertas.com.es\/index.php\/wp-json\/wp\/v2\/media\/7728"}],"wp:attachment":[{"href":"https:\/\/rockkofertas.com.es\/index.php\/wp-json\/wp\/v2\/media?parent=7729"}],"wp:term":[{"taxonomy":"product_cat","embeddable":true,"href":"https:\/\/rockkofertas.com.es\/index.php\/wp-json\/wp\/v2\/product_cat?post=7729"},{"taxonomy":"product_tag","embeddable":true,"href":"https:\/\/rockkofertas.com.es\/index.php\/wp-json\/wp\/v2\/product_tag?post=7729"}],"curies":[{"name":"wp","href":"https:\/\/api.w.org\/{rel}","templated":true}]}}