{"id":7727,"date":"2025-12-10T22:56:33","date_gmt":"2025-12-10T22:56:33","guid":{"rendered":"https:\/\/rockkofertas.com.es\/index.php\/producto\/b0g3k5qg8x\/"},"modified":"2025-12-10T22:56:33","modified_gmt":"2025-12-10T22:56:33","slug":"b0g3k5qg8x","status":"publish","type":"product","link":"https:\/\/rockkofertas.com.es\/index.php\/producto\/b0g3k5qg8x\/","title":{"rendered":"B0G3K5QG8X"},"content":{"rendered":"<p>&#8211; Blanqueamiento dental: nuestra pasta dental puede blanquear los dientes. Puede eliminar las manchas causadas por el caf\u00e9, el t\u00e9, el vino, el tabaco, los refrescos, etc, y eliminar de forma eficaz y r\u00e1pida los dientes amarillos.<br \/>\n&#8211; Limpieza dental profunda: la pasta de dientes violeta para blanquear los dientes puede penetrar en los espacios del esmalte y eliminar las part\u00edculas de comida y las manchas profundas que se han incrustado en \u00e9l.<br \/>\n&#8211; Mantiene el aliento fresco: el cepillo de dientes contiene extractos de hierbas para un sabor fresco duradero, lo que proporciona un aliento fresco y duradero para la salud de los dientes y las enc\u00edas. Es una buena opci\u00f3n para combatir el mal aliento.<br \/>\n&#8211; Material de alta calidad: ingredientes de extractos de plantas, sin agentes blanqueadores industriales, seguro para los dientes, ayuda a eliminar las manchas de forma eficaz, potente y suave.<br \/>\n&#8211; \u00daselo en cualquier momento: esta pasta de dientes es ligera y port\u00e1til, muy pr\u00e1ctica para blanquear los dientes en casa, en la oficina o incluso cuando se viaja<\/p>\n","protected":false},"excerpt":{"rendered":"<p>Pasta de Dientes Morada, Purple Blanqueador Dental V34, Correcci\u00f3n del Color Obsessive Corrector de Color Remoci\u00f3N, de Manchas Dentales Blanqueante<br \/>#Publicidad <span class=\"read-more\"><a class=\"more-link btn btn-transparent\" href=\"https:\/\/rockkofertas.com.es\/index.php\/producto\/b0g3k5qg8x\/\">Leer m\u00e1s&#8230;<\/a><\/span><\/p>\n","protected":false},"featured_media":7726,"comment_status":"open","ping_status":"closed","template":"","meta":[],"product_cat":[15],"product_tag":[],"class_list":{"0":"post-7727","1":"product","2":"type-product","3":"status-publish","4":"has-post-thumbnail","6":"product_cat-sin-categorizar","8":"first","9":"instock","10":"shipping-taxable","11":"product-type-external"},"_links":{"self":[{"href":"https:\/\/rockkofertas.com.es\/index.php\/wp-json\/wp\/v2\/product\/7727","targetHints":{"allow":["GET"]}}],"collection":[{"href":"https:\/\/rockkofertas.com.es\/index.php\/wp-json\/wp\/v2\/product"}],"about":[{"href":"https:\/\/rockkofertas.com.es\/index.php\/wp-json\/wp\/v2\/types\/product"}],"replies":[{"embeddable":true,"href":"https:\/\/rockkofertas.com.es\/index.php\/wp-json\/wp\/v2\/comments?post=7727"}],"wp:featuredmedia":[{"embeddable":true,"href":"https:\/\/rockkofertas.com.es\/index.php\/wp-json\/wp\/v2\/media\/7726"}],"wp:attachment":[{"href":"https:\/\/rockkofertas.com.es\/index.php\/wp-json\/wp\/v2\/media?parent=7727"}],"wp:term":[{"taxonomy":"product_cat","embeddable":true,"href":"https:\/\/rockkofertas.com.es\/index.php\/wp-json\/wp\/v2\/product_cat?post=7727"},{"taxonomy":"product_tag","embeddable":true,"href":"https:\/\/rockkofertas.com.es\/index.php\/wp-json\/wp\/v2\/product_tag?post=7727"}],"curies":[{"name":"wp","href":"https:\/\/api.w.org\/{rel}","templated":true}]}}