{"id":7721,"date":"2025-12-10T16:00:40","date_gmt":"2025-12-10T16:00:40","guid":{"rendered":"https:\/\/rockkofertas.com.es\/index.php\/producto\/b09zqf5gzw-4\/"},"modified":"2025-12-10T16:00:40","modified_gmt":"2025-12-10T16:00:40","slug":"b09zqf5gzw-4","status":"publish","type":"product","link":"https:\/\/rockkofertas.com.es\/index.php\/producto\/b09zqf5gzw-4\/","title":{"rendered":"B09ZQF5GZW"},"content":{"rendered":"<p>&#8211; Super Bass: Equipado con dos radiadores de bajos y una alta potencia de 30 W, el RIENOK altavoz bluetooth le brinda un sonido Hi-Fi potente y rico. Puede cambiar libremente entre la calidad de sonido normal y los super bass presionando el bot\u00f3n \u00abBass\u00bb<br \/>\n&#8211; Impermeable IPX7: Alto grado de impermeabilidad, puede evitar las salpicaduras, la lluvia y el spray suave, por lo que puede disfrutar de una gran m\u00fasica en la ducha, la piscina o la playa sin ninguna preocupaci\u00f3n<br \/>\n&#8211; Bluetooth 5.3: Bluetooth 5.3 proporciona una conexi\u00f3n m\u00e1s r\u00e1pida y estable, compatible con una amplia gama de dispositivos Bluetooth. Tambi\u00e9n admite tarjetas TF y AUX para conectar dispositivos sin Bluetooth, como ordenadores y televisores<br \/>\n&#8211; Sonido Est\u00e9reo inal\u00e1mbrico y luz RGB: Empareja 2 REINOK S1 mini para crear un aut\u00e9ntico sistema est\u00e9reo inal\u00e1mbrico (s\u00f3lo el mismo modelo) y disfrutar del sonido de cine en casa. Adem\u00e1s, la luz RGB cambia con la m\u00fasica para dar vida a tu fiesta<br \/>\n&#8211; Altavoz Port\u00e1til: El altavoz es compacto e incluye un cord\u00f3n para facilitar su transporte. La bater\u00eda de alta capacidad de 3600 mAh admite hasta 30 horas de reproducci\u00f3n (el tiempo real var\u00eda en funci\u00f3n de la luz, el volumen y el tipo de m\u00fasica)<\/p>\n","protected":false},"excerpt":{"rendered":"<p>RIENOK Altavoz Bluetooth 5.3 30W Altavoz Inal\u00e1mbrico Port\u00e1til Impermeable IPX7, Bass, Sonido Est\u00e9reo, Apoya Micro SD AUX<br \/>\n#Publicidad <span class=\"read-more\"><a class=\"more-link btn btn-transparent\" href=\"https:\/\/rockkofertas.com.es\/index.php\/producto\/b09zqf5gzw-4\/\">Leer m\u00e1s&#8230;<\/a><\/span><\/p>\n","protected":false},"featured_media":7720,"comment_status":"open","ping_status":"closed","template":"","meta":[],"product_cat":[15],"product_tag":[],"class_list":{"0":"post-7721","1":"product","2":"type-product","3":"status-publish","4":"has-post-thumbnail","6":"product_cat-sin-categorizar","8":"first","9":"instock","10":"shipping-taxable","11":"product-type-external"},"_links":{"self":[{"href":"https:\/\/rockkofertas.com.es\/index.php\/wp-json\/wp\/v2\/product\/7721","targetHints":{"allow":["GET"]}}],"collection":[{"href":"https:\/\/rockkofertas.com.es\/index.php\/wp-json\/wp\/v2\/product"}],"about":[{"href":"https:\/\/rockkofertas.com.es\/index.php\/wp-json\/wp\/v2\/types\/product"}],"replies":[{"embeddable":true,"href":"https:\/\/rockkofertas.com.es\/index.php\/wp-json\/wp\/v2\/comments?post=7721"}],"wp:featuredmedia":[{"embeddable":true,"href":"https:\/\/rockkofertas.com.es\/index.php\/wp-json\/wp\/v2\/media\/7720"}],"wp:attachment":[{"href":"https:\/\/rockkofertas.com.es\/index.php\/wp-json\/wp\/v2\/media?parent=7721"}],"wp:term":[{"taxonomy":"product_cat","embeddable":true,"href":"https:\/\/rockkofertas.com.es\/index.php\/wp-json\/wp\/v2\/product_cat?post=7721"},{"taxonomy":"product_tag","embeddable":true,"href":"https:\/\/rockkofertas.com.es\/index.php\/wp-json\/wp\/v2\/product_tag?post=7721"}],"curies":[{"name":"wp","href":"https:\/\/api.w.org\/{rel}","templated":true}]}}