{"id":7717,"date":"2025-12-10T12:00:59","date_gmt":"2025-12-10T12:00:59","guid":{"rendered":"https:\/\/rockkofertas.com.es\/index.php\/producto\/b09n46dlr9\/"},"modified":"2025-12-10T12:00:59","modified_gmt":"2025-12-10T12:00:59","slug":"b09n46dlr9","status":"publish","type":"product","link":"https:\/\/rockkofertas.com.es\/index.php\/producto\/b09n46dlr9\/","title":{"rendered":"B09N46DLR9"},"content":{"rendered":"<p>&#8211; POTENTE SALIDA DE 2400 W: La suela cer\u00e1mica de esta plancha de ropa vapor se calienta en 30 segundos y tiene una salida de vapor de 40 g para eliminar las arrugas m\u00e1s rebeldes. Ideal para planchar ropa gruesa, como prendas de lana o vaqueras.<br \/>\n&#8211; PLANCHADO 2 EN 1: Con esta plancha de vapor de ropa puedes planchar con cable o desmontar el cabezal para usarla sin cable, y sin complicaciones.<br \/>\n&#8211; FUNCI\u00d3N SIN CABLE: Usa la plancha inal\u00e1mbrica y sin enredos con calentamiento extrarr\u00e1pido para una potente experiencia de planchado a vapor en 35 segundos. Vuelve a poner la plancha en la base durante 15 segundos para recargarla.<br \/>\n&#8211; SUELA CER\u00c1MICA CERAGLIDE: La suela CeraGlide antiadherente de alto rendimiento resiste a los ara\u00f1azos para deslizarse sin esfuerzo sobre los tejidos y un planchado un 30\u2009% m\u00e1s r\u00e1pido.<br \/>\n&#8211; IMPULSOR DE VAPOR: La plancha para ropa genera un vapor de precisi\u00f3n al planchar prendas grandes y peque\u00f1as, con una salida de vapor de 40 g\/min y un vaporizador de 180 g\/min para combatir las arrugas m\u00e1s dif\u00edciles.<br \/>\n&#8211; DEP\u00d3SITO DE AGUA DE 360ML: Gracias a la gran capacidad del dep\u00f3sito de agua de esta plancha de vapor, puedes planchar una cesta de ropa entera sin perder tiempo en rellenarlo.<br \/>\n&#8211; ANTIGOTEO Y CONTRA LA CAL: La funci\u00f3n antigoteo evita que la ropa se manche, y con un bot\u00f3n de autolimpieza, la funci\u00f3n contra la cal protege y elimina toda acumulaci\u00f3n de cal.<\/p>\n","protected":false},"excerpt":{"rendered":"<p>Tower T22008 CeraGlide &#8211; Plancha de vapor inal\u00e1mbrica con suela de cer\u00e1mica &#8211; Plancha de vapor con funci\u00f3n de vapor variable, color morado<br \/>\n#Publicidad <span class=\"read-more\"><a class=\"more-link btn btn-transparent\" href=\"https:\/\/rockkofertas.com.es\/index.php\/producto\/b09n46dlr9\/\">Leer m\u00e1s&#8230;<\/a><\/span><\/p>\n","protected":false},"featured_media":7716,"comment_status":"open","ping_status":"closed","template":"","meta":[],"product_cat":[15],"product_tag":[],"class_list":{"0":"post-7717","1":"product","2":"type-product","3":"status-publish","4":"has-post-thumbnail","6":"product_cat-sin-categorizar","8":"first","9":"instock","10":"shipping-taxable","11":"product-type-external"},"_links":{"self":[{"href":"https:\/\/rockkofertas.com.es\/index.php\/wp-json\/wp\/v2\/product\/7717","targetHints":{"allow":["GET"]}}],"collection":[{"href":"https:\/\/rockkofertas.com.es\/index.php\/wp-json\/wp\/v2\/product"}],"about":[{"href":"https:\/\/rockkofertas.com.es\/index.php\/wp-json\/wp\/v2\/types\/product"}],"replies":[{"embeddable":true,"href":"https:\/\/rockkofertas.com.es\/index.php\/wp-json\/wp\/v2\/comments?post=7717"}],"wp:featuredmedia":[{"embeddable":true,"href":"https:\/\/rockkofertas.com.es\/index.php\/wp-json\/wp\/v2\/media\/7716"}],"wp:attachment":[{"href":"https:\/\/rockkofertas.com.es\/index.php\/wp-json\/wp\/v2\/media?parent=7717"}],"wp:term":[{"taxonomy":"product_cat","embeddable":true,"href":"https:\/\/rockkofertas.com.es\/index.php\/wp-json\/wp\/v2\/product_cat?post=7717"},{"taxonomy":"product_tag","embeddable":true,"href":"https:\/\/rockkofertas.com.es\/index.php\/wp-json\/wp\/v2\/product_tag?post=7717"}],"curies":[{"name":"wp","href":"https:\/\/api.w.org\/{rel}","templated":true}]}}