{"id":7707,"date":"2025-12-10T03:37:04","date_gmt":"2025-12-10T03:37:04","guid":{"rendered":"https:\/\/rockkofertas.com.es\/index.php\/producto\/b0fqj4sjvw\/"},"modified":"2025-12-10T03:37:04","modified_gmt":"2025-12-10T03:37:04","slug":"b0fqj4sjvw","status":"publish","type":"product","link":"https:\/\/rockkofertas.com.es\/index.php\/producto\/b0fqj4sjvw\/","title":{"rendered":"B0FQJ4SJVW"},"content":{"rendered":"<p>&#8211; Inofensivo para humanos y animales: el repelente ultras\u00f3nico de topos de tipo solar emite fuertes ondas de vibraci\u00f3n y pitidos. Hace que los animales se sientan inc\u00f3modos y pueden ser repelidos sin da\u00f1arlos. Debido a que es un sensor ultras\u00f3nico, puede escuchar un peque\u00f1o sonido. Es inofensivo para humanos y animales, pero se recomienda colocarlo al aire libre.<br \/>\n&#8211; F\u00e1cil de instalar: la instalaci\u00f3n se completa simplemente insert\u00e1ndola en el suelo. Porque es compacto y c\u00f3modo de llevar. Puede instalar f\u00e1cilmente repelentes en varios lugares. Protege varias cosas como jardines de hoteles, jardines de villas, granjas, arrozales y campos agr\u00edcolas de topos.<br \/>\n&#8211; Impermeable y duradero: el repelente para ratones est\u00e1 hecho de materiales ABS y PVC de alta calidad, no es f\u00e1cil de corroer si se coloca al aire libre durante mucho tiempo. Este repelente para topos tiene un buen rendimiento de impermeabilidad y no teme la lluvia. Por lo que no tienes que preocuparte por usarlo en d\u00edas de lluvia.<br \/>\n&#8211; Carga solar: alimentaci\u00f3n mediante c\u00e9lula solar, no requiere bater\u00eda adicional. Instal\u00e1ndolo en un lugar soleado, siempre puede cargar la bater\u00eda integrada y no tiene que preocuparse por quedarse sin bater\u00eda. Dado que el rendimiento de precisi\u00f3n del panel solar se ha mejorado. Una carga completa puede seguir funcionando durante 5-7 d\u00edas para garantizar el trabajo normal en d\u00edas lluviosos o nublados.<br \/>\n&#8211; \u3010Amplia gama de trabajo efectivo\u3011Para obtener un rendimiento \u00f3ptimo, se recomienda colocar los repelentes de topos cada 20 pies en el c\u00e9sped. Los pulsos s\u00f3nicos emitidos 3-4s pulsos s\u00f3nicos durante cada 30 segundos, penetra en el suelo y tambi\u00e9n obliga a los par\u00e1sitos a evacuar el \u00e1rea a trav\u00e9s de la cual viaja el sonido.<\/p>\n","protected":false},"excerpt":{"rendered":"<p>Queath Repelente solar para topos 2025, repelente de hormigas reina para jard\u00edn y camping, Gopher, repelente para serpientes topos, gopher y otros repelentes para topos, 4 piezas<br \/>#Publicidad <span class=\"read-more\"><a class=\"more-link btn btn-transparent\" href=\"https:\/\/rockkofertas.com.es\/index.php\/producto\/b0fqj4sjvw\/\">Leer m\u00e1s&#8230;<\/a><\/span><\/p>\n","protected":false},"featured_media":7706,"comment_status":"open","ping_status":"closed","template":"","meta":[],"product_cat":[15],"product_tag":[],"class_list":{"0":"post-7707","1":"product","2":"type-product","3":"status-publish","4":"has-post-thumbnail","6":"product_cat-sin-categorizar","8":"first","9":"instock","10":"shipping-taxable","11":"product-type-external"},"_links":{"self":[{"href":"https:\/\/rockkofertas.com.es\/index.php\/wp-json\/wp\/v2\/product\/7707","targetHints":{"allow":["GET"]}}],"collection":[{"href":"https:\/\/rockkofertas.com.es\/index.php\/wp-json\/wp\/v2\/product"}],"about":[{"href":"https:\/\/rockkofertas.com.es\/index.php\/wp-json\/wp\/v2\/types\/product"}],"replies":[{"embeddable":true,"href":"https:\/\/rockkofertas.com.es\/index.php\/wp-json\/wp\/v2\/comments?post=7707"}],"wp:featuredmedia":[{"embeddable":true,"href":"https:\/\/rockkofertas.com.es\/index.php\/wp-json\/wp\/v2\/media\/7706"}],"wp:attachment":[{"href":"https:\/\/rockkofertas.com.es\/index.php\/wp-json\/wp\/v2\/media?parent=7707"}],"wp:term":[{"taxonomy":"product_cat","embeddable":true,"href":"https:\/\/rockkofertas.com.es\/index.php\/wp-json\/wp\/v2\/product_cat?post=7707"},{"taxonomy":"product_tag","embeddable":true,"href":"https:\/\/rockkofertas.com.es\/index.php\/wp-json\/wp\/v2\/product_tag?post=7707"}],"curies":[{"name":"wp","href":"https:\/\/api.w.org\/{rel}","templated":true}]}}