{"id":7703,"date":"2025-12-10T03:36:28","date_gmt":"2025-12-10T03:36:28","guid":{"rendered":"https:\/\/rockkofertas.com.es\/index.php\/producto\/b0fztj5swy\/"},"modified":"2025-12-10T03:36:28","modified_gmt":"2025-12-10T03:36:28","slug":"b0fztj5swy","status":"publish","type":"product","link":"https:\/\/rockkofertas.com.es\/index.php\/producto\/b0fztj5swy\/","title":{"rendered":"B0FZTJ5SWY"},"content":{"rendered":"<p>&#8211; 3 niveles de frecuencia: cuando el interruptor se coloca en Ultrasonic ll, el transductor emite ondas sonoras a 25 KHz. Cuando el interruptor se coloca en Ultrasonido L, el transductor emite ondas sonoras a 15KHZ-25KHZ. Cuando el interruptor est\u00e1 colocado en Audio, el sensor y el altavoz ultras\u00f3nico emiten alternativamente ondas sonoras a 3KHZ-25KHZ.<br \/>\n&#8211; Inofensivo: nuestro dispositivo antiladridos del perro utiliza la tecnolog\u00eda de sonido ultras\u00f3nico de alta frecuencia, que no causar\u00e1 ning\u00fan da\u00f1o a los seres humanos o a los perros. Pero puede captar f\u00e1cilmente la atenci\u00f3n de los perros y hacer que no ladren m\u00e1s constante y excesivamente.<br \/>\n&#8211; IPX45 impermeable: el puerto de carga del dispositivo de control de ladridos est\u00e1 equipado con una cubierta, tambi\u00e9n es posible controlar al perro bien en interiores al aire libre en d\u00edas de lluvia. Puedes colgarlo de un \u00e1rbol o colocarlo en cualquier lugar de tu casa o jard\u00edn.<br \/>\n&#8211; Recargable y resistente: nuestro dispositivo antiladridos est\u00e1 equipado con una potente bater\u00eda integrada que soporta la carga mediante cable USB. 5 horas de carga completa pueden funcionar continuamente durante 30 d\u00edas. Nota: la corriente de salida no supera los 2 A.<br \/>\n&#8211; Tecnolog\u00eda ultras\u00f3nica: el perro dejar\u00e1 de ladrar si es estimulado por el sonido. El perro dejar\u00e1 de ladrar porque el sonido ultras\u00f3nico har\u00e1 que se sienta inc\u00f3modo. Puede configurarlo en \u00abOff\u00bb para proteger la bater\u00eda cuando est\u00e1 lejos. El dispositivo de entrenamiento para perros es eficaz para perros de 6 meses a 8 a\u00f1os de tama\u00f1o (5-80 libras). Es mejor entrenar al perro durante 2 semanas.<\/p>\n","protected":false},"excerpt":{"rendered":"<p>Queath Ultrasonidos para perros, 3 niveles ajustables, frecuencia anti aboiement pour chien, silbato ultras\u00f3nico para perros interiores y exteriores, antiladridos + perros grandes medianos<br \/>#Publicidad <span class=\"read-more\"><a class=\"more-link btn btn-transparent\" href=\"https:\/\/rockkofertas.com.es\/index.php\/producto\/b0fztj5swy\/\">Leer m\u00e1s&#8230;<\/a><\/span><\/p>\n","protected":false},"featured_media":7702,"comment_status":"open","ping_status":"closed","template":"","meta":[],"product_cat":[15],"product_tag":[],"class_list":{"0":"post-7703","1":"product","2":"type-product","3":"status-publish","4":"has-post-thumbnail","6":"product_cat-sin-categorizar","8":"first","9":"instock","10":"shipping-taxable","11":"product-type-external"},"_links":{"self":[{"href":"https:\/\/rockkofertas.com.es\/index.php\/wp-json\/wp\/v2\/product\/7703","targetHints":{"allow":["GET"]}}],"collection":[{"href":"https:\/\/rockkofertas.com.es\/index.php\/wp-json\/wp\/v2\/product"}],"about":[{"href":"https:\/\/rockkofertas.com.es\/index.php\/wp-json\/wp\/v2\/types\/product"}],"replies":[{"embeddable":true,"href":"https:\/\/rockkofertas.com.es\/index.php\/wp-json\/wp\/v2\/comments?post=7703"}],"wp:featuredmedia":[{"embeddable":true,"href":"https:\/\/rockkofertas.com.es\/index.php\/wp-json\/wp\/v2\/media\/7702"}],"wp:attachment":[{"href":"https:\/\/rockkofertas.com.es\/index.php\/wp-json\/wp\/v2\/media?parent=7703"}],"wp:term":[{"taxonomy":"product_cat","embeddable":true,"href":"https:\/\/rockkofertas.com.es\/index.php\/wp-json\/wp\/v2\/product_cat?post=7703"},{"taxonomy":"product_tag","embeddable":true,"href":"https:\/\/rockkofertas.com.es\/index.php\/wp-json\/wp\/v2\/product_tag?post=7703"}],"curies":[{"name":"wp","href":"https:\/\/api.w.org\/{rel}","templated":true}]}}