{"id":7683,"date":"2025-12-09T17:57:59","date_gmt":"2025-12-09T17:57:59","guid":{"rendered":"https:\/\/rockkofertas.com.es\/index.php\/producto\/b0fr58c8tk-7\/"},"modified":"2025-12-09T17:57:59","modified_gmt":"2025-12-09T17:57:59","slug":"b0fr58c8tk-7","status":"publish","type":"product","link":"https:\/\/rockkofertas.com.es\/index.php\/producto\/b0fr58c8tk-7\/","title":{"rendered":"B0FR58C8TK"},"content":{"rendered":"<p>&#8211; Bolsa camiseta de asa m\u00e1s vendida en Europa. Alta Carga<br \/>\n&#8211; 4 Paquetes de 1 kg. 200 Galgas<br \/>\n&#8211; Tama\u00f1o: 40 x 50 cm. Peso 1 kg<br \/>\n&#8211; Apta para alimentaci\u00f3n, panader\u00eda, boller\u00eda, transporte.<\/p>\n","protected":false},"excerpt":{"rendered":"<p>Pack Bolsas de Plastico Galga 200 con Asa Camiseta &#8211; 1 kg &#8211; 40 x 50 cm &#8211; Alta Carga &#8211; 50 \u00b5m &#8211; Alta Resistencia &#8211; Reutilizables &#8211; 2 Asas de polietileno de alto rendimiento.  1 kg<br \/>#Publicidad <span class=\"read-more\"><a class=\"more-link btn btn-transparent\" href=\"https:\/\/rockkofertas.com.es\/index.php\/producto\/b0fr58c8tk-7\/\">Leer m\u00e1s&#8230;<\/a><\/span><\/p>\n","protected":false},"featured_media":7682,"comment_status":"open","ping_status":"closed","template":"","meta":[],"product_cat":[15],"product_tag":[],"class_list":{"0":"post-7683","1":"product","2":"type-product","3":"status-publish","4":"has-post-thumbnail","6":"product_cat-sin-categorizar","8":"first","9":"instock","10":"shipping-taxable","11":"product-type-external"},"_links":{"self":[{"href":"https:\/\/rockkofertas.com.es\/index.php\/wp-json\/wp\/v2\/product\/7683","targetHints":{"allow":["GET"]}}],"collection":[{"href":"https:\/\/rockkofertas.com.es\/index.php\/wp-json\/wp\/v2\/product"}],"about":[{"href":"https:\/\/rockkofertas.com.es\/index.php\/wp-json\/wp\/v2\/types\/product"}],"replies":[{"embeddable":true,"href":"https:\/\/rockkofertas.com.es\/index.php\/wp-json\/wp\/v2\/comments?post=7683"}],"wp:featuredmedia":[{"embeddable":true,"href":"https:\/\/rockkofertas.com.es\/index.php\/wp-json\/wp\/v2\/media\/7682"}],"wp:attachment":[{"href":"https:\/\/rockkofertas.com.es\/index.php\/wp-json\/wp\/v2\/media?parent=7683"}],"wp:term":[{"taxonomy":"product_cat","embeddable":true,"href":"https:\/\/rockkofertas.com.es\/index.php\/wp-json\/wp\/v2\/product_cat?post=7683"},{"taxonomy":"product_tag","embeddable":true,"href":"https:\/\/rockkofertas.com.es\/index.php\/wp-json\/wp\/v2\/product_tag?post=7683"}],"curies":[{"name":"wp","href":"https:\/\/api.w.org\/{rel}","templated":true}]}}