{"id":7639,"date":"2025-12-07T20:01:21","date_gmt":"2025-12-07T20:01:21","guid":{"rendered":"https:\/\/rockkofertas.com.es\/index.php\/producto\/b0clr8bzhf\/"},"modified":"2025-12-07T20:01:21","modified_gmt":"2025-12-07T20:01:21","slug":"b0clr8bzhf","status":"publish","type":"product","link":"https:\/\/rockkofertas.com.es\/index.php\/producto\/b0clr8bzhf\/","title":{"rendered":"B0CLR8BZHF"},"content":{"rendered":"<p>&#8211; \u3010El soporte lumbar ajustable protege tu columna vertebral\u3011: El soporte lumbar ergon\u00f3mico de nuestra silla de oficina est\u00e1 equipado con un respaldo ajustable para adaptarse al tama\u00f1o de tu cuerpo. Proporciona un apoyo \u00f3ptimo para la espalda baja, los hombros y el cuello. El dise\u00f1o en forma de S de la silla mantiene su columna vertebral correctamente alineada y sostenida, mientras que el reposacabezas ajustable evita que su cabeza se vuelva hacia adelante, reduciendo as\u00ed el dolor. Disfruta de la m\u00e1xima comodidad con nuestra silla de oficina.<br \/>\n&#8211; \u3010C\u00f3modas sillas de oficina\u3011: Nuestras sillas de oficina extra grandes est\u00e1n acolchadas con espuma de alta resistencia para reducir el dolor de cadera y la presi\u00f3n en los muslos. La malla transpirable permite que el aire circule, evitando as\u00ed molestias relacionadas con la sudoraci\u00f3n. Los reposabrazos acolchados de poliuretano de nuestra silla de oficina no causar\u00e1n irritaci\u00f3n de la piel y ofrecen apoyo durante todo el d\u00eda, as\u00ed como una comodidad inigualable.<br \/>\n&#8211; \u3010Una silla de oficina totalmente ajustable\u3011: todos los ajustes que necesita se encuentran en nuestra silla de oficina de malla. Esta silla de oficina con respaldo alto est\u00e1 equipada con un reposacabezas 3D, una funci\u00f3n de inclinaci\u00f3n de 90 a 125\u00b0 con bloqueo de 3 \u00e1ngulos, apoyabrazos plegables y altura ajustable de silla y respaldo. Por lo tanto, las personas de diferentes tama\u00f1os (de 150 cm a 185 cm) pueden encontrar la postura m\u00e1s c\u00f3moda que existe.<br \/>\n&#8211; \u3010Una silla de ordenador de 120kg\u3011: Todas nuestras sillas de oficina con ruedas est\u00e1n fabricadas con materiales de alta calidad, certificados BIFMA y SGS. Est\u00e1n dotadas de un robusto marco original en forma de Y con un componente de hierro de 5 mm, lo que garantiza una inclinaci\u00f3n segura. La base giratoria de 5 estrellas, el cilindro de gas y las ruedas silenciosas y lisas garantizan una mayor estabilidad y durabilidad para esta silla de oficina ergon\u00f3mica.<br \/>\n&#8211; \u3010Facilidad de montaje\u3011: La instalaci\u00f3n de nuestra silla de oficina es r\u00e1pida, solo 20 minutos es suficiente. Adem\u00e1s, ofrecemos una garant\u00eda de un a\u00f1o y un excelente servicio al cliente, para que su experiencia de compra sea sin esfuerzo. Si tiene alguna pregunta sobre esta silla de oficina, no dude en ponerse en contacto con nosotros. Estamos aqu\u00ed para ayudarlo de todo coraz\u00f3n y brindarle una soluci\u00f3n satisfactoria.<\/p>\n","protected":false},"excerpt":{"rendered":"<p>SOSINYA Silla De Oficina Ergon\u00f3mica,Silla De Escritorio con Reposacabezas Ajustable, Plegable,Soporte Lumbar Ajustable,Silla Giratoria De Malla 360\u00b0,hasta 120Kg (519-WG)<br \/>\n#Publicidad <span class=\"read-more\"><a class=\"more-link btn btn-transparent\" href=\"https:\/\/rockkofertas.com.es\/index.php\/producto\/b0clr8bzhf\/\">Leer m\u00e1s&#8230;<\/a><\/span><\/p>\n","protected":false},"featured_media":7638,"comment_status":"open","ping_status":"closed","template":"","meta":[],"product_cat":[15],"product_tag":[],"class_list":{"0":"post-7639","1":"product","2":"type-product","3":"status-publish","4":"has-post-thumbnail","6":"product_cat-sin-categorizar","8":"first","9":"instock","10":"shipping-taxable","11":"product-type-external"},"_links":{"self":[{"href":"https:\/\/rockkofertas.com.es\/index.php\/wp-json\/wp\/v2\/product\/7639","targetHints":{"allow":["GET"]}}],"collection":[{"href":"https:\/\/rockkofertas.com.es\/index.php\/wp-json\/wp\/v2\/product"}],"about":[{"href":"https:\/\/rockkofertas.com.es\/index.php\/wp-json\/wp\/v2\/types\/product"}],"replies":[{"embeddable":true,"href":"https:\/\/rockkofertas.com.es\/index.php\/wp-json\/wp\/v2\/comments?post=7639"}],"wp:featuredmedia":[{"embeddable":true,"href":"https:\/\/rockkofertas.com.es\/index.php\/wp-json\/wp\/v2\/media\/7638"}],"wp:attachment":[{"href":"https:\/\/rockkofertas.com.es\/index.php\/wp-json\/wp\/v2\/media?parent=7639"}],"wp:term":[{"taxonomy":"product_cat","embeddable":true,"href":"https:\/\/rockkofertas.com.es\/index.php\/wp-json\/wp\/v2\/product_cat?post=7639"},{"taxonomy":"product_tag","embeddable":true,"href":"https:\/\/rockkofertas.com.es\/index.php\/wp-json\/wp\/v2\/product_tag?post=7639"}],"curies":[{"name":"wp","href":"https:\/\/api.w.org\/{rel}","templated":true}]}}