{"id":7635,"date":"2025-12-07T16:00:55","date_gmt":"2025-12-07T16:00:55","guid":{"rendered":"https:\/\/rockkofertas.com.es\/index.php\/producto\/b09vy51p92\/"},"modified":"2025-12-07T16:00:55","modified_gmt":"2025-12-07T16:00:55","slug":"b09vy51p92","status":"publish","type":"product","link":"https:\/\/rockkofertas.com.es\/index.php\/producto\/b09vy51p92\/","title":{"rendered":"B09VY51P92"},"content":{"rendered":"<p>&#8211; [CALIDAD] &#8211; Hecha al 100% de algod\u00f3n, esta camiseta es s\u00faper suave y ha sido confeccionada con una calidad excepcional.<br \/>\n&#8211; [C\u00d3MODO] &#8211; Hecha al 100% de algod\u00f3n, esta camiseta es s\u00faper suave y c\u00f3moda, ideal para usar cuando te relajas en casa o cuando sales al aire libre.<br \/>\n&#8211; [PR\u00c1CTICO] &#8211; Esta camiseta ligera es transpirable y perfecta para la piel, ideal para relajarse o incluso para aventurarse al aire libre.<br \/>\n&#8211; [CARACTER\u00cdSTICAS] &#8211; Incluye un frente con marca y un cuello con cinta para mantener la forma.<br \/>\n&#8211; [CUIDADO DE LAVADO] &#8211; Lavar a 40 grados, no usar blanqueador, no secar en secadora, planchar a baja temperatura.<\/p>\n","protected":false},"excerpt":{"rendered":"<p>DKNY Hombres Camiseta de Cuello Redondo Negro\/Blanco\/Gris Paquete de 3 XL<br \/>\n#Publicidad <span class=\"read-more\"><a class=\"more-link btn btn-transparent\" href=\"https:\/\/rockkofertas.com.es\/index.php\/producto\/b09vy51p92\/\">Leer m\u00e1s&#8230;<\/a><\/span><\/p>\n","protected":false},"featured_media":7634,"comment_status":"open","ping_status":"closed","template":"","meta":[],"product_cat":[15],"product_tag":[],"class_list":{"0":"post-7635","1":"product","2":"type-product","3":"status-publish","4":"has-post-thumbnail","6":"product_cat-sin-categorizar","8":"first","9":"instock","10":"shipping-taxable","11":"product-type-external"},"_links":{"self":[{"href":"https:\/\/rockkofertas.com.es\/index.php\/wp-json\/wp\/v2\/product\/7635","targetHints":{"allow":["GET"]}}],"collection":[{"href":"https:\/\/rockkofertas.com.es\/index.php\/wp-json\/wp\/v2\/product"}],"about":[{"href":"https:\/\/rockkofertas.com.es\/index.php\/wp-json\/wp\/v2\/types\/product"}],"replies":[{"embeddable":true,"href":"https:\/\/rockkofertas.com.es\/index.php\/wp-json\/wp\/v2\/comments?post=7635"}],"wp:featuredmedia":[{"embeddable":true,"href":"https:\/\/rockkofertas.com.es\/index.php\/wp-json\/wp\/v2\/media\/7634"}],"wp:attachment":[{"href":"https:\/\/rockkofertas.com.es\/index.php\/wp-json\/wp\/v2\/media?parent=7635"}],"wp:term":[{"taxonomy":"product_cat","embeddable":true,"href":"https:\/\/rockkofertas.com.es\/index.php\/wp-json\/wp\/v2\/product_cat?post=7635"},{"taxonomy":"product_tag","embeddable":true,"href":"https:\/\/rockkofertas.com.es\/index.php\/wp-json\/wp\/v2\/product_tag?post=7635"}],"curies":[{"name":"wp","href":"https:\/\/api.w.org\/{rel}","templated":true}]}}