{"id":7631,"date":"2025-12-07T11:04:35","date_gmt":"2025-12-07T11:04:35","guid":{"rendered":"https:\/\/rockkofertas.com.es\/index.php\/producto\/b0fsrqm97m\/"},"modified":"2025-12-07T11:04:35","modified_gmt":"2025-12-07T11:04:35","slug":"b0fsrqm97m","status":"publish","type":"product","link":"https:\/\/rockkofertas.com.es\/index.php\/producto\/b0fsrqm97m\/","title":{"rendered":"B0FSRQM97M"},"content":{"rendered":"<p>&#8211; \ud83d\udc8e\u3010NAIXUES Reloj Inteligente Mujer de Moda\u3011 Este smartwatch mujer cuenta con una esfera redonda de 1,27 pulgadas, bisel de acero inoxidable en oro rosa y caja con acabado dorado cepillado. Con un peso de tan solo 20,5 gramos, es ligero y elegante. Incluye tres correas: una de acero inoxidable, una ventilada y una de silicona hipoalerg\u00e9nica, lo que lo hace ideal para diversas ocasiones, desde eventos formales y deportivos hasta el uso diario, a\u00f1adiendo un toque de estilo a tu mu\u00f1eca<br \/>\n&#8211; \ud83d\udc69\ud83c\udffb\u200d\u2695\ufe0f\u3010Monitoreo de Salud 24\/7\u3011 El reloj mujer ofrece monitoreo continuo de alta precisi\u00f3n de la frecuencia card\u00edaca y la saturaci\u00f3n de SpO2, y cuenta con un sistema profesional de monitoreo del sue\u00f1o para que comprendas a fondo tu estado f\u00edsico. El reloj inteligente mujer incorpora funciones de seguimiento del estado de \u00e1nimo y el estr\u00e9s, junto con t\u00e9cnicas de respiraci\u00f3n guiadas cient\u00edficamente, para ayudarte a optimizar tu estado de \u00e1nimo y mantener una mente sana y feliz<br \/>\n&#8211; \ud83e\udd30\ud83c\udffb\u3010Asistente de Salud Femenina\u3011 Este relojes inteligentes mujeres est\u00e1 dise\u00f1ado espec\u00edficamente para ellas. Ofrece un seguimiento y predicci\u00f3n inteligente del ciclo menstrual, d\u00edas de ovulaci\u00f3n y ventana f\u00e9rtil. Toda esta informaci\u00f3n se presenta de forma visual en una clara vista de calendario dentro de la aplicaci\u00f3n del smartwatch mujer, donde tambi\u00e9n puedes recibir recordatorios de tu ciclo. Esto permite a cada mujer brindarse un cuidado cient\u00edfico y lleno de delicadez dentro de su ajetreada vida<br \/>\n&#8211; \ud83d\udeb4\ud83c\udffb\u200d\u2640\ufe0f\u301070+ Modos Deportivos &amp; IP68 Impermeable\u3011Este reloj deportivo mujer, con una bater\u00eda de 300 mAh recientemente mejorada, incluye m\u00e1s de 70 modos deportivos integrados. Cubre de forma integral diversas actividades como correr, yoga, ciclismo y m\u00e1s. Con una certificaci\u00f3n de resistencia al agua IP68, resiste sin problemas el sudor y la lluvia. Puedes activar el recordatorio inteligente de hidrataci\u00f3n durante tus entrenamientos. El reloj te ayuda a crear un h\u00e1bito de hidrataci\u00f3n saludable, para que tus entrenamientos sean m\u00e1s largos, eficientes y beneficiosos para tu salud<br \/>\n&#8211; \u260e\ufe0f\u3010Bater\u00eda de larga duraci\u00f3n y esferas personalizadas\u3011 Una sola carga completa del reloj inteligente mujer solo tarda 2 horas, proporcionando hasta 5-7 d\u00edas de autonom\u00eda, para que no tengas que preocuparte por la bater\u00eda. Tambi\u00e9n ofrece m\u00e1s de 400 preciosas esferas online y admite fondos de pantalla personalizados con fotos, lo que te permite renovar tu estilo a diario y mostrar tu personalidad \u00fanica en todo momento<br \/>\n&#8211; \ud83d\udd0b\u3010Gestor de Comunicaci\u00f3n Inteligente\u3011 Este reloj inteligente mujer con ilamadas no solo permite realizar y recibir llamadas directamente desde el reloj, sino que tambi\u00e9n sincroniza los contactos y recibe notificaciones de diversas redes sociales, facilitando el acceso a la informaci\u00f3n importante. Gracias a la tecnolog\u00eda Bluetooth 5.3, ofrece conexiones m\u00e1s r\u00e1pidas y una transmisi\u00f3n m\u00e1s estable, garantizando una comunicaci\u00f3n fluida y sin interrupciones<br \/>\n&#8211; \u2699\ufe0f\u3010M\u00e1s funciones\u3011 Esto es mucho m\u00e1s que un smart wartch mujer; \u00a1es una sorpresa navide\u00f1a cuidadosamente dise\u00f1ada! El reloj cuenta con control remoto de la c\u00e1mara, control de m\u00fasica, informaci\u00f3n meteorol\u00f3gica en tiempo real y monitorizaci\u00f3n UV. Este reloj inteligente es compatible con Android 4.4, iOS 9.0 y versiones posteriores, lo que garantiza que ese regalo tan especial que le hagas llegue a tu ser querido al instante<\/p>\n","protected":false},"excerpt":{"rendered":"<p>NAIXUES Reloj Inteligente Mujer con Llamadas, 1,27&#8243; Smartwatch Mujer con 3 Correas, Funci\u00f3n Femenina, Pulsometro\/SpO2\/Monitor de Sue\u00f1o\/70+ Modos Deportivos\/Calor\u00edas\/IP68 Pod\u00f3metro\/Android iOS Rosa Oro<br \/>#Publicidad <span class=\"read-more\"><a class=\"more-link btn btn-transparent\" href=\"https:\/\/rockkofertas.com.es\/index.php\/producto\/b0fsrqm97m\/\">Leer m\u00e1s&#8230;<\/a><\/span><\/p>\n","protected":false},"featured_media":7630,"comment_status":"open","ping_status":"closed","template":"","meta":[],"product_cat":[15],"product_tag":[],"class_list":{"0":"post-7631","1":"product","2":"type-product","3":"status-publish","4":"has-post-thumbnail","6":"product_cat-sin-categorizar","8":"first","9":"instock","10":"shipping-taxable","11":"product-type-external"},"_links":{"self":[{"href":"https:\/\/rockkofertas.com.es\/index.php\/wp-json\/wp\/v2\/product\/7631","targetHints":{"allow":["GET"]}}],"collection":[{"href":"https:\/\/rockkofertas.com.es\/index.php\/wp-json\/wp\/v2\/product"}],"about":[{"href":"https:\/\/rockkofertas.com.es\/index.php\/wp-json\/wp\/v2\/types\/product"}],"replies":[{"embeddable":true,"href":"https:\/\/rockkofertas.com.es\/index.php\/wp-json\/wp\/v2\/comments?post=7631"}],"wp:featuredmedia":[{"embeddable":true,"href":"https:\/\/rockkofertas.com.es\/index.php\/wp-json\/wp\/v2\/media\/7630"}],"wp:attachment":[{"href":"https:\/\/rockkofertas.com.es\/index.php\/wp-json\/wp\/v2\/media?parent=7631"}],"wp:term":[{"taxonomy":"product_cat","embeddable":true,"href":"https:\/\/rockkofertas.com.es\/index.php\/wp-json\/wp\/v2\/product_cat?post=7631"},{"taxonomy":"product_tag","embeddable":true,"href":"https:\/\/rockkofertas.com.es\/index.php\/wp-json\/wp\/v2\/product_tag?post=7631"}],"curies":[{"name":"wp","href":"https:\/\/api.w.org\/{rel}","templated":true}]}}