{"id":7577,"date":"2025-12-05T10:52:23","date_gmt":"2025-12-05T10:52:23","guid":{"rendered":"https:\/\/rockkofertas.com.es\/index.php\/producto\/b0g3x482fq\/"},"modified":"2025-12-05T10:52:23","modified_gmt":"2025-12-05T10:52:23","slug":"b0g3x482fq","status":"publish","type":"product","link":"https:\/\/rockkofertas.com.es\/index.php\/producto\/b0g3x482fq\/","title":{"rendered":"B0G3X482FQ"},"content":{"rendered":"<p>&#8211; \u3010 Limpieza profunda y cuidado de las enc\u00edas\u3011\u200cEl irrigador bucal inal\u00e1mbrico funciona con 1400-1800 impulsos\/min y una presi\u00f3n de agua precisa de 10-135 PSI, eliminando incluso los restos de comida m\u00e1s persistentes. Con un nivel de ruido de solo 55\u202fdB y una eficiencia de limpieza del 99,99\u202f%, protege contra la placa, caries y problemas de enc\u00edas, ideal para dientes sensibles y un aliento fresco. Como irrigador bucal ganador de pruebas, su eficacia est\u00e1 cl\u00ednicamente comprobada.<br \/>\n&#8211; \u3010 5 modos y 3 intensidades\u3011\u200cEste Water Flosser ofrece 20 niveles de presi\u00f3n: Soft, Clean, Shoot, Pulse, cada uno con 3 intensidades, adem\u00e1s de un modo personalizado con 8 niveles, para una limpieza profunda adaptada a toda la familia. Ideal para ortodoncia, implantes o enc\u00edas sensibles. Gracias a la funci\u00f3n de memoria, el dispositivo recuerda tu \u00faltima configuraci\u00f3n para un uso eficiente y personalizado.<br \/>\n&#8211; \u3010Dep\u00f3sito de agua de gran capacidad de 300 ml y base desmontable\u3011\u200cEl dep\u00f3sito de 300\u202fml es lo suficientemente grande para una limpieza completa sin recargas. Adem\u00e1s, se puede desmontar para una limpieza y secado m\u00e1s intensos. En comparaci\u00f3n con dep\u00f3sitos tradicionales, la base desmontable reduce hasta un 28\u202f% la formaci\u00f3n de bacterias. El dispositivo tiene certificaci\u00f3n IPX7 y se puede usar de forma segura en la ducha o la ba\u00f1era.<br \/>\n&#8211; \u30105 boquillas intercambiables y tecnolog\u00eda de limpieza de 360\u00b0\u3011\u200c Este irrigador bucal inal\u00e1mbrico viene con 5 puntas de repuesto. La boquilla giratoria de 360\u00b0 permite una limpieza profunda desde cualquier \u00e1ngulo, ayudando eficazmente contra caries, manchas y problemas de enc\u00edas. Perfecto para toda la familia y especialmente ideal para dientes sensibles.<br \/>\n&#8211; \u3010 S\u00faper duraci\u00f3n de bater\u00eda de 45 d\u00edas\u3011\u200cEl irrigador bucal port\u00e1til es el compa\u00f1ero perfecto en casa o de viaje. Gracias a su potente bater\u00eda, el dispositivo funciona hasta 45 d\u00edas tras una carga completa. El dise\u00f1o ergon\u00f3mico y delgado se adapta c\u00f3modamente a la mano, garantizando una experiencia c\u00f3moda. Compacto, ligero y con estilo: un merecido ganador del premio Irrigador Bucal del A\u00f1o 2025 para tu cuidado dental diario.<\/p>\n","protected":false},"excerpt":{"rendered":"<p>Irrigador Dental Portatil DIY, Irrigador Bucal Inal\u00e1mbrico 5 Modos y 3 Intensidades, Dep\u00f3sito 300 ml y Base Extra\u00edble, Carga USB, Impermeable IPX7, Sin BPA, Silencioso, para Viajes y Hogar<br \/>#Publicidad <span class=\"read-more\"><a class=\"more-link btn btn-transparent\" href=\"https:\/\/rockkofertas.com.es\/index.php\/producto\/b0g3x482fq\/\">Leer m\u00e1s&#8230;<\/a><\/span><\/p>\n","protected":false},"featured_media":7576,"comment_status":"open","ping_status":"closed","template":"","meta":[],"product_cat":[15],"product_tag":[],"class_list":{"0":"post-7577","1":"product","2":"type-product","3":"status-publish","4":"has-post-thumbnail","6":"product_cat-sin-categorizar","8":"first","9":"instock","10":"shipping-taxable","11":"product-type-external"},"_links":{"self":[{"href":"https:\/\/rockkofertas.com.es\/index.php\/wp-json\/wp\/v2\/product\/7577","targetHints":{"allow":["GET"]}}],"collection":[{"href":"https:\/\/rockkofertas.com.es\/index.php\/wp-json\/wp\/v2\/product"}],"about":[{"href":"https:\/\/rockkofertas.com.es\/index.php\/wp-json\/wp\/v2\/types\/product"}],"replies":[{"embeddable":true,"href":"https:\/\/rockkofertas.com.es\/index.php\/wp-json\/wp\/v2\/comments?post=7577"}],"wp:featuredmedia":[{"embeddable":true,"href":"https:\/\/rockkofertas.com.es\/index.php\/wp-json\/wp\/v2\/media\/7576"}],"wp:attachment":[{"href":"https:\/\/rockkofertas.com.es\/index.php\/wp-json\/wp\/v2\/media?parent=7577"}],"wp:term":[{"taxonomy":"product_cat","embeddable":true,"href":"https:\/\/rockkofertas.com.es\/index.php\/wp-json\/wp\/v2\/product_cat?post=7577"},{"taxonomy":"product_tag","embeddable":true,"href":"https:\/\/rockkofertas.com.es\/index.php\/wp-json\/wp\/v2\/product_tag?post=7577"}],"curies":[{"name":"wp","href":"https:\/\/api.w.org\/{rel}","templated":true}]}}