{"id":7571,"date":"2025-12-05T06:20:43","date_gmt":"2025-12-05T06:20:43","guid":{"rendered":"https:\/\/rockkofertas.com.es\/index.php\/producto\/b0g1t8kybc\/"},"modified":"2025-12-05T06:20:43","modified_gmt":"2025-12-05T06:20:43","slug":"b0g1t8kybc","status":"publish","type":"product","link":"https:\/\/rockkofertas.com.es\/index.php\/producto\/b0g1t8kybc\/","title":{"rendered":"B0G1T8KYBC"},"content":{"rendered":"<p>&#8211; \u3010LAMTTO 3 en 1 Adaptador CarPlay Inal\u00e1mbrico\u3011Disfruta del nuevo 3 en 1 carplay inalambrico con Mirror Link. Compatible con CarPlay inal\u00e1mbrico, Android Auto, AirPlay y Miracast. Convierte f\u00e1cilmente tu sistema CarPlay con cable a conectividad inal\u00e1mbrica y olv\u00eddate de los cables enredados. Dise\u00f1ado espec\u00edficamente para tel\u00e9fonos iOS y Android, ofrece una experiencia de conectividad m\u00e1s inteligente, r\u00e1pida y c\u00f3moda en cada viaje. (Compatible solo con Android 11+\/iOS 10+ y sistemas con cable originales. No compatible con BM-W, Ben-z ni Tes-la).<br \/>\n&#8211; \u3010Disfruta de Streaming Fluido con Calidad Cinematogr\u00e1fica\u3011Consigue streaming de v\u00eddeo con latencia ultrabaja mediante AirPlay o Miracast inal\u00e1mbricos. Disfruta de series y pel\u00edculas a trav\u00e9s del sistema de audio de tu coche, con una calidad de reproducci\u00f3n impecable para TikTok y YouTube. Compatible con tel\u00e9fonos Apple y Android. Nota: Est\u00e1 prohibido duplicar v\u00eddeos con derechos de autor. Perfecto para viajes, descansos en el coche, acampadas y para entretener a los pasajeros.<br \/>\n&#8211; \u3010Doble Compatibilidad con CarPlay Inal\u00e1mbrico y Android Auto\u3011LAMTTO adaptador inal\u00e1mbrico para CarPlay o Android Auto convierte f\u00e1cilmente tu CarPlay con cable en CarPlay inal\u00e1mbrico, brind\u00e1ndote acceso ininterrumpido a navegaci\u00f3n, m\u00fasica, llamadas y asistentes de voz sin la molestia de los cables.<br \/>\n&#8211; \u3010Dise\u00f1o Ultracompacto que Ahorra Espacio en tu Coche\u3011Con un revolucionario dise\u00f1o ultrafino (0.9 x 0.8 pulgada), es un 50 % m\u00e1s peque\u00f1o que los adaptadores tradicionales. Este adaptador inal\u00e1mbrico android auto, ligero y duradero, est\u00e1 fabricado con materiales nanocompuestos mejorados, integr\u00e1ndose a la perfecci\u00f3n en cualquier interior del veh\u00edculo y proporcionando una conectividad inteligente realmente fluida.<br \/>\n&#8211; \u3010Conexi\u00f3n Instant\u00e1nea y Ajuste Seguro, Sin Vibraciones ni Desconexiones\u3011Configurar el adaptador inal\u00e1mbrico CarPlay para Android Auto solo toma unos segundos: conecta tu dispositivo, activa el Wi-Fi y el Bluetooth de tu tel\u00e9fono y empareja para disfrutar del adaptador inal\u00e1mbrico CarPlay de LAMTTO. Su dise\u00f1o innovador se adapta perfectamente a la mayor\u00eda de los puertos USB de los autos. Las rigurosas pruebas de vibraci\u00f3n garantizan una conectividad estable incluso en condiciones de conducci\u00f3n exigentes.<br \/>\n&#8211; \u3010Conectividad de Doble Banda R\u00e1pida y Estable\u3011LAMTTO carplay inalambrico mejorado cuenta con Wi-Fi de doble banda de 2.4\/5 GHz y Bluetooth 5.0 integrados, lo que proporciona velocidades de emparejamiento m\u00e1s r\u00e1pidas, latencia ultrabaja y un rendimiento estable. Disfruta de navegaci\u00f3n, llamadas y reproducci\u00f3n de m\u00fasica en streaming sin interrupciones. El chip avanzado garantiza una transmisi\u00f3n de se\u00f1al estable, asegurando una reconexi\u00f3n fluida despu\u00e9s del emparejamiento inicial cada vez que enciendes tu veh\u00edculo.<br \/>\n&#8211; \u3010Actualizaciones de firmware OTA y servicios profesionales\u3011Actualiza f\u00e1cilmente tu firmware simplemente ingresando 192.168.1.101 en el navegador de tu m\u00f3vil. Las actualizaciones peri\u00f3dicas de software garantizan el funcionamiento \u00f3ptimo de tu adaptador Android Auto inal\u00e1mbrico o carPlay inal\u00e1mbrico. LAMTTO ofrece 24 meses de garant\u00eda de compra sin riesgo y soporte 24\/7.<\/p>\n","protected":false},"excerpt":{"rendered":"<p>LAMTTO 3 en 1 Mirror Link Adaptador Android Auto Carplay inalambrico con Ultra Mini, USB-C\/A, Plug and Play, WiFi Dual 2.4\/5 GHz, Bluetooth 5.0, Sin Latencia, Compatible con iOS 10+\/Android 11+C<br \/>#Publicidad <span class=\"read-more\"><a class=\"more-link btn btn-transparent\" href=\"https:\/\/rockkofertas.com.es\/index.php\/producto\/b0g1t8kybc\/\">Leer m\u00e1s&#8230;<\/a><\/span><\/p>\n","protected":false},"featured_media":7570,"comment_status":"open","ping_status":"closed","template":"","meta":[],"product_cat":[15],"product_tag":[],"class_list":{"0":"post-7571","1":"product","2":"type-product","3":"status-publish","4":"has-post-thumbnail","6":"product_cat-sin-categorizar","8":"first","9":"instock","10":"shipping-taxable","11":"product-type-external"},"_links":{"self":[{"href":"https:\/\/rockkofertas.com.es\/index.php\/wp-json\/wp\/v2\/product\/7571","targetHints":{"allow":["GET"]}}],"collection":[{"href":"https:\/\/rockkofertas.com.es\/index.php\/wp-json\/wp\/v2\/product"}],"about":[{"href":"https:\/\/rockkofertas.com.es\/index.php\/wp-json\/wp\/v2\/types\/product"}],"replies":[{"embeddable":true,"href":"https:\/\/rockkofertas.com.es\/index.php\/wp-json\/wp\/v2\/comments?post=7571"}],"wp:featuredmedia":[{"embeddable":true,"href":"https:\/\/rockkofertas.com.es\/index.php\/wp-json\/wp\/v2\/media\/7570"}],"wp:attachment":[{"href":"https:\/\/rockkofertas.com.es\/index.php\/wp-json\/wp\/v2\/media?parent=7571"}],"wp:term":[{"taxonomy":"product_cat","embeddable":true,"href":"https:\/\/rockkofertas.com.es\/index.php\/wp-json\/wp\/v2\/product_cat?post=7571"},{"taxonomy":"product_tag","embeddable":true,"href":"https:\/\/rockkofertas.com.es\/index.php\/wp-json\/wp\/v2\/product_tag?post=7571"}],"curies":[{"name":"wp","href":"https:\/\/api.w.org\/{rel}","templated":true}]}}