{"id":7559,"date":"2025-12-04T13:12:23","date_gmt":"2025-12-04T13:12:23","guid":{"rendered":"https:\/\/rockkofertas.com.es\/index.php\/producto\/b0fbw56nv2\/"},"modified":"2025-12-04T13:12:23","modified_gmt":"2025-12-04T13:12:23","slug":"b0fbw56nv2","status":"publish","type":"product","link":"https:\/\/rockkofertas.com.es\/index.php\/producto\/b0fbw56nv2\/","title":{"rendered":"B0FBW56NV2"},"content":{"rendered":"<p>&#8211; \ud83d\udccc\u3010\ud835\ude48\u00e1\ud835\ude68 \ud835\ude49\ud835\ude6a\ud835\ude5a\ud835\ude6b\ud835\ude64 \ud835\ude3e\ud835\ude56\ud835\ude67\ud835\ude65\ud835\ude61\ud835\ude56\ud835\ude6e \ud835\ude44\ud835\ude63\ud835\ude56\ud835\ude61\u00e1\ud835\ude62\ud835\ude57\ud835\ude67\ud835\ude5e\ud835\ude58\ud835\ude64 \ud835\ude6e \ud835\ude3c\ud835\ude63\ud835\ude59\ud835\ude67\ud835\ude64\ud835\ude5e\ud835\ude59 \ud835\ude3c\ud835\ude6a\ud835\ude69\ud835\ude64\u3011 Conecte sin problemas a trav\u00e9s de CarPlay inal\u00e1mbrico o cableado y Android Auto para un viaje m\u00e1s inteligente, seguro y agradable. Accede a la navegaci\u00f3n, llamadas, mensajes, correos electr\u00f3nicos y su m\u00fasica favorita sin esfuerzo. Con asistente de voz, mantenga el control sin levantar un dedo, mejorando la comodidad, la eficiencia y la seguridad en cada unidad<br \/>\n&#8211; \ud83d\udca1\u3010\ud835\ude3c\ud835\ude65\ud835\ude56\ud835\ude67\ud835\ude58\ud835\ude56\ud835\ude62\ud835\ude5e\ud835\ude5a\ud835\ude63\ud835\ude69\ud835\ude64 \ud835\ude62\u00e1\ud835\ude68 \ud835\ude68\ud835\ude5a\ud835\ude5c\ud835\ude6a\ud835\ude67\ud835\ude64 \ud835\ude58\ud835\ude64\ud835\ude63 \ud835\ude3e\u00e1\ud835\ude62\ud835\ude56\ud835\ude67\ud835\ude56 \ud835\ude4f\ud835\ude67\ud835\ude56\ud835\ude68\ud835\ude5a\ud835\ude67\ud835\ude56\u3011 Aparca con total confianza gracias a la c\u00e1mara trasera HD incluida. Al poner la marcha atr\u00e1s, ver\u00e1s autom\u00e1ticamente una imagen clara en la pantalla de tu sistema. Dise\u00f1ada para ser fiable en cualquier situaci\u00f3n, su visi\u00f3n nocturna y su resistencia al agua (lluvia o niebla) te ofrecen una vista trasera perfecta sin importar el clima<br \/>\n&#8211; \ud83d\ude95\u3010\ud835\ude49\ud835\ude56\ud835\ude6b\ud835\ude5a\ud835\ude5c\ud835\ude56\ud835\ude58\ud835\ude5e\u00f3\ud835\ude63 \ud835\ude5a\ud835\ude63 \ud835\ude4f\ud835\ude5e\ud835\ude5a\ud835\ude62\ud835\ude65\ud835\ude64 \ud835\ude4d\ud835\ude5a\ud835\ude56\ud835\ude61\u3011 Conduce con confianza con la pantalla Apple Carplay de 6,86 pulgadas, que proporciona un seguimiento preciso en tiempo real y la navegaci\u00f3n por mapas sin un segundo de retraso. S\u00e9 guiado por los altavoces de tu coche con navegaci\u00f3n de voz. Obt\u00e9n sugerencias de ruta en directo para atascos de tr\u00e1fico y cambios de carril para facilitar tu viaje. NOTA: La navegaci\u00f3n del mapa es compatible con una conexi\u00f3n exitosa<br \/>\n&#8211; \ud83c\udfa5\u3010\ud835\ude4d\ud835\ude5a\ud835\ude65\ud835\ude67\ud835\ude64\ud835\ude59\ud835\ude6a\ud835\ude58\ud835\ude5e\ud835\ude67 \ud835\ude51\u00ed\ud835\ude59\ud835\ude5a\ud835\ude64\ud835\ude68 \ud835\ude58\ud835\ude64\ud835\ude63 \ud835\ude3c\ud835\ude5e\ud835\ude67\ud835\ude65\ud835\ude61\ud835\ude56\ud835\ude6e \ud835\ude64 \ud835\ude3c\ud835\ude63\ud835\ude59\ud835\ude67\ud835\ude64\ud835\ude5e\ud835\ude59 \ud835\ude3e\ud835\ude56\ud835\ude68\ud835\ude69\u3011 La pantalla t\u00e1ctil Android Auto CarPlay de 6,86 pulgadas soporta el espejo perfecto de tel\u00e9fonos inteligentes para dispositivos Android e iOS. Con la conectividad Bluetooth mejorada, puedes sincronizar y transmitir f\u00e1cilmente v\u00eddeos de YouTube, TikTok y otras aplicaciones, perfecto para entretener a los ni\u00f1os en viajes largos<br \/>\n&#8211; \ud83d\udd0a\u3010\ud835\ude48\ud835\ude64\ud835\ude59\ud835\ude64 \ud835\ude59\ud835\ude5a \ud835\ude4e\ud835\ude56\ud835\ude61\ud835\ude5e\ud835\ude59\ud835\ude56 \ud835\ude59\ud835\ude5a \ud835\ude3c\ud835\ude6a\ud835\ude59\ud835\ude5e\ud835\ude64 \ud835\ude3c\ud835\ude58\ud835\ude69\ud835\ude6a\ud835\ude56\ud835\ude61\ud835\ude5e\ud835\ude6f\ud835\ude56\ud835\ude59\ud835\ude64\u3011 En comparaci\u00f3n con los dem\u00e1s, la pantalla de reproducci\u00f3n del coche de manzana LAMTTO agrega conexi\u00f3n Bluetooth a la funci\u00f3n del altavoz del coche, mejorando en gran medida la calidad de sonido del est\u00e9reo del coche. Para mayor flexibilidad, disfrute de su m\u00fasica y contenido favoritos a trav\u00e9s de m\u00faltiples opciones de salida, incluyendo AUX, transmisor FM y un altavoz incorporado<br \/>\n&#8211; \ud83d\udd0c\u3010\ud835\ude4b\ud835\ude61\ud835\ude6a\ud835\ude5c &amp; \ud835\ude4b\ud835\ude61\ud835\ude56\ud835\ude6e\u3011 Simplemente enchufa el encendedor de tu coche para obtener alimentaci\u00f3n instant\u00e1nea, sin cableado complejo ni desmontaje del tablero. El CarPlay port\u00e1til incluye un soporte autoadhesivo y un soporte de succi\u00f3n retr\u00e1ctil que se montan de forma segura en el parabrisas, el tablero o cualquier superficie lisa<br \/>\n&#8211; \ud83d\ude97\u3010\ud835\ude48\ud835\ude64\ud835\ude59\ud835\ude5a\ud835\ude61\ud835\ude64\ud835\ude68 \ud835\ude59\ud835\ude5a \ud835\ude3e\ud835\ude64\ud835\ude58\ud835\ude5d\ud835\ude5a\ud835\ude68 \ud835\ude44\ud835\ude63\ud835\ude58\ud835\ude64\ud835\ude62\ud835\ude65\ud835\ude56\ud835\ude69\ud835\ude5e\ud835\ude57\ud835\ude61\ud835\ude5a\ud835\ude68\u3011 T0yota; F0rd; H0nda; Volkswagen; V0lvo; S-eat; Re-nault; BM-W; Citr0\u00ebn; 0pel; Su-zuki; H0nda; Tri-umph; Ya-maha; Te-sla<br \/>\n&#8211; \ud83d\udcf1\u3010\ud835\ude48\ud835\ude64\ud835\ude59\ud835\ude5a\ud835\ude61\ud835\ude64\ud835\ude68 \ud835\ude59\ud835\ude5a \ud835\ude4f\ud835\ude5a\ud835\ude61\u00e9\ud835\ude5b\ud835\ude64\ud835\ude63\ud835\ude64 \ud835\ude44\ud835\ude63\ud835\ude58\ud835\ude64\ud835\ude62\ud835\ude65\ud835\ude56\ud835\ude69\ud835\ude5e\ud835\ude57\ud835\ude61\ud835\ude5a\ud835\ude68\u3011 iPh0ne: iPh0ne 6, iPh0ne 13 mini, iPh0ne 16; Sam-sung: Sam-sung Galaxy S23, Sam-sung Galaxy S24, Samsung S24 Ultra, Samsung S23 Ultra; M0torola: M0torola G Stylus 5G 2024; Tel\u00e9fonos de Hua-wei y Xiao-mi<\/p>\n","protected":false},"excerpt":{"rendered":"<p>LAMTTO Autoradio CarPlay Inal\u00e1mbrico y Coche Android, Radio CarPlay Port\u00e1til con Pantalla T\u00e1ctil de 6,86 Pulgadas, 1080P C\u00e1mara Trasera Bluetooth Navegaci\u00f3n\/Enlace Espejo\/Asistente de Voz\/FM\/AUX<br \/>#Publicidad <span class=\"read-more\"><a class=\"more-link btn btn-transparent\" href=\"https:\/\/rockkofertas.com.es\/index.php\/producto\/b0fbw56nv2\/\">Leer m\u00e1s&#8230;<\/a><\/span><\/p>\n","protected":false},"featured_media":7558,"comment_status":"open","ping_status":"closed","template":"","meta":[],"product_cat":[15],"product_tag":[],"class_list":{"0":"post-7559","1":"product","2":"type-product","3":"status-publish","4":"has-post-thumbnail","6":"product_cat-sin-categorizar","8":"first","9":"instock","10":"shipping-taxable","11":"product-type-external"},"_links":{"self":[{"href":"https:\/\/rockkofertas.com.es\/index.php\/wp-json\/wp\/v2\/product\/7559","targetHints":{"allow":["GET"]}}],"collection":[{"href":"https:\/\/rockkofertas.com.es\/index.php\/wp-json\/wp\/v2\/product"}],"about":[{"href":"https:\/\/rockkofertas.com.es\/index.php\/wp-json\/wp\/v2\/types\/product"}],"replies":[{"embeddable":true,"href":"https:\/\/rockkofertas.com.es\/index.php\/wp-json\/wp\/v2\/comments?post=7559"}],"wp:featuredmedia":[{"embeddable":true,"href":"https:\/\/rockkofertas.com.es\/index.php\/wp-json\/wp\/v2\/media\/7558"}],"wp:attachment":[{"href":"https:\/\/rockkofertas.com.es\/index.php\/wp-json\/wp\/v2\/media?parent=7559"}],"wp:term":[{"taxonomy":"product_cat","embeddable":true,"href":"https:\/\/rockkofertas.com.es\/index.php\/wp-json\/wp\/v2\/product_cat?post=7559"},{"taxonomy":"product_tag","embeddable":true,"href":"https:\/\/rockkofertas.com.es\/index.php\/wp-json\/wp\/v2\/product_tag?post=7559"}],"curies":[{"name":"wp","href":"https:\/\/api.w.org\/{rel}","templated":true}]}}