{"id":7389,"date":"2025-11-27T12:00:52","date_gmt":"2025-11-27T12:00:52","guid":{"rendered":"https:\/\/rockkofertas.com.es\/index.php\/producto\/b0ft32mjc7\/"},"modified":"2025-11-27T12:00:52","modified_gmt":"2025-11-27T12:00:52","slug":"b0ft32mjc7","status":"publish","type":"product","link":"https:\/\/rockkofertas.com.es\/index.php\/producto\/b0ft32mjc7\/","title":{"rendered":"B0FT32MJC7"},"content":{"rendered":"<p>&#8211; \ud83c\udfae\u3010Consola Retro Plug &amp; Play\u3011: Consola retro con 20.000+ juegos preinstalados + 2 mandos. Ideal para partidas familiares en el sof\u00e1 o noches de amigos.<br \/>\n&#8211; \ud83c\udfae\u3010Experiencia Arcade Multijugador\u3011: 2 mandos retro con conexi\u00f3n estable (8m alcance). Dise\u00f1o ergon\u00f3mico para largas sesiones de juego.<br \/>\n&#8211; \ud83c\udfae\u3010Game Stick HDMI 4K\u3011: Conexi\u00f3n HDMI a TV\/PC\/proyector. Resoluci\u00f3n optimizada para recrear la aut\u00e9ntica experiencia retro.<br \/>\n&#8211; \ud83c\udfae\u3010Configuraci\u00f3n Ultra-R\u00e1pida\u3011: 3 pasos: 1) Conectar HDMI 2) Insertar tarjeta microSD 3) Encender \u2192 \u00a1Listo en 60 segundos!<br \/>\n&#8211; \ud83c\udfae\u3010Nostalgia Port\u00e1til\u3011: Revive los cl\u00e1sicos 80\/90 en viajes\/fiestas. Compacta y ligera para gaming sobre la marcha.<\/p>\n","protected":false},"excerpt":{"rendered":"<p>NOBES Consola Retro Game Stick, Consola Port\u00e1til con 20.000+ Juegos Cl\u00e1sicos, 2 Mandos Inal\u00e1mbricos, Plug &amp; Play HDMI TV, Regalo para Familias y Adultos (Pro T1)<br \/>\n#Publicidad <span class=\"read-more\"><a class=\"more-link btn btn-transparent\" href=\"https:\/\/rockkofertas.com.es\/index.php\/producto\/b0ft32mjc7\/\">Leer m\u00e1s&#8230;<\/a><\/span><\/p>\n","protected":false},"featured_media":7388,"comment_status":"open","ping_status":"closed","template":"","meta":[],"product_cat":[15],"product_tag":[],"class_list":{"0":"post-7389","1":"product","2":"type-product","3":"status-publish","4":"has-post-thumbnail","6":"product_cat-sin-categorizar","8":"first","9":"instock","10":"shipping-taxable","11":"product-type-external"},"_links":{"self":[{"href":"https:\/\/rockkofertas.com.es\/index.php\/wp-json\/wp\/v2\/product\/7389","targetHints":{"allow":["GET"]}}],"collection":[{"href":"https:\/\/rockkofertas.com.es\/index.php\/wp-json\/wp\/v2\/product"}],"about":[{"href":"https:\/\/rockkofertas.com.es\/index.php\/wp-json\/wp\/v2\/types\/product"}],"replies":[{"embeddable":true,"href":"https:\/\/rockkofertas.com.es\/index.php\/wp-json\/wp\/v2\/comments?post=7389"}],"wp:featuredmedia":[{"embeddable":true,"href":"https:\/\/rockkofertas.com.es\/index.php\/wp-json\/wp\/v2\/media\/7388"}],"wp:attachment":[{"href":"https:\/\/rockkofertas.com.es\/index.php\/wp-json\/wp\/v2\/media?parent=7389"}],"wp:term":[{"taxonomy":"product_cat","embeddable":true,"href":"https:\/\/rockkofertas.com.es\/index.php\/wp-json\/wp\/v2\/product_cat?post=7389"},{"taxonomy":"product_tag","embeddable":true,"href":"https:\/\/rockkofertas.com.es\/index.php\/wp-json\/wp\/v2\/product_tag?post=7389"}],"curies":[{"name":"wp","href":"https:\/\/api.w.org\/{rel}","templated":true}]}}