{"id":7365,"date":"2025-11-26T22:21:27","date_gmt":"2025-11-26T22:21:27","guid":{"rendered":"https:\/\/rockkofertas.com.es\/index.php\/producto\/b0bgxnygz4\/"},"modified":"2025-11-26T22:21:27","modified_gmt":"2025-11-26T22:21:27","slug":"b0bgxnygz4","status":"publish","type":"product","link":"https:\/\/rockkofertas.com.es\/index.php\/producto\/b0bgxnygz4\/","title":{"rendered":"B0BGXNYGZ4"},"content":{"rendered":"<p>&#8211; Tempos VegaSilica. Valbuena, Pintia, Tokaj-Oremus, Ali\u00f3n, Mac\u00e1n<br \/>\n&#8211; Bodegas Vega Sicilia<br \/>\n&#8211; Env\u00edos en caja con protecci\u00f3n.<br \/>\n&#8211; Ribera del Duero, Toro, Rioja<br \/>\n&#8211; Vinos para regalo. Vino Tinto y Blanco<br \/>\n&#8211; Generaciones que han labrado una historia de ilusi\u00f3n y compromiso<br \/>\n&#8211; Cerrar Un pacto entre el cuidado de la tierra y el tiempo, para obtener lo m\u00e1ximo de la naturaleza.<br \/>\n&#8211; \u00abEl mejor vino siempre est\u00e1 por hacer\u00bb.<br \/>\n&#8211; Cerrar Vivir en armon\u00eda con la naturaleza, protegi\u00e9ndola y cuid\u00e1ndola para preservar su futuro.<\/p>\n","protected":false},"excerpt":{"rendered":"<p>Vega Sicilia &#8211; Env\u00edo 24H &#8211; Vino Regalo &#8211; Cosecha Privada (1 x Botella 75 cl, Oremus Madol\u00e1s)<br \/>#Publicidad <span class=\"read-more\"><a class=\"more-link btn btn-transparent\" href=\"https:\/\/rockkofertas.com.es\/index.php\/producto\/b0bgxnygz4\/\">Leer m\u00e1s&#8230;<\/a><\/span><\/p>\n","protected":false},"featured_media":7364,"comment_status":"open","ping_status":"closed","template":"","meta":[],"product_cat":[15],"product_tag":[],"class_list":{"0":"post-7365","1":"product","2":"type-product","3":"status-publish","4":"has-post-thumbnail","6":"product_cat-sin-categorizar","8":"first","9":"instock","10":"shipping-taxable","11":"product-type-external"},"_links":{"self":[{"href":"https:\/\/rockkofertas.com.es\/index.php\/wp-json\/wp\/v2\/product\/7365","targetHints":{"allow":["GET"]}}],"collection":[{"href":"https:\/\/rockkofertas.com.es\/index.php\/wp-json\/wp\/v2\/product"}],"about":[{"href":"https:\/\/rockkofertas.com.es\/index.php\/wp-json\/wp\/v2\/types\/product"}],"replies":[{"embeddable":true,"href":"https:\/\/rockkofertas.com.es\/index.php\/wp-json\/wp\/v2\/comments?post=7365"}],"wp:featuredmedia":[{"embeddable":true,"href":"https:\/\/rockkofertas.com.es\/index.php\/wp-json\/wp\/v2\/media\/7364"}],"wp:attachment":[{"href":"https:\/\/rockkofertas.com.es\/index.php\/wp-json\/wp\/v2\/media?parent=7365"}],"wp:term":[{"taxonomy":"product_cat","embeddable":true,"href":"https:\/\/rockkofertas.com.es\/index.php\/wp-json\/wp\/v2\/product_cat?post=7365"},{"taxonomy":"product_tag","embeddable":true,"href":"https:\/\/rockkofertas.com.es\/index.php\/wp-json\/wp\/v2\/product_tag?post=7365"}],"curies":[{"name":"wp","href":"https:\/\/api.w.org\/{rel}","templated":true}]}}