{"id":7341,"date":"2025-11-25T18:09:12","date_gmt":"2025-11-25T18:09:12","guid":{"rendered":"https:\/\/rockkofertas.com.es\/index.php\/producto\/b0dcvqhdc1-7\/"},"modified":"2025-11-25T18:09:12","modified_gmt":"2025-11-25T18:09:12","slug":"b0dcvqhdc1-7","status":"publish","type":"product","link":"https:\/\/rockkofertas.com.es\/index.php\/producto\/b0dcvqhdc1-7\/","title":{"rendered":"B0DCVQHDC1"},"content":{"rendered":"<p>&#8211; \ud83c\udf84\ud83d\udd25\u3010Android 14 y Procesador Octa-Core\u3011\ud83c\udf81\ud83d\udcafDEERTiME E6 tablet viene con la \u00faltima versi\u00f3n de Android 14 y un potente procesador octa-core, sumergi\u00e9ndote en un mundo de rendimiento sin igual.Disfruta de una multitarea fluida y velocidades de procesamiento m\u00e1s r\u00e1pidas para mantenerte eficiente y productivo durante todo el d\u00eda.El rendimiento optimizado del procesador octa-core garantiza una interfaz de usuario con gran capacidad de respuesta para iniciar aplicaciones r\u00e1pidamente y navegar con fluidez.<br \/>\n&#8211; \ud83c\udf84\ud83d\udd25\u30108000mAh Mega Bater\u00eda + Face ID + Widevine L1\u3011\ud83c\udf81\ud83d\udcafTablet 10 pulgadas con una capacidad de 8000 mAh Mega Bater\u00eda para un menor tiempo de carga y una mayor duraci\u00f3n de la bater\u00eda. Tambi\u00e9n es compatible con el reconocimiento facial, lo que le da un acceso r\u00e1pido y f\u00e1cil a su dispositivo. E6 es compatible con Widevine L1, para que puedas disfrutar de una experiencia con calidad de cine en cualquier momento y en cualquier lugar.<br \/>\n&#8211; \ud83c\udf84\ud83d\udd25\u301022GB RAM + 128GB ROM + 2TB Expandible\u3011\ud83c\udf81\ud83d\udcafAndroid 14 tablet viene con 22GB RAM (6GB+16GB ) y 128GB de ROM de alta velocidad.La tableta es compatible con todas las marcas de tarjetas Micro SD \/ TF de hasta 2TB, (s\u00f3lo tarjetas SD!!!) Le permite almacenar contenido multimedia como eBooks, fotos y videos, lo que facilita el uso de su tableta sin preocuparse por el espacio de almacenamiento.<br \/>\n&#8211; \ud83c\udf84\ud83d\udd25\u30102.4G\/5G Wi-Fi +Bluetooth 5.0+ GPS\u3011\ud83c\udf81\ud83d\udcafEl Wi-Fi de doble banda 2,4G\/5GHz de la tableta de 10,1 pulgadas ofrece una experiencia de Internet r\u00e1pida que permite conectarse a Internet en cualquier momento y lugar, a mayor velocidad, con m\u00e1s capacidad y menor latencia. La tableta cuenta con posicionamiento GPS preciso, admite Bluetooth 5.0 de alto rendimiento para una gran calidad de sonido a trav\u00e9s de los auriculares integrados, y viene con un conector de auriculares de 3,5 mm.<br \/>\n&#8211; \ud83c\udf84\ud83d\udd25\u30105 MP + 8 MP C\u00e1mara Dual &amp; 2 en 1 Tablet\u3011\ud83c\udf81\ud83d\udcafEsta tableta est\u00e1 equipada con una c\u00e1mara dual para satisfacer sus necesidades diarias de fotograf\u00eda y v\u00eddeo. Incluye accesorios como rat\u00f3n, teclado Bluetooth, funda protectora, cargador Type-C, protector de pantalla y manual de instrucciones.<\/p>\n","protected":false},"excerpt":{"rendered":"<p>2026 Newest Android 14 Tablet 10 Pulgadas, 22GB RAM+128GB ROM\/TF 2TB ,GPS ,5G+2.4G WiFi,Octa-Core 2.0GHz,8000mAh | Cuerpo Met\u00e1lico | Widevine L1 | GMS Tablet 2 en 1 con Teclado, Funda y Rat\u00f3n &#8211; Azul<br \/>#Publicidad <span class=\"read-more\"><a class=\"more-link btn btn-transparent\" href=\"https:\/\/rockkofertas.com.es\/index.php\/producto\/b0dcvqhdc1-7\/\">Leer m\u00e1s&#8230;<\/a><\/span><\/p>\n","protected":false},"featured_media":7340,"comment_status":"open","ping_status":"closed","template":"","meta":[],"product_cat":[15],"product_tag":[],"class_list":{"0":"post-7341","1":"product","2":"type-product","3":"status-publish","4":"has-post-thumbnail","6":"product_cat-sin-categorizar","8":"first","9":"instock","10":"shipping-taxable","11":"product-type-external"},"_links":{"self":[{"href":"https:\/\/rockkofertas.com.es\/index.php\/wp-json\/wp\/v2\/product\/7341","targetHints":{"allow":["GET"]}}],"collection":[{"href":"https:\/\/rockkofertas.com.es\/index.php\/wp-json\/wp\/v2\/product"}],"about":[{"href":"https:\/\/rockkofertas.com.es\/index.php\/wp-json\/wp\/v2\/types\/product"}],"replies":[{"embeddable":true,"href":"https:\/\/rockkofertas.com.es\/index.php\/wp-json\/wp\/v2\/comments?post=7341"}],"wp:featuredmedia":[{"embeddable":true,"href":"https:\/\/rockkofertas.com.es\/index.php\/wp-json\/wp\/v2\/media\/7340"}],"wp:attachment":[{"href":"https:\/\/rockkofertas.com.es\/index.php\/wp-json\/wp\/v2\/media?parent=7341"}],"wp:term":[{"taxonomy":"product_cat","embeddable":true,"href":"https:\/\/rockkofertas.com.es\/index.php\/wp-json\/wp\/v2\/product_cat?post=7341"},{"taxonomy":"product_tag","embeddable":true,"href":"https:\/\/rockkofertas.com.es\/index.php\/wp-json\/wp\/v2\/product_tag?post=7341"}],"curies":[{"name":"wp","href":"https:\/\/api.w.org\/{rel}","templated":true}]}}