{"id":7289,"date":"2025-11-23T22:40:43","date_gmt":"2025-11-23T22:40:43","guid":{"rendered":"https:\/\/rockkofertas.com.es\/index.php\/producto\/b0f43p57ry-2\/"},"modified":"2025-11-23T22:40:43","modified_gmt":"2025-11-23T22:40:43","slug":"b0f43p57ry-2","status":"publish","type":"product","link":"https:\/\/rockkofertas.com.es\/index.php\/producto\/b0f43p57ry-2\/","title":{"rendered":"B0F43P57RY"},"content":{"rendered":"<p>&#8211; C\u00e1mara 4K UHD: El dron para adultos est\u00e1 equipado con una c\u00e1mara Sony IMX175 4K (solo se utiliza el sensor de la c\u00e1mara, otros aspectos no est\u00e1n relacionados con Sony Corporation), que toma fotos en 3840 x 2160P, ofrece una experiencia \u00e9pica, captura im\u00e1genes m\u00e1s n\u00edtidas y te permite grabar cada aventura con una calidad impresionante. Con el ajuste motorizado de 45\u00b0, puedes encuadrar tus fotos a la perfecci\u00f3n y capturar momentos desde diferentes \u00e1ngulos.<br \/>\n&#8211; Transmisi\u00f3n WiFi 5G: El dron con motor sin escobillas tiene una funci\u00f3n de transmisi\u00f3n WiFi 5G, las im\u00e1genes capturadas por el dron se pueden transmitir a tu tel\u00e9fono m\u00f3vil a una velocidad muy r\u00e1pida, y puedes ver las vistas claras y fluidas capturadas por el dron desde el aire por primera vez. Tanto si quieres capturar hermosos paisajes como grabar momentos importantes, los drones te permiten disfrutar a\u00fan m\u00e1s de estas experiencias \u00fanicas.<br \/>\n&#8211; Retorno autom\u00e1tico por GPS: El dron RC est\u00e1 equipado con una funci\u00f3n GPS inteligente para garantizar un vuelo suave y preciso en todo momento. Cuando la bater\u00eda est\u00e1 baja, se pierde la se\u00f1al o se pulsa el bot\u00f3n de retorno, el dron con c\u00e1mara regresa autom\u00e1ticamente al punto de partida. Disfruta de la diversi\u00f3n de volar, mejora la experiencia de vuelo y no te preocupes por perder el dron.<br \/>\n&#8211; Funciones inteligentes: Los drones con c\u00e1mara est\u00e1n equipados con funciones inteligentes como S\u00edgueme, Vuelo por puntos de referencia y Vuelo circular. Deja que siga sin esfuerzo todos tus movimientos, capturando los \u00e1ngulos de tus aventuras de una manera precisa e innovadora. El dron con motor sin escobillas es el compa\u00f1ero ideal para todas tus actividades al aire libre, desde senderismo hasta ciclismo o monta\u00f1ismo, llevando tu fotograf\u00eda a nuevas alturas.<br \/>\n&#8211; Potentes motores sin escobillas: El dron GPS adopta motores sin escobillas de alta eficiencia, bajo ruido, larga vida \u00fatil y alta fiabilidad. El motor sin escobillas puede proporcionar una gran potencia al dron, lo que hace que su vuelo sea m\u00e1s estable y r\u00e1pido, y capaz de adaptarse a diversos entornos de vuelo complejos.<br \/>\n&#8211; Atenci\u00f3n al cliente: Nos comprometemos a ofrecerte un servicio de atenci\u00f3n al cliente profesional y amable para garantizar que tengas una gran experiencia con tu dron. No dudes en comunicarnos cualquier problema que encuentres al utilizar tu dron. Responderemos a tus preguntas y te proporcionaremos asistencia t\u00e9cnica en un plazo de 24 horas.<\/p>\n","protected":false},"excerpt":{"rendered":"<p>Toladrone Dron con C\u00e1mara 4K UHD para Adultos, Drone GPS con Motor sin Escobillas, Transmisi\u00f3n FPV 5G, Funci\u00f3n S\u00edgueme, Retorno Autom\u00e1tico, Drones para Principiantes TD31GPS<br \/>#Publicidad <span class=\"read-more\"><a class=\"more-link btn btn-transparent\" href=\"https:\/\/rockkofertas.com.es\/index.php\/producto\/b0f43p57ry-2\/\">Leer m\u00e1s&#8230;<\/a><\/span><\/p>\n","protected":false},"featured_media":7288,"comment_status":"open","ping_status":"closed","template":"","meta":[],"product_cat":[15],"product_tag":[],"class_list":{"0":"post-7289","1":"product","2":"type-product","3":"status-publish","4":"has-post-thumbnail","6":"product_cat-sin-categorizar","8":"first","9":"instock","10":"shipping-taxable","11":"product-type-external"},"_links":{"self":[{"href":"https:\/\/rockkofertas.com.es\/index.php\/wp-json\/wp\/v2\/product\/7289","targetHints":{"allow":["GET"]}}],"collection":[{"href":"https:\/\/rockkofertas.com.es\/index.php\/wp-json\/wp\/v2\/product"}],"about":[{"href":"https:\/\/rockkofertas.com.es\/index.php\/wp-json\/wp\/v2\/types\/product"}],"replies":[{"embeddable":true,"href":"https:\/\/rockkofertas.com.es\/index.php\/wp-json\/wp\/v2\/comments?post=7289"}],"wp:featuredmedia":[{"embeddable":true,"href":"https:\/\/rockkofertas.com.es\/index.php\/wp-json\/wp\/v2\/media\/7288"}],"wp:attachment":[{"href":"https:\/\/rockkofertas.com.es\/index.php\/wp-json\/wp\/v2\/media?parent=7289"}],"wp:term":[{"taxonomy":"product_cat","embeddable":true,"href":"https:\/\/rockkofertas.com.es\/index.php\/wp-json\/wp\/v2\/product_cat?post=7289"},{"taxonomy":"product_tag","embeddable":true,"href":"https:\/\/rockkofertas.com.es\/index.php\/wp-json\/wp\/v2\/product_tag?post=7289"}],"curies":[{"name":"wp","href":"https:\/\/api.w.org\/{rel}","templated":true}]}}