{"id":7257,"date":"2025-11-22T16:00:52","date_gmt":"2025-11-22T16:00:52","guid":{"rendered":"https:\/\/rockkofertas.com.es\/index.php\/producto\/b0ccxnz8mk\/"},"modified":"2025-11-22T16:00:52","modified_gmt":"2025-11-22T16:00:52","slug":"b0ccxnz8mk","status":"publish","type":"product","link":"https:\/\/rockkofertas.com.es\/index.php\/producto\/b0ccxnz8mk\/","title":{"rendered":"B0CCXNZ8MK"},"content":{"rendered":"<p>&#8211; HUAWEI WATCH FIT presenta un cuerpo ligero de tan solo 21 g y un grosor de tan solo 10,7 mm; su pantalla AMOLED con resoluci\u00f3n de p\u00edxeles a n\u00edtidos consigue una experiencia visual envolvente<br \/>\n&#8211; Dulces sue\u00f1os: el HUAWEI WATCH FIT ha optimizado la precisi\u00f3n del control del sue\u00f1o en un 10%, permitiendo as\u00ed comprobar la calidad y la m\u00e9trica multidimensional de tu sue\u00f1o directamente en el dispositivo; el de sue\u00f1o ofrece las funciones de no molestar y el ajuste de la hora<br \/>\n&#8211; GPS integrado: el GPS integrado puede realizar un seguimiento preciso de tus movimientos sin necesidad de un tel\u00e9fono; gracias a las mediciones precisas de velocidad y distancia de carrera, puedes correr con el compa\u00f1ero inteligente para alcanzar optimo tus objetivos de carrera<br \/>\n&#8211; Comun\u00edcate de la forma m\u00e1s c\u00f3moda posible: el HUAWEI WATCH FIT admite notificaciones de llamadas entrantes, as\u00ed como respuestas r\u00e1pidas a mensajes; experimenta una comunicaci\u00f3n fluida con un simple movimiento de mu\u00f1eca<br \/>\n&#8211; Compatible con otros dispositivos: el HUAWEI WATCH FIT funciona con smartphones iOS y Android<\/p>\n","protected":false},"excerpt":{"rendered":"<p>HUAWEI Watch FIT Special Edition, Pantalla AMOLED HD de 1,64 Pulgadas,Seguimiento Cient\u00edfico del Sue\u00f1o, GPS Integrado, Bater\u00eda Larga Duraci\u00f3n, Compatible con Android e iOS, Rosa+AP52<br \/>\n#Publicidad <span class=\"read-more\"><a class=\"more-link btn btn-transparent\" href=\"https:\/\/rockkofertas.com.es\/index.php\/producto\/b0ccxnz8mk\/\">Leer m\u00e1s&#8230;<\/a><\/span><\/p>\n","protected":false},"featured_media":7256,"comment_status":"open","ping_status":"closed","template":"","meta":[],"product_cat":[15],"product_tag":[],"class_list":{"0":"post-7257","1":"product","2":"type-product","3":"status-publish","4":"has-post-thumbnail","6":"product_cat-sin-categorizar","8":"first","9":"instock","10":"shipping-taxable","11":"product-type-external"},"_links":{"self":[{"href":"https:\/\/rockkofertas.com.es\/index.php\/wp-json\/wp\/v2\/product\/7257","targetHints":{"allow":["GET"]}}],"collection":[{"href":"https:\/\/rockkofertas.com.es\/index.php\/wp-json\/wp\/v2\/product"}],"about":[{"href":"https:\/\/rockkofertas.com.es\/index.php\/wp-json\/wp\/v2\/types\/product"}],"replies":[{"embeddable":true,"href":"https:\/\/rockkofertas.com.es\/index.php\/wp-json\/wp\/v2\/comments?post=7257"}],"wp:featuredmedia":[{"embeddable":true,"href":"https:\/\/rockkofertas.com.es\/index.php\/wp-json\/wp\/v2\/media\/7256"}],"wp:attachment":[{"href":"https:\/\/rockkofertas.com.es\/index.php\/wp-json\/wp\/v2\/media?parent=7257"}],"wp:term":[{"taxonomy":"product_cat","embeddable":true,"href":"https:\/\/rockkofertas.com.es\/index.php\/wp-json\/wp\/v2\/product_cat?post=7257"},{"taxonomy":"product_tag","embeddable":true,"href":"https:\/\/rockkofertas.com.es\/index.php\/wp-json\/wp\/v2\/product_tag?post=7257"}],"curies":[{"name":"wp","href":"https:\/\/api.w.org\/{rel}","templated":true}]}}