{"id":7249,"date":"2025-11-22T09:57:29","date_gmt":"2025-11-22T09:57:29","guid":{"rendered":"https:\/\/rockkofertas.com.es\/index.php\/producto\/b0fhv3b7qy\/"},"modified":"2025-11-22T09:57:29","modified_gmt":"2025-11-22T09:57:29","slug":"b0fhv3b7qy","status":"publish","type":"product","link":"https:\/\/rockkofertas.com.es\/index.php\/producto\/b0fhv3b7qy\/","title":{"rendered":"B0FHV3B7QY"},"content":{"rendered":"<p>&#8211; Con 3 tama\u00f1os diferentes, se adapta a distintas formas de los pies. Ayuda a los dedos a estirarse suavemente y mejora el confort al caminar.<br \/>\n&#8211; Fabricado con materiales suaves y de alta calidad, resulta agradable al tacto y no irrita la piel. Puede usarse durante mucho tiempo y es ideal para usar en casa o al salir.<br \/>\n&#8211; Su dise\u00f1o sencillo permite pon\u00e9rselo y quit\u00e1rselo f\u00e1cilmente, manteni\u00e9ndose fijo en los dedos. Combina perfectamente con calcetines o zapatos anchos sin molestar en tus movimientos.<br \/>\n&#8211; Nuestro dispositivo para los dedos ayuda a estirar y separar los dedos doblados, manteni\u00e9ndolos en su posici\u00f3n natural, favoreciendo una postura correcta al caminar o estar de pie.<br \/>\n&#8211; Ya sea descansando o durmiendo, ofrece un soporte constante y reduce la incomodidad causada por los dedos curvados.<\/p>\n","protected":false},"excerpt":{"rendered":"<p>Viexpand 3 Tama\u00f1os Diferentes Corrector de Dedos en Martillo,Enderezador Gel Blando, F\u00e9rulas para Dedo de Los Pies,C\u00f3modo de Llevar, Protector Dedos Pie, F\u00e1cil de Usar,Antideslizante (Transparente)<br \/>#Publicidad <span class=\"read-more\"><a class=\"more-link btn btn-transparent\" href=\"https:\/\/rockkofertas.com.es\/index.php\/producto\/b0fhv3b7qy\/\">Leer m\u00e1s&#8230;<\/a><\/span><\/p>\n","protected":false},"featured_media":7248,"comment_status":"open","ping_status":"closed","template":"","meta":[],"product_cat":[15],"product_tag":[],"class_list":{"0":"post-7249","1":"product","2":"type-product","3":"status-publish","4":"has-post-thumbnail","6":"product_cat-sin-categorizar","8":"first","9":"instock","10":"shipping-taxable","11":"product-type-external"},"_links":{"self":[{"href":"https:\/\/rockkofertas.com.es\/index.php\/wp-json\/wp\/v2\/product\/7249","targetHints":{"allow":["GET"]}}],"collection":[{"href":"https:\/\/rockkofertas.com.es\/index.php\/wp-json\/wp\/v2\/product"}],"about":[{"href":"https:\/\/rockkofertas.com.es\/index.php\/wp-json\/wp\/v2\/types\/product"}],"replies":[{"embeddable":true,"href":"https:\/\/rockkofertas.com.es\/index.php\/wp-json\/wp\/v2\/comments?post=7249"}],"wp:featuredmedia":[{"embeddable":true,"href":"https:\/\/rockkofertas.com.es\/index.php\/wp-json\/wp\/v2\/media\/7248"}],"wp:attachment":[{"href":"https:\/\/rockkofertas.com.es\/index.php\/wp-json\/wp\/v2\/media?parent=7249"}],"wp:term":[{"taxonomy":"product_cat","embeddable":true,"href":"https:\/\/rockkofertas.com.es\/index.php\/wp-json\/wp\/v2\/product_cat?post=7249"},{"taxonomy":"product_tag","embeddable":true,"href":"https:\/\/rockkofertas.com.es\/index.php\/wp-json\/wp\/v2\/product_tag?post=7249"}],"curies":[{"name":"wp","href":"https:\/\/api.w.org\/{rel}","templated":true}]}}