{"id":7237,"date":"2025-11-22T04:00:41","date_gmt":"2025-11-22T04:00:41","guid":{"rendered":"https:\/\/rockkofertas.com.es\/index.php\/producto\/b07zg3gvy9\/"},"modified":"2025-11-22T04:00:41","modified_gmt":"2025-11-22T04:00:41","slug":"b07zg3gvy9","status":"publish","type":"product","link":"https:\/\/rockkofertas.com.es\/index.php\/producto\/b07zg3gvy9\/","title":{"rendered":"B07ZG3GVY9"},"content":{"rendered":"<p>&#8211; CL\u00c1SICOS C\u00d3MODOS: Los pantalones de ch\u00e1ndal cuentan con un cord\u00f3n en la cintura y un bolsillo trasero y son muy c\u00f3modos. Los detalles distintivos de Tommy Hilfiger en el lateral y los bajos de canal\u00e9 completan el look de este pantal\u00f3n.<br \/>\n&#8211; AJUSTE PERFECTO: Pantal\u00f3n jogger original de Tommy Hilfiger de dise\u00f1o informal. Este pantal\u00f3n informal convence por su material suave y su corte cl\u00e1sico.<br \/>\n&#8211; ELEGANTE Y VERS\u00c1TIL: Los joggers de corte normal destacan por su corte c\u00f3modo ajuste y su confort m\u00e1ximo. Es perfecto para relajarse en casa o usar a diario.<br \/>\n&#8211; MATERIAL DE ALTA CALIDAD: C\u00f3modo pantal\u00f3n de ch\u00e1ndal confeccionado con 66 % algod\u00f3n org\u00e1nico y 34 % algod\u00f3n.<br \/>\n&#8211; CALIDAD DEMOSTRADA: Desde 1985, esta marca de dise\u00f1ador lleva demostrando por todo el mundo la calidad y la ligereza mediante una gran variedad de dise\u00f1os en los m\u00edticos colores azul oscuro, blanco y rojo.<\/p>\n","protected":false},"excerpt":{"rendered":"<p>Tommy Hilfiger Hombre Pantal\u00f3n de ch\u00e1ndal Jogger, Negro (Black), XXL<br \/>\n#Publicidad <span class=\"read-more\"><a class=\"more-link btn btn-transparent\" href=\"https:\/\/rockkofertas.com.es\/index.php\/producto\/b07zg3gvy9\/\">Leer m\u00e1s&#8230;<\/a><\/span><\/p>\n","protected":false},"featured_media":7236,"comment_status":"open","ping_status":"closed","template":"","meta":[],"product_cat":[15],"product_tag":[],"class_list":{"0":"post-7237","1":"product","2":"type-product","3":"status-publish","4":"has-post-thumbnail","6":"product_cat-sin-categorizar","8":"first","9":"instock","10":"shipping-taxable","11":"product-type-external"},"_links":{"self":[{"href":"https:\/\/rockkofertas.com.es\/index.php\/wp-json\/wp\/v2\/product\/7237","targetHints":{"allow":["GET"]}}],"collection":[{"href":"https:\/\/rockkofertas.com.es\/index.php\/wp-json\/wp\/v2\/product"}],"about":[{"href":"https:\/\/rockkofertas.com.es\/index.php\/wp-json\/wp\/v2\/types\/product"}],"replies":[{"embeddable":true,"href":"https:\/\/rockkofertas.com.es\/index.php\/wp-json\/wp\/v2\/comments?post=7237"}],"wp:featuredmedia":[{"embeddable":true,"href":"https:\/\/rockkofertas.com.es\/index.php\/wp-json\/wp\/v2\/media\/7236"}],"wp:attachment":[{"href":"https:\/\/rockkofertas.com.es\/index.php\/wp-json\/wp\/v2\/media?parent=7237"}],"wp:term":[{"taxonomy":"product_cat","embeddable":true,"href":"https:\/\/rockkofertas.com.es\/index.php\/wp-json\/wp\/v2\/product_cat?post=7237"},{"taxonomy":"product_tag","embeddable":true,"href":"https:\/\/rockkofertas.com.es\/index.php\/wp-json\/wp\/v2\/product_tag?post=7237"}],"curies":[{"name":"wp","href":"https:\/\/api.w.org\/{rel}","templated":true}]}}