{"id":7207,"date":"2025-11-21T09:30:00","date_gmt":"2025-11-21T09:30:00","guid":{"rendered":"https:\/\/rockkofertas.com.es\/index.php\/producto\/b0dscdf8bb\/"},"modified":"2025-11-21T09:30:00","modified_gmt":"2025-11-21T09:30:00","slug":"b0dscdf8bb","status":"publish","type":"product","link":"https:\/\/rockkofertas.com.es\/index.php\/producto\/b0dscdf8bb\/","title":{"rendered":"B0DSCDF8BB"},"content":{"rendered":"<p>&#8211; \u3010C\u00e1mara Instant\u00e1nea y Dibujo Creativo\u3011\u00a1La c\u00e1mara fotos infantil utiliza tecnolog\u00eda t\u00e9rmica ecol\u00f3gica para imprimir fotos en blanco y negro en solo 3 segundos! Incluye 4 rollos de papel libres de BPA + 5 rotuladores de colores + pegatinas de dibujos animados, permitiendo a los ni\u00f1os transformar cada foto en una obra de arte \u00fanica. Perfecta para desarrollar creatividad y motricidad fina (a partir de 3 a\u00f1os).<br \/>\n&#8211; \u3010C\u00e1mara Ni\u00f1os Multifunci\u00f3n\u3011Esta c\u00e1mara de fotos instant\u00e1neas cuenta con una pantalla de 2.4 pulgadas y est\u00e1 equipada con m\u00faltiples funciones \u00fatiles: sacar fotos, grabar v\u00eddeos 1080p, time-lapse, zoom 16X, flash, marcos y filtros divertidos, juegos educativos y reproductor MP3. \u00a1Perfecta para estimular la creatividad y el aprendizaje de los ni\u00f1os!<br \/>\n&#8211; \u3010Amplia Memoria y Bater\u00eda de Larga Duraci\u00f3n\u3011La c\u00e1mara de fotos ni\u00f1os utiliza carga USB Type-C para una recarga ultrarr\u00e1pida. Con bater\u00eda integrada de 1000mAh (4 horas de autonom\u00eda) y apagado autom\u00e1tico inteligente, garantiza un rendimiento \u00f3ptimo. \u00a1Incluye tarjeta SD de 32GB preinstalada para almacenar hasta 5000 fotos de los momentos m\u00e1s preciados!<br \/>\n&#8211; \u3010El Mejor Regalo para Ni\u00f1os\u3011Perfecta para cumplea\u00f1os, comuniones y regalos de Navidad para 3-12 a\u00f1os. Los ni\u00f1os desarrollan capacidad de observaci\u00f3n explorando el mundo a trav\u00e9s de la lente, estimulan la creatividad con fotos para colorear y comparten momentos preciosos en familia. \u00a1Un regalo que combina aprendizaje, diversi\u00f3n y cari\u00f1o!<br \/>\n&#8211; \u3010Seguro y Listo para Usar\u3011Equipada con una correa antip\u00e9rdida con dise\u00f1o infantil, \u00a1ideal para excursiones y aventuras! La c\u00e1mara de fotos con impresi\u00f3n instant\u00e1nea y kit completo permite crear en cualquier lugar. Materiales seguros y certificados para la infancia. Incluye: manual multiling\u00fce claro + 18 meses de garant\u00eda con asistencia al cliente dedicada.<\/p>\n","protected":false},"excerpt":{"rendered":"<p>C\u00e1mara de Fotos Infantil Instant\u00e1neas &#8211; 1080P 2.4&#8243; C\u00e1mara Selfie Instant\u00e1nea para Ni\u00f1os con Papel de Impresi\u00f3n y Tarjeta 32GB, Juguete Regalo Navidad para Ni\u00f1o y Ni\u00f1a de 3 a 12 A\u00f1os (Morado)<br \/>#Publicidad <span class=\"read-more\"><a class=\"more-link btn btn-transparent\" href=\"https:\/\/rockkofertas.com.es\/index.php\/producto\/b0dscdf8bb\/\">Leer m\u00e1s&#8230;<\/a><\/span><\/p>\n","protected":false},"featured_media":7206,"comment_status":"open","ping_status":"closed","template":"","meta":[],"product_cat":[15],"product_tag":[],"class_list":{"0":"post-7207","1":"product","2":"type-product","3":"status-publish","4":"has-post-thumbnail","6":"product_cat-sin-categorizar","8":"first","9":"instock","10":"shipping-taxable","11":"product-type-external"},"_links":{"self":[{"href":"https:\/\/rockkofertas.com.es\/index.php\/wp-json\/wp\/v2\/product\/7207","targetHints":{"allow":["GET"]}}],"collection":[{"href":"https:\/\/rockkofertas.com.es\/index.php\/wp-json\/wp\/v2\/product"}],"about":[{"href":"https:\/\/rockkofertas.com.es\/index.php\/wp-json\/wp\/v2\/types\/product"}],"replies":[{"embeddable":true,"href":"https:\/\/rockkofertas.com.es\/index.php\/wp-json\/wp\/v2\/comments?post=7207"}],"wp:featuredmedia":[{"embeddable":true,"href":"https:\/\/rockkofertas.com.es\/index.php\/wp-json\/wp\/v2\/media\/7206"}],"wp:attachment":[{"href":"https:\/\/rockkofertas.com.es\/index.php\/wp-json\/wp\/v2\/media?parent=7207"}],"wp:term":[{"taxonomy":"product_cat","embeddable":true,"href":"https:\/\/rockkofertas.com.es\/index.php\/wp-json\/wp\/v2\/product_cat?post=7207"},{"taxonomy":"product_tag","embeddable":true,"href":"https:\/\/rockkofertas.com.es\/index.php\/wp-json\/wp\/v2\/product_tag?post=7207"}],"curies":[{"name":"wp","href":"https:\/\/api.w.org\/{rel}","templated":true}]}}