{"id":7193,"date":"2025-11-20T20:03:38","date_gmt":"2025-11-20T20:03:38","guid":{"rendered":"https:\/\/rockkofertas.com.es\/index.php\/producto\/b0fnwb157k\/"},"modified":"2025-11-20T20:03:38","modified_gmt":"2025-11-20T20:03:38","slug":"b0fnwb157k","status":"publish","type":"product","link":"https:\/\/rockkofertas.com.es\/index.php\/producto\/b0fnwb157k\/","title":{"rendered":"B0FNWB157K"},"content":{"rendered":"<p>&#8211; Conducir eficazmente a los animales lejanos: los dispositivos disuasorios para animales est\u00e1n dise\u00f1ados con fuertes luces rojas intermitentes, que estimulan la llama roja o los ojos de los depredadores aterradores para enga\u00f1ar y ahuyentar a la mayor\u00eda de los invasores lejos de su \u00e1rea, para proteger su jard\u00edn, patio, granja, campos de verduras, cubos de basura, aves, gatos, perros, mascotas, pollos y conejos de los ataques.<br \/>\n&#8211; \u3010Control autom\u00e1tico\u3011La bater\u00eda solar se carga durante el d\u00eda para proteger las propiedades y el ganado de animales nocturnos no deseados como coyotes, mapaches, zorros, zorros, lobos, ciervos, pumas y gatos.<br \/>\n&#8211; Impermeable y garant\u00eda de calidad: sacar la pieza de pl\u00e1stico aislante transparente en la parte posterior de la unidad antes de cargarla. Este repelente es adecuado para todas las condiciones clim\u00e1ticas. No requiere instalaci\u00f3n ni mantenimiento.<br \/>\n&#8211; \u3010Disuasorio nocturno mejorado, potente y eficaz\u3011El repelente solar para animales nocturnos con 2 luces estrobosc\u00f3picas de gran tama\u00f1o. Las luces estrobosc\u00f3picas rojas constantes ahuyentar\u00e1n a ciervos, coyotes, mapaches, zorros y otros animales depredadores del \u00e1rea de cobertura. Est\u00e1 aumentando significativamente su efectividad para disuadir a las plagas nocturnas<br \/>\n&#8211; \u3010F\u00e1cil de usar\u3011Pulsa el bot\u00f3n de encendido y enciende la unidad. Monte la unidad dependiendo de la altura del ojo del depredador que desea desalentar. La unidad se enciende al anochecer, se apaga autom\u00e1ticamente al amanecer. Cuando funciona, dos LED rojos parpadean en una frecuencia, como una llama roja.<\/p>\n","protected":false},"excerpt":{"rendered":"<p>Repelente Solar para Animales al Aire Libre, Repelente Gatos,Ahuyentador para Gatos luz Solar depredador con Luces LED Rojas estrobosc\u00f3picas, Deterrent para Ciervo, Coyote,Perros, Zorros<br \/>#Publicidad <span class=\"read-more\"><a class=\"more-link btn btn-transparent\" href=\"https:\/\/rockkofertas.com.es\/index.php\/producto\/b0fnwb157k\/\">Leer m\u00e1s&#8230;<\/a><\/span><\/p>\n","protected":false},"featured_media":7192,"comment_status":"open","ping_status":"closed","template":"","meta":[],"product_cat":[15],"product_tag":[],"class_list":{"0":"post-7193","1":"product","2":"type-product","3":"status-publish","4":"has-post-thumbnail","6":"product_cat-sin-categorizar","8":"first","9":"instock","10":"shipping-taxable","11":"product-type-external"},"_links":{"self":[{"href":"https:\/\/rockkofertas.com.es\/index.php\/wp-json\/wp\/v2\/product\/7193","targetHints":{"allow":["GET"]}}],"collection":[{"href":"https:\/\/rockkofertas.com.es\/index.php\/wp-json\/wp\/v2\/product"}],"about":[{"href":"https:\/\/rockkofertas.com.es\/index.php\/wp-json\/wp\/v2\/types\/product"}],"replies":[{"embeddable":true,"href":"https:\/\/rockkofertas.com.es\/index.php\/wp-json\/wp\/v2\/comments?post=7193"}],"wp:featuredmedia":[{"embeddable":true,"href":"https:\/\/rockkofertas.com.es\/index.php\/wp-json\/wp\/v2\/media\/7192"}],"wp:attachment":[{"href":"https:\/\/rockkofertas.com.es\/index.php\/wp-json\/wp\/v2\/media?parent=7193"}],"wp:term":[{"taxonomy":"product_cat","embeddable":true,"href":"https:\/\/rockkofertas.com.es\/index.php\/wp-json\/wp\/v2\/product_cat?post=7193"},{"taxonomy":"product_tag","embeddable":true,"href":"https:\/\/rockkofertas.com.es\/index.php\/wp-json\/wp\/v2\/product_tag?post=7193"}],"curies":[{"name":"wp","href":"https:\/\/api.w.org\/{rel}","templated":true}]}}