{"id":7179,"date":"2025-11-20T18:58:19","date_gmt":"2025-11-20T18:58:19","guid":{"rendered":"https:\/\/rockkofertas.com.es\/index.php\/producto\/b0fn4j3pt6-2\/"},"modified":"2025-11-20T18:58:19","modified_gmt":"2025-11-20T18:58:19","slug":"b0fn4j3pt6-2","status":"publish","type":"product","link":"https:\/\/rockkofertas.com.es\/index.php\/producto\/b0fn4j3pt6-2\/","title":{"rendered":"B0FN4J3PT6"},"content":{"rendered":"<p>&#8211; \u3010Tableta Android 15 y Procesador Octa-Core\u3011La tableta Android 15 para ni\u00f1os es inteligente, fluida y segura, con velocidades de inicio de aplicaciones m\u00e1s r\u00e1pidas, multitarea m\u00e1s fluida y funciones de protecci\u00f3n de la privacidad mejoradas. Est\u00e1 equipada con una nueva generaci\u00f3n de procesador octa-core ultraeficiente y tecnolog\u00eda de bajo consumo de 2,0 GHz para garantizar un rendimiento fluido durante el trabajo y la reproducci\u00f3n de medios en streaming.<br \/>\n&#8211; \u3010Gemini AI y Controles Parentales\u3011 La tableta educativa E11 para ni\u00f1os inspira el aprendizaje y la creatividad, y ofrece un funcionamiento f\u00e1cil de usar junto con un contenido rico y atractivo. Equipada con controles parentales completos, permite a los padres gestionar de forma eficaz los h\u00e1bitos de uso de sus hijos. Gracias a la tecnolog\u00eda Gemini AI, funciona de forma m\u00e1s inteligente y aut\u00f3noma, lo que convierte al dispositivo en un verdadero compa\u00f1ero.<br \/>\n&#8211; \u301012 GB de RAM y 32 GB de ROM (2 TB TF)\u3011La tableta para ni\u00f1os E11 est\u00e1 equipada con una potente combinaci\u00f3n de almacenamiento, que incluye 12 GB de memoria (6 GB + 6 GB virtuales) y 32 GB de ROM, lo que proporciona una experiencia de funcionamiento fluida y una r\u00e1pida velocidad de respuesta. Es ideal para el aprendizaje y el entretenimiento. Adem\u00e1s, se puede ampliar a 2 TB mediante una tarjeta SD para disponer de m\u00e1s espacio de almacenamiento. (Nota: solo es compatible con tarjetas SD, no admite tarjetas SIM).<br \/>\n&#8211; \u3010Bater\u00eda de 5000 mAh y Pantalla HD de 9 Pulgadas\u3011 La tableta est\u00e1 equipada con una bater\u00eda de alta capacidad de 5000 mAh que admite el funcionamiento simult\u00e1neo de m\u00faltiples programas de software. Esta bater\u00eda proporciona una energ\u00eda duradera, satisfaciendo las necesidades de uso durante todo el d\u00eda y reduciendo la necesidad de recargas frecuentes. Adem\u00e1s, la pantalla de alta definici\u00f3n de 9 pulgadas puede mostrar m\u00e1s contenido al tiempo que proporciona im\u00e1genes realistas y detalles n\u00edtidos.<br \/>\n&#8211; \u3010WiFi 6\/5G + 2,4G Wi-Fi y 8+5 MP\u3011 La tableta para ni\u00f1os de 9 pulgadas es compatible con la tecnolog\u00eda 5G Wi-Fi 6 y est\u00e1 equipada con Wi-Fi de doble banda 5G y 2,4G, lo que permite un cambio de red inteligente para una conexi\u00f3n a Internet m\u00e1s r\u00e1pida y estable. Tambi\u00e9n cuenta con una c\u00e1mara frontal de 5 MP para satisfacer tus necesidades b\u00e1sicas de videollamadas y selfies. La c\u00e1mara trasera de 8 MP es ideal para capturar documentos, fotos cotidianas y v\u00eddeos personales.<br \/>\n&#8211; \u3010Widevine L1+GMS y Funda de EVA\u3011La tableta DEERTiME, certificada con Widevine L1 y GMS, garantiza una reproducci\u00f3n fluida de contenidos educativos en 4K para ni\u00f1os y v\u00eddeos cl\u00e1sicos para personas mayores. Tambi\u00e9n permite descargar directamente el software necesario desde la tienda. La funda de EVA, ecol\u00f3gica, resistente a los golpes y antideslizante, admite una rotaci\u00f3n de 180\u00b0, lo que permite colocarla en cualquier \u00e1ngulo para una visualizaci\u00f3n \u00f3ptima.<\/p>\n","protected":false},"excerpt":{"rendered":"<p>Tablet Para Ni\u00f1os 9 Pulgadas Android 15 Gemini AI, 12GB RAM+32GB ROM(TF 1TB),Octa-Core, 5G WiFi 6, GMS Certified, BT 5.0, 8+5MP, 5000mAh,Widevine L1,BT5.0,Control Parental Tablet con EVA Funda-Morado<br \/>#Publicidad <span class=\"read-more\"><a class=\"more-link btn btn-transparent\" href=\"https:\/\/rockkofertas.com.es\/index.php\/producto\/b0fn4j3pt6-2\/\">Leer m\u00e1s&#8230;<\/a><\/span><\/p>\n","protected":false},"featured_media":7178,"comment_status":"open","ping_status":"closed","template":"","meta":[],"product_cat":[15],"product_tag":[],"class_list":{"0":"post-7179","1":"product","2":"type-product","3":"status-publish","4":"has-post-thumbnail","6":"product_cat-sin-categorizar","8":"first","9":"instock","10":"shipping-taxable","11":"product-type-external"},"_links":{"self":[{"href":"https:\/\/rockkofertas.com.es\/index.php\/wp-json\/wp\/v2\/product\/7179","targetHints":{"allow":["GET"]}}],"collection":[{"href":"https:\/\/rockkofertas.com.es\/index.php\/wp-json\/wp\/v2\/product"}],"about":[{"href":"https:\/\/rockkofertas.com.es\/index.php\/wp-json\/wp\/v2\/types\/product"}],"replies":[{"embeddable":true,"href":"https:\/\/rockkofertas.com.es\/index.php\/wp-json\/wp\/v2\/comments?post=7179"}],"wp:featuredmedia":[{"embeddable":true,"href":"https:\/\/rockkofertas.com.es\/index.php\/wp-json\/wp\/v2\/media\/7178"}],"wp:attachment":[{"href":"https:\/\/rockkofertas.com.es\/index.php\/wp-json\/wp\/v2\/media?parent=7179"}],"wp:term":[{"taxonomy":"product_cat","embeddable":true,"href":"https:\/\/rockkofertas.com.es\/index.php\/wp-json\/wp\/v2\/product_cat?post=7179"},{"taxonomy":"product_tag","embeddable":true,"href":"https:\/\/rockkofertas.com.es\/index.php\/wp-json\/wp\/v2\/product_tag?post=7179"}],"curies":[{"name":"wp","href":"https:\/\/api.w.org\/{rel}","templated":true}]}}