{"id":7149,"date":"2025-11-19T11:37:28","date_gmt":"2025-11-19T11:37:28","guid":{"rendered":"https:\/\/rockkofertas.com.es\/index.php\/producto\/b0fnmjlccw\/"},"modified":"2025-11-19T11:37:28","modified_gmt":"2025-11-19T11:37:28","slug":"b0fnmjlccw","status":"publish","type":"product","link":"https:\/\/rockkofertas.com.es\/index.php\/producto\/b0fnmjlccw\/","title":{"rendered":"B0FNMJLCCW"},"content":{"rendered":"<p>&#8211; \u260e\ufe0fVideollamadas 4G HD: Dise\u00f1ada con compatibilidad completa 4G, la nueva generaci\u00f3n de reloj inteligente ni\u00f1os ofrece videollamadas HD fluidas, chat de voz y funci\u00f3n de llamadas telef\u00f3nicas. Al insertar una tarjeta SIM 4G, permite realizar y recibir llamadas, y guardar hasta 15 contactos frecuentes. Los padres gestionan los contactos mediante una app exclusiva, bloquean llamadas desconocidas y garantizan la seguridad, manteniendo a los ni\u00f1os conectados con la familia.<br \/>\n&#8211; \ud83c\udf0fLocalizaci\u00f3n en tiempo real y Zona segura: Reloj inteligente ni\u00f1o combinando los sistemas de localizaci\u00f3n GPS y LBS, los padres pueden ver la ubicaci\u00f3n del ni\u00f1o en tiempo real a trav\u00e9s de la aplicaci\u00f3n Setracker2. Se puede personalizar el \u00e1rea de seguridad; una vez que el ni\u00f1o sale de esta zona, los padres reciben inmediatamente una alerta. Hay tres modos de mapa disponibles para un posicionamiento m\u00e1s preciso, brindando una cobertura completa y garantizando la seguridad de su hijo las 24 horas.<br \/>\n&#8211; \ud83c\udd98Llamada de emergencia SOS con un bot\u00f3n: En caso de peligro o necesidad urgente de ayuda, el ni\u00f1o solo debe mantener presionado el bot\u00f3n SOS durante 2 segundos. El smartwatch ni\u00f1os llamar\u00e1 autom\u00e1ticamente y de forma repetida a los 3 contactos de emergencia preestablecidos hasta que la llamada sea contestada. Esta funci\u00f3n asegura que el ni\u00f1o reciba asistencia inmediata en caso de extrav\u00edo, lesi\u00f3n o accidente, brindando tranquilidad a los padres.<br \/>\n&#8211; \ud83c\udfebModelo escolar: Los padres pueden personalizar tres per\u00edodos de tiempo para activar el modo clase. Una vez activado, el reloj solo muestra la hora y bloquea autom\u00e1ticamente todos los mensajes y llamadas, evitando distracciones en clase. Este reloj inteligente ni\u00f1os inteligente se enfoca en mejorar la eficiencia en el aprendizaje, ayuda al ni\u00f1o a cultivar la concentraci\u00f3n, haciendo el tiempo de clase m\u00e1s eficiente y enfocado.<br \/>\n&#8211; \ud83c\udfaeJuegos educativos: Reloj ni\u00f1o integra 7 juegos educativos cuidadosamente desarrollados para mejorar integralmente la velocidad de reacci\u00f3n, el pensamiento l\u00f3gico y la creatividad del ni\u00f1o. El juego y la educaci\u00f3n se combinan, permitiendo al ni\u00f1o explorar el conocimiento a trav\u00e9s de la interacci\u00f3n l\u00fadica y crecer felizmente. Una gesti\u00f3n razonable del tiempo de juego permite relajarse y tambi\u00e9n puede estimular el inter\u00e9s por el aprendizaje aut\u00f3nomo.<br \/>\n&#8211; \ud83d\udc69\u200d\u2764\ufe0f\u200d\ud83d\udc68Funci\u00f3n de pod\u00f3metro y Recompensas de coraz\u00f3n: Smartwatch ni\u00f1os equipado con un pod\u00f3metro que registra inteligentemente la actividad diaria, anima al ni\u00f1o a participar activamente en el deporte y cultivar h\u00e1bitos de vida saludables. Los padres tambi\u00e9n pueden enviar \u00abcorazones de aliento\u00bb a trav\u00e9s de la APP para interactuar c\u00e1lidamente con el ni\u00f1o, registrar los momentos de crecimiento, acompa\u00f1arlo en su progreso y compartir buenos momentos familiares.<\/p>\n","protected":false},"excerpt":{"rendered":"<p>SWGOTA 4G Reloj Inteligente Ni\u00f1o con GPS y Tel\u00e9fono, Smartwatch Ni\u00f1os con Videollamadas, Mensajes, Modo Escuela, SOS, IP68 Impermeable, Despertador, Pod\u00f3metro &#8211; Regalo Ideal para Ni\u00f1os y Ni\u00f1as (Rosa)<br \/>#Publicidad <span class=\"read-more\"><a class=\"more-link btn btn-transparent\" href=\"https:\/\/rockkofertas.com.es\/index.php\/producto\/b0fnmjlccw\/\">Leer m\u00e1s&#8230;<\/a><\/span><\/p>\n","protected":false},"featured_media":7148,"comment_status":"open","ping_status":"closed","template":"","meta":[],"product_cat":[15],"product_tag":[],"class_list":{"0":"post-7149","1":"product","2":"type-product","3":"status-publish","4":"has-post-thumbnail","6":"product_cat-sin-categorizar","8":"first","9":"instock","10":"shipping-taxable","11":"product-type-external"},"_links":{"self":[{"href":"https:\/\/rockkofertas.com.es\/index.php\/wp-json\/wp\/v2\/product\/7149","targetHints":{"allow":["GET"]}}],"collection":[{"href":"https:\/\/rockkofertas.com.es\/index.php\/wp-json\/wp\/v2\/product"}],"about":[{"href":"https:\/\/rockkofertas.com.es\/index.php\/wp-json\/wp\/v2\/types\/product"}],"replies":[{"embeddable":true,"href":"https:\/\/rockkofertas.com.es\/index.php\/wp-json\/wp\/v2\/comments?post=7149"}],"wp:featuredmedia":[{"embeddable":true,"href":"https:\/\/rockkofertas.com.es\/index.php\/wp-json\/wp\/v2\/media\/7148"}],"wp:attachment":[{"href":"https:\/\/rockkofertas.com.es\/index.php\/wp-json\/wp\/v2\/media?parent=7149"}],"wp:term":[{"taxonomy":"product_cat","embeddable":true,"href":"https:\/\/rockkofertas.com.es\/index.php\/wp-json\/wp\/v2\/product_cat?post=7149"},{"taxonomy":"product_tag","embeddable":true,"href":"https:\/\/rockkofertas.com.es\/index.php\/wp-json\/wp\/v2\/product_tag?post=7149"}],"curies":[{"name":"wp","href":"https:\/\/api.w.org\/{rel}","templated":true}]}}