{"id":7133,"date":"2025-11-19T06:52:28","date_gmt":"2025-11-19T06:52:28","guid":{"rendered":"https:\/\/rockkofertas.com.es\/index.php\/producto\/b0ccpj51zq\/"},"modified":"2025-11-19T06:52:28","modified_gmt":"2025-11-19T06:52:28","slug":"b0ccpj51zq","status":"publish","type":"product","link":"https:\/\/rockkofertas.com.es\/index.php\/producto\/b0ccpj51zq\/","title":{"rendered":"B0CCPJ51ZQ"},"content":{"rendered":"<p>&#8211; \ud83e\uddb6 BANDA EL\u00c1STICA ANTI-JUANETES: Nuestro producto incluye una banda abductora dise\u00f1ada para corregir los juanetes y alinear los dedos me\u00f1iques superpuestos. Adem\u00e1s, dentro del embalaje, encontrar\u00e1s un c\u00f3digo QR que te llevar\u00e1 a nuestra video-gu\u00eda de entrenamiento, donde te ense\u00f1aremos ejercicios y estiramientos para aprender a utilizarla.<br \/>\n&#8211; \ud83c\udf3f ALIVIO DEL DOLOR: Nuestros separadores de dedos se han dise\u00f1ado para liberar la presi\u00f3n de nuestros pies, mejorando la circulaci\u00f3n sangu\u00ednea y la oxigenaci\u00f3n de nuestros dedos. Utilizar nuestros separadores favorecer\u00e1 la adquisici\u00f3n de una pisada m\u00e1s saludable y una mejor postura corporal.<br \/>\n&#8211; \ud83d\udd04 ENDEREZA DEDOS TORCIDOS: Los juanetes, dedos superpuestos, dedos en garra o martillo, son a menudo, el resultado de llevar a\u00f1os utilizando calzado restrictivo y adoptando una mala forma de caminar. Restore Feet, ofrece la soluci\u00f3n perfecta para ayudarte a estirar los tejidos conectivos acortados de tus pies, permiti\u00e9ndoles as\u00ed, recuperar su forma y amplitud de movimiento natural.<br \/>\n&#8211; \ud83e\uddea ADECUADO PARA TODAS LAS TALLAS: Gracias al material de silicona m\u00e9dica y polvo de talco, permite ser utilizado en todas las tallas comprendidas entre la 34 de mujer y la 46 de hombre. Material 100% Silicona M\u00e9dica y polvo de talco. Contiene 0% de BPA.<br \/>\n&#8211; \ud83c\udfa5 V\u00cdDEO-GU\u00cdA INCLU\u00cdDA : Como muestra de nuestro agradecimiento, cada producto incluye una tarjeta especial con un c\u00f3digo QR, que te llevar\u00e1 a nuestra v\u00eddeo-gu\u00eda completa. En ella, te ense\u00f1aremos ejercicios y estiramientos espec\u00edficos para utilizar con nuestros separadores de dedos, y ayudarte as\u00ed, a recuperar unos pies sanos, fuertes y bonitos.<\/p>\n","protected":false},"excerpt":{"rendered":"<p>RestoreFeet Separadores de Dedos de los Pies, (2 pares) + Banda Anti-Juanetes para Enderezar los dedos Torcidos o Superpuestos &#8211; Separador dedos pie, corrector de dedos, 0% BPA<br \/>#Publicidad <span class=\"read-more\"><a class=\"more-link btn btn-transparent\" href=\"https:\/\/rockkofertas.com.es\/index.php\/producto\/b0ccpj51zq\/\">Leer m\u00e1s&#8230;<\/a><\/span><\/p>\n","protected":false},"featured_media":7132,"comment_status":"open","ping_status":"closed","template":"","meta":[],"product_cat":[15],"product_tag":[],"class_list":{"0":"post-7133","1":"product","2":"type-product","3":"status-publish","4":"has-post-thumbnail","6":"product_cat-sin-categorizar","8":"first","9":"instock","10":"shipping-taxable","11":"product-type-external"},"_links":{"self":[{"href":"https:\/\/rockkofertas.com.es\/index.php\/wp-json\/wp\/v2\/product\/7133","targetHints":{"allow":["GET"]}}],"collection":[{"href":"https:\/\/rockkofertas.com.es\/index.php\/wp-json\/wp\/v2\/product"}],"about":[{"href":"https:\/\/rockkofertas.com.es\/index.php\/wp-json\/wp\/v2\/types\/product"}],"replies":[{"embeddable":true,"href":"https:\/\/rockkofertas.com.es\/index.php\/wp-json\/wp\/v2\/comments?post=7133"}],"wp:featuredmedia":[{"embeddable":true,"href":"https:\/\/rockkofertas.com.es\/index.php\/wp-json\/wp\/v2\/media\/7132"}],"wp:attachment":[{"href":"https:\/\/rockkofertas.com.es\/index.php\/wp-json\/wp\/v2\/media?parent=7133"}],"wp:term":[{"taxonomy":"product_cat","embeddable":true,"href":"https:\/\/rockkofertas.com.es\/index.php\/wp-json\/wp\/v2\/product_cat?post=7133"},{"taxonomy":"product_tag","embeddable":true,"href":"https:\/\/rockkofertas.com.es\/index.php\/wp-json\/wp\/v2\/product_tag?post=7133"}],"curies":[{"name":"wp","href":"https:\/\/api.w.org\/{rel}","templated":true}]}}